{"id":105,"date":"2023-04-29T09:12:58","date_gmt":"2023-04-29T07:12:58","guid":{"rendered":"http:\/\/saint-germain.us\/?page_id=105"},"modified":"2023-08-14T14:04:52","modified_gmt":"2023-08-14T12:04:52","slug":"p41","status":"publish","type":"page","link":"https:\/\/saint-germain.us\/index.php\/p41\/","title":{"rendered":"P41"},"content":{"rendered":"\n<h2 class=\"wp-block-heading\">Commerces<\/h2>\n\n\n\n<hr class=\"wp-block-separator has-alpha-channel-opacity\"\/>\n\n\n<p><span style=\"color: #333399;\">La page pr\u00e9sente :<\/span><\/p>\n<ul>\n<li><span style=\"color: #000080;\">L&rsquo;affiche sur le shopping \u00e0 Saint-Germain-en-Laye,<\/span><\/li>\n<li><span style=\"color: #000080;\">Une vue ancienne \u00a0de la rue de Pologne au niveau de la place du march\u00e9-neuf,<\/span><\/li>\n<li><span style=\"color: #000080;\">L&rsquo;enseigne de la Palette d&rsquo;or, ancienne quincaillerie.<\/span><\/li>\n<\/ul>\n<p><span style=\"color: #333399;\">Carte du livre : &#8230;<\/span><\/p>\n<p><span style=\"color: #333399;\">Adresse : &#8230;<\/span><\/p>\n<p><em><span style=\"color: #333399;\">Vous pouvez ajouter des commentaires en bas de page.<\/span><\/em><\/p>\n\n\n<hr class=\"wp-block-separator has-alpha-channel-opacity\"\/>\n\n\n\n<div style=\"height:18px\" aria-hidden=\"true\" class=\"wp-block-spacer\"><\/div>\n\n\n\n<figure class=\"wp-block-image aligncenter size-large\"><img loading=\"lazy\" decoding=\"async\" width=\"473\" height=\"1024\" src=\"http:\/\/saint-germain.us\/wp-content\/uploads\/2023\/07\/IMG_6AA812EABEBB-1-473x1024.jpeg\" alt=\"\" class=\"wp-image-1424\" srcset=\"https:\/\/saint-germain.us\/wp-content\/uploads\/2023\/07\/IMG_6AA812EABEBB-1-473x1024.jpeg 473w, https:\/\/saint-germain.us\/wp-content\/uploads\/2023\/07\/IMG_6AA812EABEBB-1-139x300.jpeg 139w, https:\/\/saint-germain.us\/wp-content\/uploads\/2023\/07\/IMG_6AA812EABEBB-1-768x1663.jpeg 768w, https:\/\/saint-germain.us\/wp-content\/uploads\/2023\/07\/IMG_6AA812EABEBB-1-709x1536.jpeg 709w, https:\/\/saint-germain.us\/wp-content\/uploads\/2023\/07\/IMG_6AA812EABEBB-1-946x2048.jpeg 946w, https:\/\/saint-germain.us\/wp-content\/uploads\/2023\/07\/IMG_6AA812EABEBB-1.jpeg 960w\" sizes=\"auto, (max-width: 473px) 100vw, 473px\" \/><figcaption class=\"wp-element-caption\">Place du march\u00e9-neuf (@Philippe GOUT)<\/figcaption><\/figure>\n\n\n\n<figure class=\"wp-block-image size-large\"><img loading=\"lazy\" decoding=\"async\" width=\"1024\" height=\"629\" src=\"http:\/\/saint-germain.us\/wp-content\/uploads\/2023\/07\/Monoprix-scaled-e1690192466942-1024x629.jpg\" alt=\"\" class=\"wp-image-1432\" srcset=\"https:\/\/saint-germain.us\/wp-content\/uploads\/2023\/07\/Monoprix-scaled-e1690192466942-1024x629.jpg 1024w, https:\/\/saint-germain.us\/wp-content\/uploads\/2023\/07\/Monoprix-scaled-e1690192466942-300x184.jpg 300w, https:\/\/saint-germain.us\/wp-content\/uploads\/2023\/07\/Monoprix-scaled-e1690192466942-768x472.jpg 768w, https:\/\/saint-germain.us\/wp-content\/uploads\/2023\/07\/Monoprix-scaled-e1690192466942-1536x943.jpg 1536w, https:\/\/saint-germain.us\/wp-content\/uploads\/2023\/07\/Monoprix-scaled-e1690192466942-2048x1258.jpg 2048w\" sizes=\"auto, (max-width: 1024px) 100vw, 1024px\" \/><figcaption class=\"wp-element-caption\">Monoprix (Am\u00e9lior\u00e9e@Philippe GOUT)<\/figcaption><\/figure>\n\n\n\n<figure class=\"wp-block-image aligncenter size-large is-resized\"><img loading=\"lazy\" decoding=\"async\" src=\"http:\/\/saint-germain.us\/wp-content\/uploads\/2023\/07\/Escalier-monoprix-colore-768x1024.jpg\" alt=\"\" class=\"wp-image-1812\" style=\"width:208px;height:277px\" width=\"208\" height=\"277\" srcset=\"https:\/\/saint-germain.us\/wp-content\/uploads\/2023\/07\/Escalier-monoprix-colore-768x1024.jpg 768w, https:\/\/saint-germain.us\/wp-content\/uploads\/2023\/07\/Escalier-monoprix-colore-225x300.jpg 225w, https:\/\/saint-germain.us\/wp-content\/uploads\/2023\/07\/Escalier-monoprix-colore-1152x1536.jpg 1152w, https:\/\/saint-germain.us\/wp-content\/uploads\/2023\/07\/Escalier-monoprix-colore-1536x2048.jpg 1536w, https:\/\/saint-germain.us\/wp-content\/uploads\/2023\/07\/Escalier-monoprix-colore-scaled.jpg 1920w\" sizes=\"auto, (max-width: 208px) 100vw, 208px\" \/><figcaption class=\"wp-element-caption\">L&rsquo;escalier conduisant au parking de Monoprix (@Philippe GOUT)<\/figcaption><\/figure>\n\n\n\n<figure class=\"wp-block-image size-large\"><img loading=\"lazy\" decoding=\"async\" width=\"1024\" height=\"633\" src=\"http:\/\/saint-germain.us\/wp-content\/uploads\/2023\/07\/cidrerie-1024x633.jpg\" alt=\"\" class=\"wp-image-1467\" srcset=\"https:\/\/saint-germain.us\/wp-content\/uploads\/2023\/07\/cidrerie-1024x633.jpg 1024w, https:\/\/saint-germain.us\/wp-content\/uploads\/2023\/07\/cidrerie-300x185.jpg 300w, https:\/\/saint-germain.us\/wp-content\/uploads\/2023\/07\/cidrerie-768x475.jpg 768w, https:\/\/saint-germain.us\/wp-content\/uploads\/2023\/07\/cidrerie-1536x949.jpg 1536w, https:\/\/saint-germain.us\/wp-content\/uploads\/2023\/07\/cidrerie-2048x1265.jpg 2048w\" sizes=\"auto, (max-width: 1024px) 100vw, 1024px\" \/><figcaption class=\"wp-element-caption\">Cidreries (Am\u00e9lior\u00e9e@Philippe GOUT)<\/figcaption><\/figure>\n\n\n\n<figure class=\"wp-block-image size-large\"><img loading=\"lazy\" decoding=\"async\" width=\"683\" height=\"1024\" src=\"http:\/\/saint-germain.us\/wp-content\/uploads\/2023\/07\/Aperitif-683x1024.jpg\" alt=\"\" class=\"wp-image-1466\" srcset=\"https:\/\/saint-germain.us\/wp-content\/uploads\/2023\/07\/Aperitif-683x1024.jpg 683w, https:\/\/saint-germain.us\/wp-content\/uploads\/2023\/07\/Aperitif-200x300.jpg 200w, https:\/\/saint-germain.us\/wp-content\/uploads\/2023\/07\/Aperitif-768x1152.jpg 768w, https:\/\/saint-germain.us\/wp-content\/uploads\/2023\/07\/Aperitif-1024x1536.jpg 1024w, https:\/\/saint-germain.us\/wp-content\/uploads\/2023\/07\/Aperitif-1366x2048.jpg 1366w, https:\/\/saint-germain.us\/wp-content\/uploads\/2023\/07\/Aperitif-scaled.jpg 1707w\" sizes=\"auto, (max-width: 683px) 100vw, 683px\" \/><figcaption class=\"wp-element-caption\">Affiche (Am\u00e9lior\u00e9e@Philippe GOUT)<\/figcaption><\/figure>\n\n\n\n<figure class=\"wp-block-image size-large\"><img loading=\"lazy\" decoding=\"async\" width=\"1024\" height=\"499\" src=\"http:\/\/saint-germain.us\/wp-content\/uploads\/2023\/07\/Gibert-pharma-1024x499.jpg\" alt=\"\" class=\"wp-image-1739\" srcset=\"https:\/\/saint-germain.us\/wp-content\/uploads\/2023\/07\/Gibert-pharma-1024x499.jpg 1024w, https:\/\/saint-germain.us\/wp-content\/uploads\/2023\/07\/Gibert-pharma-300x146.jpg 300w, https:\/\/saint-germain.us\/wp-content\/uploads\/2023\/07\/Gibert-pharma-768x374.jpg 768w, https:\/\/saint-germain.us\/wp-content\/uploads\/2023\/07\/Gibert-pharma-1536x748.jpg 1536w, https:\/\/saint-germain.us\/wp-content\/uploads\/2023\/07\/Gibert-pharma-2048x997.jpg 2048w\" sizes=\"auto, (max-width: 1024px) 100vw, 1024px\" \/><figcaption class=\"wp-element-caption\">Caduc\u00e9e de l&rsquo;ancienne pharmacie au dessus de la librairie Gibert (@Philippe GOUT)<\/figcaption><\/figure>\n\n\n\n<hr class=\"wp-block-separator has-alpha-channel-opacity\"\/>\n\n\n\n<div style=\"height:18px\" aria-hidden=\"true\" class=\"wp-block-spacer\"><\/div>\n\n\n\n<figure class=\"wp-block-table\"><table><tbody><tr><td>Sujet <\/td><td>Une ville active<\/td><\/tr><tr><td>Lien<\/td><td>Aucun<\/td><\/tr><tr><td>Origine<\/td><td>Texte de Beno\u00eet Battistelli<\/td><\/tr><tr><td><\/td><td><\/td><\/tr><tr><td>Date de r\u00e9vision<\/td><td>0\/08\/2023<\/td><\/tr><\/tbody><\/table><\/figure>\n\n\n\n<p>Dominant la vall\u00e9e de la Seine sur la route de Normandie, Saint-Germain-en-Laye est tr\u00e8s t\u00f4t un lieu d\u2019\u00e9changes. Cette vocation s\u2019est affirm\u00e9e au fil des si\u00e8cles. Et aujourd\u2019hui avec ses march\u00e9s et ses 800&nbsp;boutiques en centre-ville, Saint-Germain-en-Laye est le plus grand centre commercial \u00e0 ciel ouvert de la r\u00e9gion parisienne. L\u2019offre couvre tous les segments, en particulier les m\u00e9tiers de bouche, la mode, les services \u00e0 la personne, les activit\u00e9s tertiaires (banques, assurances, immobilier, tourisme).<\/p>\n\n\n\n<p>H\u00e9ritiers des ma\u00eetres artisans qui travaillaient pour le Roi et la Cour, les m\u00e9tiers d\u2019art sont regroup\u00e9s en centre-ville dans le quartier Saint-Christophe o\u00f9 se m\u00ealent tapissiers, mosa\u00efstes, enlumineurs, orf\u00e8vres, \u00e9b\u00e9nistes, luthier, relieurs, c\u00e9ramistes\u2026<\/p>\n\n\n\n<hr class=\"wp-block-separator has-alpha-channel-opacity\"\/>\n\n\n\n<h5 class=\"wp-block-heading\">commentaires :<a href=\"http:\/\/saint-germain.us\/index.php\/page-d-exemple\/\"> ICI<\/a><\/h5>\n\n\n\n<hr class=\"wp-block-separator has-alpha-channel-opacity\"\/>\n","protected":false},"excerpt":{"rendered":"<p>Commerces La page pr\u00e9sente : L&rsquo;affiche sur le shopping \u00e0 Saint-Germain-en-Laye, Une vue ancienne \u00a0de la rue de Pologne au niveau de la place du march\u00e9-neuf, L&rsquo;enseigne de la Palette d&rsquo;or, ancienne quincaillerie. Carte du livre : &#8230; Adresse : &#8230; Vous pouvez ajouter des commentaires en bas de page. Sujet Une ville active Lien [&hellip;]<\/p>\n","protected":false},"author":1,"featured_media":0,"parent":0,"menu_order":0,"comment_status":"closed","ping_status":"closed","template":"","meta":{"footnotes":""},"class_list":["post-105","page","type-page","status-publish","hentry"],"_links":{"self":[{"href":"https:\/\/saint-germain.us\/index.php\/wp-json\/wp\/v2\/pages\/105","targetHints":{"allow":["GET"]}}],"collection":[{"href":"https:\/\/saint-germain.us\/index.php\/wp-json\/wp\/v2\/pages"}],"about":[{"href":"https:\/\/saint-germain.us\/index.php\/wp-json\/wp\/v2\/types\/page"}],"author":[{"embeddable":true,"href":"https:\/\/saint-germain.us\/index.php\/wp-json\/wp\/v2\/users\/1"}],"replies":[{"embeddable":true,"href":"https:\/\/saint-germain.us\/index.php\/wp-json\/wp\/v2\/comments?post=105"}],"version-history":[{"count":19,"href":"https:\/\/saint-germain.us\/index.php\/wp-json\/wp\/v2\/pages\/105\/revisions"}],"predecessor-version":[{"id":2470,"href":"https:\/\/saint-germain.us\/index.php\/wp-json\/wp\/v2\/pages\/105\/revisions\/2470"}],"wp:attachment":[{"href":"https:\/\/saint-germain.us\/index.php\/wp-json\/wp\/v2\/media?parent=105"}],"curies":[{"name":"wp","href":"https:\/\/api.w.org\/{rel}","templated":true}]}}