{"id":107,"date":"2023-04-29T09:13:10","date_gmt":"2023-04-29T07:13:10","guid":{"rendered":"http:\/\/saint-germain.us\/?page_id=107"},"modified":"2023-08-13T18:25:23","modified_gmt":"2023-08-13T16:25:23","slug":"p42","status":"publish","type":"page","link":"https:\/\/saint-germain.us\/index.php\/p42\/","title":{"rendered":"P42"},"content":{"rendered":"\n<h2 class=\"wp-block-heading\">Place du march\u00e9-neuf<\/h2>\n\n\n\n<hr class=\"wp-block-separator has-alpha-channel-opacity\"\/>\n\n\n<p><span style=\"color: #333399;\">La page pr\u00e9sente :<\/span><\/p>\n<ul>\n<li><span style=\"color: #333399;\">La place du march\u00e9-neuf.<\/span><\/li>\n<li><span style=\"color: #333399;\">Un jour de march\u00e9 (Photo de <a href=\"https:\/\/patrickmasson.com\/fr\/accueil\">Patrick Masson<\/a>),<\/span><\/li>\n<li><span style=\"color: #333399;\">La t\u00eate de cerf d&rsquo;un ancien h\u00f4tel,<\/span><\/li>\n<li><span style=\"color: #333399;\">Une repr\u00e9sentation de la garde imp\u00e9riale,<\/span><\/li>\n<li><span style=\"color: #333399;\">La poste en p\u00e9riode de No\u00ebl.<\/span><\/li>\n<\/ul>\n<p><span style=\"color: #333399;\">Carte du livre : D<\/span><\/p>\n<p><span style=\"color: #333399;\"><em>Vous pouvez ajouter des commentaires en bas de page.<\/em><\/span><\/p>\n\n\n<hr class=\"wp-block-separator has-alpha-channel-opacity\"\/>\n\n\n\n<div style=\"height:18px\" aria-hidden=\"true\" class=\"wp-block-spacer\"><\/div>\n\n\n\n<figure class=\"wp-block-image size-large\"><img loading=\"lazy\" decoding=\"async\" width=\"1024\" height=\"225\" src=\"http:\/\/saint-germain.us\/wp-content\/uploads\/2023\/05\/Place-du-marche-220523-b-1024x225.jpg\" alt=\"\" class=\"wp-image-777\" srcset=\"https:\/\/saint-germain.us\/wp-content\/uploads\/2023\/05\/Place-du-marche-220523-b-1024x225.jpg 1024w, https:\/\/saint-germain.us\/wp-content\/uploads\/2023\/05\/Place-du-marche-220523-b-300x66.jpg 300w, https:\/\/saint-germain.us\/wp-content\/uploads\/2023\/05\/Place-du-marche-220523-b-768x169.jpg 768w, https:\/\/saint-germain.us\/wp-content\/uploads\/2023\/05\/Place-du-marche-220523-b-1536x338.jpg 1536w, https:\/\/saint-germain.us\/wp-content\/uploads\/2023\/05\/Place-du-marche-220523-b-2048x450.jpg 2048w\" sizes=\"auto, (max-width: 1024px) 100vw, 1024px\" \/><figcaption class=\"wp-element-caption\">Place du march\u00e9 neuf (@Philippe GOUT)<\/figcaption><\/figure>\n\n\n\n<figure class=\"wp-block-image aligncenter size-large is-resized\"><img loading=\"lazy\" decoding=\"async\" src=\"http:\/\/saint-germain.us\/wp-content\/uploads\/2023\/07\/Cerf-colore-968x1024.jpg\" alt=\"\" class=\"wp-image-1810\" style=\"width:150px;height:158px\" width=\"150\" height=\"158\" srcset=\"https:\/\/saint-germain.us\/wp-content\/uploads\/2023\/07\/Cerf-colore-968x1024.jpg 968w, https:\/\/saint-germain.us\/wp-content\/uploads\/2023\/07\/Cerf-colore-284x300.jpg 284w, https:\/\/saint-germain.us\/wp-content\/uploads\/2023\/07\/Cerf-colore-768x812.jpg 768w, https:\/\/saint-germain.us\/wp-content\/uploads\/2023\/07\/Cerf-colore-1452x1536.jpg 1452w, https:\/\/saint-germain.us\/wp-content\/uploads\/2023\/07\/Cerf-colore-1936x2048.jpg 1936w\" sizes=\"auto, (max-width: 150px) 100vw, 150px\" \/><figcaption class=\"wp-element-caption\">Le cerf, ancien h\u00f4tel (@Philippe GOUT)<\/figcaption><\/figure>\n\n\n\n<hr class=\"wp-block-separator has-alpha-channel-opacity\"\/>\n\n\n\n<div style=\"height:18px\" aria-hidden=\"true\" class=\"wp-block-spacer\"><\/div>\n\n\n\n<figure class=\"wp-block-image size-large\"><img loading=\"lazy\" decoding=\"async\" width=\"1024\" height=\"653\" src=\"http:\/\/saint-germain.us\/wp-content\/uploads\/2023\/07\/Marche-neuf-1024x653.jpg\" alt=\"\" class=\"wp-image-1444\" srcset=\"https:\/\/saint-germain.us\/wp-content\/uploads\/2023\/07\/Marche-neuf-1024x653.jpg 1024w, https:\/\/saint-germain.us\/wp-content\/uploads\/2023\/07\/Marche-neuf-300x191.jpg 300w, https:\/\/saint-germain.us\/wp-content\/uploads\/2023\/07\/Marche-neuf-768x489.jpg 768w, https:\/\/saint-germain.us\/wp-content\/uploads\/2023\/07\/Marche-neuf-1536x979.jpg 1536w, https:\/\/saint-germain.us\/wp-content\/uploads\/2023\/07\/Marche-neuf-2048x1305.jpg 2048w\" sizes=\"auto, (max-width: 1024px) 100vw, 1024px\" \/><figcaption class=\"wp-element-caption\">Exposition d&rsquo;artistes (@Philippe GOUT)<\/figcaption><\/figure>\n\n\n\n<figure class=\"wp-block-table\"><table><tbody><tr><td>Sujet <\/td><td>Place du march\u00e9-neuf<\/td><\/tr><tr><td>Lien<\/td><td><a href=\"https:\/\/fr.wikipedia.org\/wiki\/Place_du_March\u00e9-Neuf_(Saint-Germain-en-Laye)\">Ici<\/a><\/td><\/tr><tr><td>Origine<\/td><td>Wikip\u00e9dia<\/td><\/tr><tr><td><\/td><td><\/td><\/tr><tr><td>Date de r\u00e9vision<\/td><td>23\/05\/2023<\/td><\/tr><\/tbody><\/table><\/figure>\n\n\n\n<p>Cet endroit initialement situ\u00e9 entre le&nbsp;<a href=\"https:\/\/fr.wikipedia.org\/wiki\/Ru_de_Buzot\">ru de Buzot<\/a>&nbsp;et la&nbsp;<a href=\"https:\/\/fr.wikipedia.org\/wiki\/For%C3%AAt_de_Saint-Germain-en-Laye\">for\u00eat de Saint-Germain-en-Laye<\/a>&nbsp;\u00e9tait le cimeti\u00e8re de la ville, le centre de Saint-Germain-en-Laye \u00e9tant alors situ\u00e9 autour du&nbsp;<a href=\"https:\/\/fr.wikipedia.org\/wiki\/Ch%C3%A2teau_de_Saint-Germain-en-Laye\">ch\u00e2teau<\/a>.<\/p>\n\n\n\n<p>Jusqu&rsquo;en 1763, l\u2019hospice, situ\u00e9 dans l&rsquo;actuelle&nbsp;<a href=\"https:\/\/fr.wikipedia.org\/w\/index.php?title=Rue_de_Poissy_(Saint-Germain-en-Laye)&amp;action=edit&amp;redlink=1\">rue de Poissy<\/a>, avait re\u00e7u du roi&nbsp;<a href=\"https:\/\/fr.wikipedia.org\/wiki\/Louis_XIV_de_France\">Louis XIV<\/a>&nbsp;l&rsquo;autorisation d&rsquo;exploiter une halle servant de march\u00e9 \u00e0 ciel ouvert, situ\u00e9 juste \u00e0 c\u00f4t\u00e9 du cimeti\u00e8re de la ville.<br>En 1771, un premier b\u00e2timent, la halle aux bl\u00e9s et aux farines, est construit.<br>La place march\u00e9 neuf fut cr\u00e9\u00e9 en 1776, sur l&#8217;emplacement de ce cimeti\u00e8re qui avait \u00e9t\u00e9 transf\u00e9r\u00e9 en raison de l&rsquo;extension de la ville et pour des raisons d&rsquo;hygi\u00e8ne, pour devenir la nouvelle place du march\u00e9, en remplacement de l&rsquo;ancien march\u00e9, le vieux march\u00e9, alors situ\u00e9 au&nbsp;<em>carrefour Cadran<\/em>&nbsp;correspondant au croisement des actuelles&nbsp;<a href=\"https:\/\/fr.wikipedia.org\/w\/index.php?title=Rue_au_Pain&amp;action=edit&amp;redlink=1\">rue au Pain<\/a>,&nbsp;<a href=\"https:\/\/fr.wikipedia.org\/w\/index.php?title=Rue_de_Paris_(Saint-Germain-en-Laye)&amp;action=edit&amp;redlink=1\">rue de Paris<\/a>&nbsp;et&nbsp;<a href=\"https:\/\/fr.wikipedia.org\/w\/index.php?title=Rue_du_Vieux-March%C3%A9&amp;action=edit&amp;redlink=1\">rue du Vieux-March\u00e9<\/a>.<\/p>\n\n\n\n<p>Au d\u00e9but du&nbsp;xix<sup>e<\/sup>&nbsp;si\u00e8cle, les maisons entourant la place sont construites en 1820, les arcades viennent agr\u00e9menter l&rsquo;ensemble.<\/p>\n\n\n\n<p>En 1911, le b\u00e2timent des postes et t\u00e9l\u00e9communications est construit sur l&#8217;emplacement de la halle aux bl\u00e9s et farines.<\/p>\n\n\n\n<p>En 2007, un parking souterrain est am\u00e9nag\u00e9 puis en 2009 de jets d\u2019eau viennent agr\u00e9menter la place.<\/p>\n\n\n\n<hr class=\"wp-block-separator has-alpha-channel-opacity\"\/>\n\n\n\n<h5 class=\"wp-block-heading\">commentaires :<a href=\"http:\/\/saint-germain.us\/index.php\/page-d-exemple\/\"> ICI<\/a><\/h5>\n\n\n\n<hr class=\"wp-block-separator has-alpha-channel-opacity\"\/>\n","protected":false},"excerpt":{"rendered":"<p>Place du march\u00e9-neuf La page pr\u00e9sente : La place du march\u00e9-neuf. Un jour de march\u00e9 (Photo de Patrick Masson), La t\u00eate de cerf d&rsquo;un ancien h\u00f4tel, Une repr\u00e9sentation de la garde imp\u00e9riale, La poste en p\u00e9riode de No\u00ebl. Carte du livre : D Vous pouvez ajouter des commentaires en bas de page. Sujet Place du [&hellip;]<\/p>\n","protected":false},"author":1,"featured_media":0,"parent":0,"menu_order":0,"comment_status":"closed","ping_status":"closed","template":"","meta":{"footnotes":""},"class_list":["post-107","page","type-page","status-publish","hentry"],"_links":{"self":[{"href":"https:\/\/saint-germain.us\/index.php\/wp-json\/wp\/v2\/pages\/107","targetHints":{"allow":["GET"]}}],"collection":[{"href":"https:\/\/saint-germain.us\/index.php\/wp-json\/wp\/v2\/pages"}],"about":[{"href":"https:\/\/saint-germain.us\/index.php\/wp-json\/wp\/v2\/types\/page"}],"author":[{"embeddable":true,"href":"https:\/\/saint-germain.us\/index.php\/wp-json\/wp\/v2\/users\/1"}],"replies":[{"embeddable":true,"href":"https:\/\/saint-germain.us\/index.php\/wp-json\/wp\/v2\/comments?post=107"}],"version-history":[{"count":11,"href":"https:\/\/saint-germain.us\/index.php\/wp-json\/wp\/v2\/pages\/107\/revisions"}],"predecessor-version":[{"id":2438,"href":"https:\/\/saint-germain.us\/index.php\/wp-json\/wp\/v2\/pages\/107\/revisions\/2438"}],"wp:attachment":[{"href":"https:\/\/saint-germain.us\/index.php\/wp-json\/wp\/v2\/media?parent=107"}],"curies":[{"name":"wp","href":"https:\/\/api.w.org\/{rel}","templated":true}]}}