{"id":124,"date":"2023-04-29T09:16:03","date_gmt":"2023-04-29T07:16:03","guid":{"rendered":"http:\/\/saint-germain.us\/?page_id=124"},"modified":"2023-08-15T09:16:38","modified_gmt":"2023-08-15T07:16:38","slug":"p48","status":"publish","type":"page","link":"https:\/\/saint-germain.us\/index.php\/p48\/","title":{"rendered":"P48"},"content":{"rendered":"\n<h2 class=\"wp-block-heading\">De la salle &amp; Saint-Christophe &amp; Saint-Pierre<\/h2>\n\n\n\n<hr class=\"wp-block-separator has-alpha-channel-opacity\"\/>\n\n\n<p><span style=\"color: #333399;\">La page pr\u00e9sente :<\/span><\/p>\n<ul>\n<li><span style=\"color: #000080;\">Une vue de la rue de la salle,<\/span><\/li>\n<li><span style=\"color: #000080;\">un dessin de la rue saint-Christophe,<\/span><\/li>\n<li><span style=\"color: #000080;\">Un dessin de la rue Saint-Pierre.<\/span><\/li>\n<\/ul>\n<p><span style=\"color: #333399;\">Carte du livre : &#8230;<\/span><\/p>\n<p><span style=\"color: #333399;\">Adresse : &#8230;<\/span><\/p>\n<p><em><span style=\"color: #333399;\">Vous pouvez ajouter des commentaires en bas de page.<\/span><\/em><\/p>\n\n\n<hr class=\"wp-block-separator has-alpha-channel-opacity\"\/>\n\n\n\n<div style=\"height:18px\" aria-hidden=\"true\" class=\"wp-block-spacer\"><\/div>\n\n\n\n<figure class=\"wp-block-image aligncenter size-full\"><img loading=\"lazy\" decoding=\"async\" width=\"562\" height=\"889\" src=\"http:\/\/saint-germain.us\/wp-content\/uploads\/2023\/08\/Rue-Saint-Christophe-copie.jpg\" alt=\"\" class=\"wp-image-2289\" srcset=\"https:\/\/saint-germain.us\/wp-content\/uploads\/2023\/08\/Rue-Saint-Christophe-copie.jpg 562w, https:\/\/saint-germain.us\/wp-content\/uploads\/2023\/08\/Rue-Saint-Christophe-copie-190x300.jpg 190w\" sizes=\"auto, (max-width: 562px) 100vw, 562px\" \/><figcaption class=\"wp-element-caption\">\u00c9cole des trompettes du roi (@Philippe GOUT) &#8211; Au bout de la rue Saint-Christophe<\/figcaption><\/figure>\n\n\n\n<hr class=\"wp-block-separator has-alpha-channel-opacity\"\/>\n\n\n\n<div style=\"height:18px\" aria-hidden=\"true\" class=\"wp-block-spacer\"><\/div>\n\n\n\n<figure class=\"wp-block-table\"><table><tbody><tr><td>Sujet <\/td><td>\u00c9cole des trompettes du roi<\/td><\/tr><tr><td>Lien<\/td><td>Aucun<\/td><\/tr><tr><td>Origine<\/td><td>Au fil des rues de Saint-Germain-en-Laye<\/td><\/tr><tr><td><\/td><td><\/td><\/tr><tr><td>Date de r\u00e9vision<\/td><td>11\/08\/2023<\/td><\/tr><\/tbody><\/table><\/figure>\n\n\n\n<p>Au 6 rue Wauthier : le b\u00e2timent de l&rsquo;\u00e9cole des Trompettes du roi. Cette imposante demeure achev\u00e9e en 1610, une des plus anciennes de la ville, rest\u00e9e en l&rsquo;\u00e9tat, frappe par la belle ordonnance de sa fa\u00e7ade et son vaste porche encadr\u00e9 par deux colonnes ioniques surmont\u00e9es d&rsquo;un fronton triangulaire. La loi du 14 frimaire an VIII, qui cr\u00e9a l&rsquo;imp\u00f4t sur les portes et fen\u00eatres, entra\u00eena l&rsquo;occusion de 9 des 26 fen\u00eatres de ce b\u00e2timent. Il abritait l&rsquo;\u00e9cole des Trompettes du roi probablement d\u00e9j\u00e0 sous Louis XIII et certainement sous Louis XIV. C&rsquo;est dans cette demeure que v\u00e9cut Fran\u00e7ois Bonvin, peintre fran\u00e7ais saint-simonien, qui y d\u00e9c\u00e9da en 1887.<\/p>\n\n\n\n<p><\/p>\n\n\n\n<figure class=\"wp-block-table\"><table><tbody><tr><td>Sujet <\/td><td>Rue Saint-Christophe &#8211; P211<\/td><\/tr><tr><td>Lien<\/td><td><a href=\"http:\/\/www.lespressesfranciliennes.com\/au%20fil%20des%20rues.html\">Ici<\/a><\/td><\/tr><tr><td>Origine<\/td><td>Au fil des rues <\/td><\/tr><tr><td>Date du document<\/td><td>Les Presses Franciliennes<\/td><\/tr><tr><td>Date de r\u00e9vision<\/td><td>15\/05\/2023<\/td><\/tr><\/tbody><\/table><\/figure>\n\n\n\n<p>Cr\u00e9\u00e9e et ainsi nomm\u00e9e depuis 1640. Christophe, martyr de l&rsquo;\u00c9glise chr\u00e9tienne au IIIe si\u00e8cle apr\u00e8s JC, patron des voyageurs.<\/p>\n\n\n\n<p>&#8211; Aux n\u00b0 5 et 7 : Maison du d\u00e9but du XVIIIe si\u00e8cle, vraisemblablement plus ancienne, de deux \u00e9tages plus lucarnes.<\/p>\n\n\n\n<p>Anciennement:\u00ab Rue de la Libert\u00e9 \u00bb sous la R\u00e9volution.<\/p>\n\n\n\n<hr class=\"wp-block-separator has-alpha-channel-opacity\"\/>\n\n\n\n<div style=\"height:18px\" aria-hidden=\"true\" class=\"wp-block-spacer\"><\/div>\n\n\n\n<figure class=\"wp-block-table\"><table><tbody><tr><td>Sujet <\/td><td>Rue Saint-Pierre &#8211; P217<\/td><\/tr><tr><td>Lien<\/td><td><a href=\"http:\/\/www.lespressesfranciliennes.com\/au%20fil%20des%20rues.html\">Ici<\/a><\/td><\/tr><tr><td>Origine<\/td><td>Au fil des rues <\/td><\/tr><tr><td>Date du document<\/td><td>Les Presses Franciliennes<\/td><\/tr><tr><td>Date de r\u00e9vision<\/td><td>15\/05\/2023<\/td><\/tr><\/tbody><\/table><\/figure>\n\n\n\n<p>Ainsi nomm\u00e9e depuis 1700. Pierre, premier des Ap\u00f4tres, disciple de J\u00e9sus-Christ, mort en martyr \u00e0 Rome. Le nom de cette rue pourrait \u00e9galement provenir d&rsquo;une d\u00e9formation de\u00abrue des Cinq Pierres \u00bb.<\/p>\n\n\n\n<p>&#8211; Au n\u00b019 : H\u00f4tel de Folard. Jean-Charles, chevalier de Folard, soldat, strat\u00e8ge militaire et c\u00e9l\u00e8bre auteur, au XVIIIe si\u00e8cle, de R\u00e9flexions sur l&rsquo;art de la guerre, n&rsquo;\u00e9tait pas, selon diverses sources, le propri\u00e9taire de l&rsquo;h\u00f4tel, et n&rsquo;a d&rsquo;ailleurs jamais habit\u00e9 Saint-Germain-en-Laye. On s&rsquo;explique donc difficilement les raisons pour lesquelles cette habitation a \u00e9t\u00e9 longtemps connue sous le nom d&rsquo;h\u00f4tel de Folard. Les actes de propri\u00e9t\u00e9s mentionnent pourtant que l&rsquo;h\u00f4tel appartenait \u00e0 Philippe de Benac, duc de Navailles, l&rsquo;un des sept mar\u00e9chaux nomm\u00e9s apr\u00e8s la mort de Turenne et qu&rsquo;il y habita. Il poss\u00e9dait \u00e9galement \u00e0 Paris un h\u00f4tel, devenu le si\u00e8ge de la mairie du VIIe arrondissement. Sa femme qui avait \u00e9t\u00e9 la marraine de Mme de Maintenon fut gouvernante des filles d&rsquo;honneur de la reine Marie-Th\u00e9r\u00e8se d&rsquo;Autriche, \u00e9pouse de Louis XIV au moment o\u00f9 ce dernier rencontra la future duchesse de La Valli\u00e8re. L&rsquo;h\u00f4tel de Folard ou plus exactement l&rsquo;h\u00f4tel de Navailles portait primitivement le nom d&rsquo;h\u00f4tel de Grandmont, du nom de Michel de Grandmont, c\u00e9l\u00e8bre flibustier du XVIIe si\u00e8cle qui fit plusieurs exp\u00e9ditions aux Antilles et en Am\u00e9rique Centrale.<\/p>\n\n\n\n<p>~ Au n\u00b0 33 : Immeuble du XVIIIe si\u00e8cle, de trois \u00e9tages.<\/p>\n\n\n\n<p>~ La fontaine Colbert, au d\u00e9bouch\u00e9 de l&rsquo;impasse Saint-Pierre. Premi\u00e8re fontaine de Saint-Germain-en-Laye destin\u00e9e \u00e0 l&rsquo;usage des habitants de la Ville, elle se trouvait jadis \u00ab rue du Mur de la Surintendance de Colbert \u00bb, en face du Ch\u00e2teau. D\u00e9plac\u00e9e \u00e0 plusieurs reprises, elle fut en partie d\u00e9molie en 1837 lors de la cr\u00e9ation du chemin de fer et d\u00e9pos\u00e9e en 1969 lors de la construction de la gare du RER . Restaur\u00e9e, elle fut install\u00e9e \u00e0 cet endroit et inaugur\u00e9e le 15 avril 1989.<\/p>\n\n\n\n<p>Anciennement : \u00ab\u00a0Rue des Cinq-Pierres\u00a0\u00bb situ\u00e9e, au Moyen-Age, hors des murs de la ville, puis \u00ab\u00a0rue Tartarin\u00a0\u00bb puis \u00ab\u00a0rue Guillaume-Tell\u00a0\u00bb sous la R\u00e9volution.<\/p>\n\n\n\n<hr class=\"wp-block-separator has-alpha-channel-opacity\"\/>\n\n\n\n<div style=\"height:18px\" aria-hidden=\"true\" class=\"wp-block-spacer\"><\/div>\n\n\n\n<figure class=\"wp-block-table\"><table><tbody><tr><td>Sujet <\/td><td>Rue de la Salle &#8211; P124<\/td><\/tr><tr><td>Lien<\/td><td><a href=\"http:\/\/www.lespressesfranciliennes.com\/au%20fil%20des%20rues.html\">Ici<\/a><\/td><\/tr><tr><td>Origine<\/td><td>Au fil des rues <\/td><\/tr><tr><td>Date du document<\/td><td>Les Presses Franciliennes<\/td><\/tr><tr><td>Date de r\u00e9vision<\/td><td>15\/05\/2023<\/td><\/tr><\/tbody><\/table><\/figure>\n\n\n\n<p>Ainsi nomm\u00e9e en 1640, cette voie pi\u00e9tonne qui existait d\u00e9j\u00e0 en 1542, est une des plus anciennes rues de la ville.<\/p>\n\n\n\n<p>Trois hypoth\u00e8ses sont avanc\u00e9es quant \u00e0 sa d\u00e9nomination :<\/p>\n\n\n\n<p>Selon la premi\u00e8re, son nom serait celui d&rsquo;une lign\u00e9e de capitaines gouverneurs de Saint-Germain-en-Laye, dont Jean 1er en 1542, puis son fils Jean II, en 1580 auquel succ\u00e9dera son propre fils Charles. Leur successeur dans cette charge fut Antoine de Buade, comte de Frontenac dont un petit-fils,Louis, devint en 1672 gouverneur de la Nouvelle-France, le Canada.<\/p>\n\n\n\n<p>&#8211; Selon la deuxi\u00e8me hypoth\u00e8se, son nom proviendrait de la pr\u00e9sence dans cette rue d&rsquo;une salle o\u00f9 se r\u00e9unissaient les habitants du village. \u00c0 l&rsquo;appui de cette hypoth\u00e8se, le fait qu&rsquo;il n&rsquo;\u00e9tait pas habituel aux XVIe et XVIIe si\u00e8cles de donner \u00e0 une rue le nom d&rsquo;un personnage.<\/p>\n\n\n\n<p>&#8211; Selon la troisi\u00e8me hypoth\u00e8se, son nom \u00e9voquerait la m\u00e9moire de Ren\u00e9 Robert Cavelier, sieur de La Salle, ami\u00a0de Louis de Frontenac, explorateur des fleuves Illinois et Mississippi. Reconnu comme un des grands artisans de la conqu\u00eate de la Louisiane dont il prit possession au nom de Louis XIV en avril 1682, il mourut au cours d&rsquo;une de ses explorations, massacr\u00e9 par l&rsquo;\u00e9quipage de son bateau.<\/p>\n\n\n\n<p>~ Au n\u00b0 12 : Une galerie marchande. Construite \u00e0 l&#8217;emplacement d&rsquo;une \u00e9cole de gar\u00e7ons b\u00e2tie en 1907, devenue coll\u00e8geen 1946 puis lyc\u00e9e technique municipal, et d\u00e9molie en 1975.<\/p>\n\n\n\n<p>&#8211; Au n\u00b0 13 : Le passage de La Salle qui d\u00e9bouche sur la place Abb\u00e9-Pierre-de-Porcaro.<\/p>\n\n\n\n<p>-Au n\u00b0 14 : Maison m\u00e9di\u00e9vale ou du XVIe si\u00e8cle \u00e0 colombages de deux \u00e9tages plus lucarnes, une des plus anciennes de la ville. Elle a subi des transformations et sa fa\u00e7ade a \u00e9t\u00e9 restaur\u00e9e.<\/p>\n\n\n\n<p>&#8211; Au n\u00b0 18 : L&rsquo;h\u00f4tel des mar\u00e9chaux de Villeroy. Il fut successivement la propri\u00e9t\u00e9 : de Nicolas de Neuville, duc de Villeroy. Ministre d&rsquo;\u00c9tat ; il avait d\u00e9but\u00e9 \u00e0 la Cour comme enfant d&rsquo;honneur du roi Louis XIII ; il fut un des gouverneurs de Louis XIV en 1646 et devint mar\u00e9chal de France la m\u00eame ann\u00e9e; de son fils Fran\u00e7ois, \u00e9lev\u00e9 avec Louis XIV et \u00e9galement duc de Villeroy, il fut mar\u00e9chal de France, gouverneur de Louis XV et ministre du Conseil de r\u00e9gence. H\u00f4tel du XVIIe si\u00e8cle restaur\u00e9 entre 1977 et 1979. Cour pav\u00e9e int\u00e9rieure avec b\u00e2timent plus ancien.<\/p>\n\n\n\n<p>On y trouvait :<\/p>\n\n\n\n<p>~ Au n\u00b0 8 : L&rsquo;h\u00f4tel de Cond\u00e9. Demeure, d\u00e8s 1668, de Louis II de Bourbon, prince de Cond\u00e9, Mar\u00e9chal de France, dit le Grand Cond\u00e9. Il dut s\u00e9journer peu de temps \u00e0 Saint-Germain-en-Laye, car il v\u00e9cut les derni\u00e8res ann\u00e9es de sa vie au ch\u00e2teau de Chantilly. \u00c0 sa mort, l&rsquo;h\u00f4tel passa entre les mains de son fils, Henri-Jules de Bourbon-Cond\u00e9 que l&rsquo;on appelait Monsieur le Prince. Celui-ci y re\u00e7ut Jacques B\u00e9nigne Bossuet, du 1er juin au 24 septembre 1700, pendant l&rsquo;assembl\u00e9e g\u00e9n\u00e9rale du clerg\u00e9 de France.<\/p>\n\n\n\n<p>~Au n\u00b010 : L&rsquo;h\u00f4tel de Chaulnes. Demeure de Charles d&rsquo;Albert d&rsquo;Ailly, duc de Chaulnes. Il fut gouverneur g\u00e9n\u00e9ral de Bretagne et remplit en outre diverses missions diplomatiques importantes. Oblig\u00e9 par Louis XIV, en 1695, d&rsquo;\u00e9changer son gouvernement tr\u00e8s lucratif de Bretagne contre celui de Guyenne, il en fut tr\u00e8s affect\u00e9 et mourut de chagrin.<\/p>\n\n\n\n<p>~ Au n\u00b0 15 : L&rsquo;h\u00f4tel de la Motte. Demeure, au XVIIIe si\u00e8cle, d&rsquo;un sieur Louis de la Motte, ma\u00eetre \u00e8s arts de l&rsquo;universit\u00e9 de Paris, descendant du mar\u00e9chal Philippe de la Motte Houdancourt, vice-roi de Catalogne et duc de Cardonne. La perte de la bataille de L\u00e9rida et la lev\u00e9e du Si\u00e8ge de Tarragone en 1644, furent cause de la disgr\u00e2ce du Mar\u00e9chal, dont l&rsquo;\u00e9pouse, Louise de Prye, devint gouvernante des enfants de France. Du fait de ses fonctions, elle avait un logement au ch\u00e2teau.<\/p>\n\n\n\n<p>&#8211; Au n\u00b0 18 : L&rsquo;atelier d&rsquo;Abel Renaut, jusqu&rsquo;au milieu des ann\u00e9es 1970. Originaire de Saint-Germain-en-Laye, cet \u00e9l\u00e8ve de Maurice Denis \u00e9tait paysagiste et illustrateur; graveur renomm\u00e9, il travailla pour Marie Laurencin, Georges Rouault, Tsuguharu L\u00e9onard Fujita, Pablo Picasso et enseigna aux ateliers d&rsquo;Art de la Ville.<\/p>\n\n\n\n<hr class=\"wp-block-separator has-alpha-channel-opacity\"\/>\n\n\n\n<h5 class=\"wp-block-heading\">commentaires :<a href=\"http:\/\/saint-germain.us\/index.php\/page-d-exemple\/\"> ICI<\/a><\/h5>\n\n\n\n<hr class=\"wp-block-separator has-alpha-channel-opacity\"\/>\n","protected":false},"excerpt":{"rendered":"<p>De la salle &amp; Saint-Christophe &amp; Saint-Pierre La page pr\u00e9sente : Une vue de la rue de la salle, un dessin de la rue saint-Christophe, Un dessin de la rue Saint-Pierre. Carte du livre : &#8230; Adresse : &#8230; Vous pouvez ajouter des commentaires en bas de page. Sujet \u00c9cole des trompettes du roi Lien [&hellip;]<\/p>\n","protected":false},"author":1,"featured_media":0,"parent":0,"menu_order":0,"comment_status":"closed","ping_status":"closed","template":"","meta":{"footnotes":""},"class_list":["post-124","page","type-page","status-publish","hentry"],"_links":{"self":[{"href":"https:\/\/saint-germain.us\/index.php\/wp-json\/wp\/v2\/pages\/124","targetHints":{"allow":["GET"]}}],"collection":[{"href":"https:\/\/saint-germain.us\/index.php\/wp-json\/wp\/v2\/pages"}],"about":[{"href":"https:\/\/saint-germain.us\/index.php\/wp-json\/wp\/v2\/types\/page"}],"author":[{"embeddable":true,"href":"https:\/\/saint-germain.us\/index.php\/wp-json\/wp\/v2\/users\/1"}],"replies":[{"embeddable":true,"href":"https:\/\/saint-germain.us\/index.php\/wp-json\/wp\/v2\/comments?post=124"}],"version-history":[{"count":35,"href":"https:\/\/saint-germain.us\/index.php\/wp-json\/wp\/v2\/pages\/124\/revisions"}],"predecessor-version":[{"id":2524,"href":"https:\/\/saint-germain.us\/index.php\/wp-json\/wp\/v2\/pages\/124\/revisions\/2524"}],"wp:attachment":[{"href":"https:\/\/saint-germain.us\/index.php\/wp-json\/wp\/v2\/media?parent=124"}],"curies":[{"name":"wp","href":"https:\/\/api.w.org\/{rel}","templated":true}]}}