{"id":157,"date":"2023-04-29T09:20:44","date_gmt":"2023-04-29T07:20:44","guid":{"rendered":"http:\/\/saint-germain.us\/?page_id=157"},"modified":"2023-10-04T09:07:15","modified_gmt":"2023-10-04T07:07:15","slug":"p67","status":"publish","type":"page","link":"https:\/\/saint-germain.us\/index.php\/p67\/","title":{"rendered":"P67"},"content":{"rendered":"\n<h2 class=\"wp-block-heading\">Mus\u00e9e Maurice Denis<\/h2>\n\n\n\n<hr class=\"wp-block-separator has-alpha-channel-opacity\"\/>\n\n\n<p><span style=\"color: #333399;\">La page pr\u00e9sente :<\/span><\/p>\n<ul>\n<li><span style=\"color: #333399;\">L&rsquo;escalier monumental,<\/span><\/li>\n<li><span style=\"color: #333399;\">La Chapelle Saint Louis,<\/span><\/li>\n<li><span style=\"color: #333399;\"><span style=\"caret-color: #333399;\">Un autoportrait de Maurice Denis au Prieur\u00e9 &nbsp;(1921 &#8211; Huile sur toile) &#8211; Voir ci-dessous.<\/span><\/span><\/li>\n<li><span style=\"color: #333399;\">Le vitrail, <em>La vierge au baiser &#8211; <\/em>qui est sans doute l\u2019\u0153uvre la plus personnelle et intime de l\u2019artiste. Pour dessiner la Vierge et l\u2019Enfant-J\u00e9sus, il s\u2019inspire directement des visages de sa femme et de son fils.&nbsp;<\/span><\/li>\n<li><span style=\"color: #333399;\">Des visiteurs.<\/span><\/li>\n<\/ul>\n<p><span style=\"color: #333399;\">Carte du livre : D<\/span><\/p>\n<p><span style=\"color: #333399;\">Adresse : 2 bis rue Maurice Denis<\/span><\/p>\n<p><em><span style=\"color: #333399;\">Vous pouvez ajouter des commentaires en bas de page.<\/span><\/em><\/p>\n\n\n<hr class=\"wp-block-separator has-alpha-channel-opacity\"\/>\n\n\n\n<div style=\"height:18px\" aria-hidden=\"true\" class=\"wp-block-spacer\"><\/div>\n\n\n\n<figure class=\"wp-block-image size-large\"><img loading=\"lazy\" decoding=\"async\" width=\"1024\" height=\"560\" src=\"http:\/\/saint-germain.us\/wp-content\/uploads\/2023\/08\/Musee-MD-vue-aerienne-1-1024x560.jpg\" alt=\"\" class=\"wp-image-2656\" srcset=\"https:\/\/saint-germain.us\/wp-content\/uploads\/2023\/08\/Musee-MD-vue-aerienne-1-1024x560.jpg 1024w, https:\/\/saint-germain.us\/wp-content\/uploads\/2023\/08\/Musee-MD-vue-aerienne-1-300x164.jpg 300w, https:\/\/saint-germain.us\/wp-content\/uploads\/2023\/08\/Musee-MD-vue-aerienne-1-768x420.jpg 768w, https:\/\/saint-germain.us\/wp-content\/uploads\/2023\/08\/Musee-MD-vue-aerienne-1-1536x841.jpg 1536w, https:\/\/saint-germain.us\/wp-content\/uploads\/2023\/08\/Musee-MD-vue-aerienne-1-2048x1121.jpg 2048w\" sizes=\"auto, (max-width: 1024px) 100vw, 1024px\" \/><figcaption class=\"wp-element-caption\">Vue a\u00e9rienne du Prieur\u00e9 (Am\u00e9lior\u00e9e Philippe GOUT)<\/figcaption><\/figure>\n\n\n\n<figure class=\"wp-block-image size-large\"><img loading=\"lazy\" decoding=\"async\" width=\"1024\" height=\"576\" src=\"http:\/\/saint-germain.us\/wp-content\/uploads\/2023\/08\/MD-Int-c-1024x576.jpg\" alt=\"\" class=\"wp-image-2285\" srcset=\"https:\/\/saint-germain.us\/wp-content\/uploads\/2023\/08\/MD-Int-c-1024x576.jpg 1024w, https:\/\/saint-germain.us\/wp-content\/uploads\/2023\/08\/MD-Int-c-300x169.jpg 300w, https:\/\/saint-germain.us\/wp-content\/uploads\/2023\/08\/MD-Int-c-768x432.jpg 768w, https:\/\/saint-germain.us\/wp-content\/uploads\/2023\/08\/MD-Int-c-1536x864.jpg 1536w, https:\/\/saint-germain.us\/wp-content\/uploads\/2023\/08\/MD-Int-c-2048x1152.jpg 2048w\" sizes=\"auto, (max-width: 1024px) 100vw, 1024px\" \/><figcaption class=\"wp-element-caption\">Int\u00e9rieur du mus\u00e9e (@Philippe GOUT)<\/figcaption><\/figure>\n\n\n\n<figure class=\"wp-block-image aligncenter size-large\"><img loading=\"lazy\" decoding=\"async\" width=\"576\" height=\"1024\" src=\"http:\/\/saint-germain.us\/wp-content\/uploads\/2023\/08\/MD-int-2-576x1024.jpg\" alt=\"\" class=\"wp-image-1986\" srcset=\"https:\/\/saint-germain.us\/wp-content\/uploads\/2023\/08\/MD-int-2-576x1024.jpg 576w, https:\/\/saint-germain.us\/wp-content\/uploads\/2023\/08\/MD-int-2-169x300.jpg 169w, https:\/\/saint-germain.us\/wp-content\/uploads\/2023\/08\/MD-int-2-768x1365.jpg 768w, https:\/\/saint-germain.us\/wp-content\/uploads\/2023\/08\/MD-int-2-864x1536.jpg 864w, https:\/\/saint-germain.us\/wp-content\/uploads\/2023\/08\/MD-int-2-1152x2048.jpg 1152w, https:\/\/saint-germain.us\/wp-content\/uploads\/2023\/08\/MD-int-2-scaled.jpg 1440w\" sizes=\"auto, (max-width: 576px) 100vw, 576px\" \/><figcaption class=\"wp-element-caption\">Visiteurs dans un couloir du mus\u00e9e (@Philippe GOUT)<\/figcaption><\/figure>\n\n\n\n<figure class=\"wp-block-image size-large\"><img loading=\"lazy\" decoding=\"async\" width=\"1024\" height=\"576\" src=\"http:\/\/saint-germain.us\/wp-content\/uploads\/2023\/05\/Maurice-Denis-tombe-1024x576.jpg\" alt=\"\" class=\"wp-image-816\" srcset=\"https:\/\/saint-germain.us\/wp-content\/uploads\/2023\/05\/Maurice-Denis-tombe-1024x576.jpg 1024w, https:\/\/saint-germain.us\/wp-content\/uploads\/2023\/05\/Maurice-Denis-tombe-300x169.jpg 300w, https:\/\/saint-germain.us\/wp-content\/uploads\/2023\/05\/Maurice-Denis-tombe-768x432.jpg 768w, https:\/\/saint-germain.us\/wp-content\/uploads\/2023\/05\/Maurice-Denis-tombe-1536x864.jpg 1536w, https:\/\/saint-germain.us\/wp-content\/uploads\/2023\/05\/Maurice-Denis-tombe-2048x1152.jpg 2048w\" sizes=\"auto, (max-width: 1024px) 100vw, 1024px\" \/><\/figure>\n\n\n<p style=\"text-align: center;\">Tombe de Maurice Denis (<a href=\"http:\/\/saint-germain.us\/index.php\/p30\/\">vieux cimeti\u00e8re<\/a>).<\/p>\n\n\n<hr class=\"wp-block-separator has-alpha-channel-opacity\"\/>\n\n\n\n<div style=\"height:18px\" aria-hidden=\"true\" class=\"wp-block-spacer\"><\/div>\n\n\n\n<figure class=\"wp-block-table\"><table><tbody><tr><td>Sujet <\/td><td>Autoportrait de Maurice Denis<\/td><\/tr><tr><td>Lien<\/td><td><a href=\"https:\/\/collections.musee-mauricedenis.fr\/fr\/museum\/document\/portrait-de-l-artiste-au-prieure\/63cd4b745fd9bbba3af50680?pageId=63db7cfe883710466ab701ca&amp;pos=10\">Ici<\/a><\/td><\/tr><tr><td>Origine<\/td><td>Yvelines D\u00e9partement<\/td><\/tr><tr><td><\/td><td>Portail des collections<\/td><\/tr><tr><td>Date de r\u00e9vision<\/td><td>23\/05\/2023<\/td><\/tr><\/tbody><\/table><\/figure>\n\n\n\n<p>Apr\u00e8s la mort de son \u00e9pouse Marthe en 1919, Maurice Denis se retrouve seul avec de jeunes enfants et dans un grand d\u00e9sarroi mat\u00e9riel et moral. Cette toile o\u00f9 l\u2019artiste s\u2019est repr\u00e9sent\u00e9 peignant dans le jardin devant sa maison et entour\u00e9 des siens raconte l\u2019histoire de sa famille : ses deux gar\u00e7ons jouent, les filles bavardent et sur la terrasse, pr\u00e8s de No\u00eble pensive, Marthe, aussi r\u00e9elle et pr\u00e9sente que les autres, accueille \u00c9lisabeth, la future \u00e9pouse, et lui ouvre les bras. Une premi\u00e8re version de cet autoportrait devant le Prieur\u00e9, dat\u00e9e de 1916, est conserv\u00e9e \u00e0 la Galerie des Offices \u00e0 Florence.&nbsp;<\/p>\n\n\n\n<hr class=\"wp-block-separator has-alpha-channel-opacity\"\/>\n\n\n\n<div style=\"height:18px\" aria-hidden=\"true\" class=\"wp-block-spacer\"><\/div>\n\n\n\n<figure class=\"wp-block-table\"><table><tbody><tr><td>Sujet <\/td><td>Maurice Denis<\/td><\/tr><tr><td>Lien<\/td><td>Non<\/td><\/tr><tr><td>Origine<\/td><td>Sur les pas de Maurice Denis<\/td><\/tr><tr><td><\/td><td>Livret disponible au mus\u00e9e<\/td><\/tr><tr><td>Date de r\u00e9vision<\/td><td>21\/05\/2023<\/td><\/tr><\/tbody><\/table><\/figure>\n\n\n\n<p>Maurice Denis (1870-1943) fut tout \u00e0 la fois peintre, d\u00e9corateur, peintre verrier, illustrateur, mais aussi th\u00e9oricien, critique et historien de l\u2019art, conf\u00e9rencier et enseignant. Tr\u00e8s engag\u00e9 dans la vie artistique et culturelle de son temps, \u00e9lu \u00e0 l\u2019Acad\u00e9mie des Beaux-arts en 1932, il compte parmi les figures illustres de la ville de Saint-Germain-en-Laye, o\u00f9 il a v\u00e9cu toute sa vie.<\/p>\n\n\n\n<div style=\"height:18px\" aria-hidden=\"true\" class=\"wp-block-spacer\"><\/div>\n\n\n\n<figure class=\"wp-block-image size-large\"><img loading=\"lazy\" decoding=\"async\" width=\"723\" height=\"1024\" src=\"http:\/\/saint-germain.us\/wp-content\/uploads\/2023\/05\/Capture-decran-2023-05-21-a-07.46.51-723x1024.png\" alt=\"\" class=\"wp-image-691\" srcset=\"https:\/\/saint-germain.us\/wp-content\/uploads\/2023\/05\/Capture-decran-2023-05-21-a-07.46.51-723x1024.png 723w, https:\/\/saint-germain.us\/wp-content\/uploads\/2023\/05\/Capture-decran-2023-05-21-a-07.46.51-212x300.png 212w, https:\/\/saint-germain.us\/wp-content\/uploads\/2023\/05\/Capture-decran-2023-05-21-a-07.46.51-768x1088.png 768w, https:\/\/saint-germain.us\/wp-content\/uploads\/2023\/05\/Capture-decran-2023-05-21-a-07.46.51-1084x1536.png 1084w, https:\/\/saint-germain.us\/wp-content\/uploads\/2023\/05\/Capture-decran-2023-05-21-a-07.46.51.png 1258w\" sizes=\"auto, (max-width: 723px) 100vw, 723px\" \/><\/figure>\n\n\n\n<hr class=\"wp-block-separator has-alpha-channel-opacity\"\/>\n\n\n\n<p>Peintre chr\u00e9tien qui a \u0153uvr\u00e9 avec force pour le renouveau de l\u2019art religieux au XXe si\u00e8cle, Maurice Denis est essentiellement connu pour sa production picturale. Pourtant, il a aussi oeuvr\u00e9 toute sa vie pour un autre art qu\u2019il mettait sur le m\u00eame pied d\u2019\u00e9galit\u00e9 que la peinture : l\u2019art du vitrail. M\u00e9connu, cet aspect de son \u0153uvre contribue pourtant \u00e0 comprendre davantage le croyant qu\u2019il \u00e9tait mais aussi l\u2019artiste qu\u2019il a toujours voulu \u00eatre. Un artiste d\u2019avant-garde au service de l\u2019\u00c9glise et de la foi.<\/p>\n\n\n\n<hr class=\"wp-block-separator has-alpha-channel-opacity\"\/>\n\n\n<p>Maurice Denis (1870-1943) est un artiste aux talents pluriels, dont la production d\u00e9concerte par sa multiplicit\u00e9 et sa vari\u00e9t\u00e9. Il fut tout \u00e0 la fois un th\u00e9oricien et un \u00e9crivain d\u2019art f\u00e9cond, un d\u00e9corateur prolifique, un artiste chr\u00e9tien engag\u00e9 dans le renouveau de l\u2019art d\u2019\u00c9glise, mais aussi essentiellement un peintre de l\u2019intime.<br \/>Son \u0153uvre entier puise son souffle dans son v\u00e9cu et s\u2019enracine dans la sph\u00e8re des sentiments, o\u00f9 l\u2019amour de la femme occupe la premi\u00e8re place.<br \/>Cet ouvrage, o\u00f9 dialoguent subtilement textes et images, fait p\u00e9n\u00e9trer dans les secrets du c\u0153ur d\u2019un homme, que l\u2019on d\u00e9couvre ici sous un nouveau visage.<\/p>\n\n\n<div style=\"height:18px\" aria-hidden=\"true\" class=\"wp-block-spacer\"><\/div>\n\n\n\n<figure class=\"wp-block-table\"><table><tbody><tr><td>Sujet <\/td><td>Maurice Denis &#8211; Femmes aim\u00e9es<\/td><\/tr><tr><td>Lien<\/td><td><a href=\"https:\/\/www.editionsdesfalaises.fr\/maurice-denis-femmes-aimees\">ICI<\/a><\/td><\/tr><tr><td>Origine<\/td><td>Fabienne Stahl<\/td><\/tr><tr><td><\/td><td><\/td><\/tr><tr><td>Date de r\u00e9vision<\/td><td>21\/05\/2023<\/td><\/tr><\/tbody><\/table><\/figure>\n\n\n\n<div style=\"height:18px\" aria-hidden=\"true\" class=\"wp-block-spacer\"><\/div>\n\n\n\n<figure class=\"wp-block-image size-large\"><img loading=\"lazy\" decoding=\"async\" width=\"1024\" height=\"769\" src=\"http:\/\/saint-germain.us\/wp-content\/uploads\/2023\/05\/Capture-decran-2023-05-21-a-09.42.15-1024x769.png\" alt=\"\" class=\"wp-image-701\" srcset=\"https:\/\/saint-germain.us\/wp-content\/uploads\/2023\/05\/Capture-decran-2023-05-21-a-09.42.15-1024x769.png 1024w, https:\/\/saint-germain.us\/wp-content\/uploads\/2023\/05\/Capture-decran-2023-05-21-a-09.42.15-300x225.png 300w, https:\/\/saint-germain.us\/wp-content\/uploads\/2023\/05\/Capture-decran-2023-05-21-a-09.42.15-768x577.png 768w, https:\/\/saint-germain.us\/wp-content\/uploads\/2023\/05\/Capture-decran-2023-05-21-a-09.42.15.png 1380w\" sizes=\"auto, (max-width: 1024px) 100vw, 1024px\" \/><\/figure>\n\n\n\n<hr class=\"wp-block-separator has-alpha-channel-opacity\"\/>\n\n\n\n<p>Le Mus\u00e9e Maurice Denis publie son premier guide des collections destin\u00e9 au grand public. Cet ouvrage d\u2019une soixantaine de pages offre sous une forme claire, rapide et ais\u00e9ment consultable une information abondamment illustr\u00e9e sur le Mus\u00e9e et ses collections. Il vise \u00e0 les faire conna\u00eetre plus largement et peut aussi s\u2019utiliser sur place comme un document d\u2019aide \u00e0 la visite.<\/p>\n\n\n\n<div style=\"height:18px\" aria-hidden=\"true\" class=\"wp-block-spacer\"><\/div>\n\n\n\n<figure class=\"wp-block-image size-large\"><img loading=\"lazy\" decoding=\"async\" width=\"1024\" height=\"759\" src=\"http:\/\/saint-germain.us\/wp-content\/uploads\/2023\/07\/IMG_3794-scaled-e1690123735394-1024x759.jpg\" alt=\"\" class=\"wp-image-1319\" srcset=\"https:\/\/saint-germain.us\/wp-content\/uploads\/2023\/07\/IMG_3794-scaled-e1690123735394-1024x759.jpg 1024w, https:\/\/saint-germain.us\/wp-content\/uploads\/2023\/07\/IMG_3794-scaled-e1690123735394-300x222.jpg 300w, https:\/\/saint-germain.us\/wp-content\/uploads\/2023\/07\/IMG_3794-scaled-e1690123735394-768x569.jpg 768w, https:\/\/saint-germain.us\/wp-content\/uploads\/2023\/07\/IMG_3794-scaled-e1690123735394-1536x1138.jpg 1536w, https:\/\/saint-germain.us\/wp-content\/uploads\/2023\/07\/IMG_3794-scaled-e1690123735394.jpg 1657w\" sizes=\"auto, (max-width: 1024px) 100vw, 1024px\" \/><figcaption class=\"wp-element-caption\">La dame au jardin clos (photo@Philippe GOUT)<\/figcaption><\/figure>\n\n\n\n<hr class=\"wp-block-separator has-alpha-channel-opacity\"\/>\n\n\n\n<div style=\"height:18px\" aria-hidden=\"true\" class=\"wp-block-spacer\"><\/div>\n\n\n\n<figure class=\"wp-block-table\"><table><tbody><tr><td>Sujet <\/td><td>Maurice Denis &#8211; Guide des collections<\/td><\/tr><tr><td>Lien<\/td><td><a href=\"https:\/\/www.musee-mauricedenis.fr\/agenda-evenements\/prochaines-manifestations\/article\/parution-du-guide-des-collections\">ICI<\/a><\/td><\/tr><tr><td>Origine<\/td><td>Yvelines &#8211; Le d\u00e9partement<\/td><\/tr><tr><td><\/td><td><\/td><\/tr><tr><td>Date de r\u00e9vision<\/td><td>21\/05\/2023<\/td><\/tr><\/tbody><\/table><\/figure>\n\n\n\n<div style=\"height:18px\" aria-hidden=\"true\" class=\"wp-block-spacer\"><\/div>\n\n\n\n<figure class=\"wp-block-image size-full\"><img loading=\"lazy\" decoding=\"async\" width=\"566\" height=\"796\" src=\"http:\/\/saint-germain.us\/wp-content\/uploads\/2023\/05\/Livre-Fabienne.jpg\" alt=\"\" class=\"wp-image-705\" srcset=\"https:\/\/saint-germain.us\/wp-content\/uploads\/2023\/05\/Livre-Fabienne.jpg 566w, https:\/\/saint-germain.us\/wp-content\/uploads\/2023\/05\/Livre-Fabienne-213x300.jpg 213w\" sizes=\"auto, (max-width: 566px) 100vw, 566px\" \/><\/figure>\n\n\n\n<p>Le guide s\u2019attache tout d\u2019abord \u00e0 l\u2019histoire du site, h\u00f4pital royal au XVIIe si\u00e8cle devenu demeure d\u2019artiste au temps de Maurice Denis, avant d\u2019\u00eatre transform\u00e9 en mus\u00e9e par le D\u00e9partement en 1980. Il retrace \u00e9galement l\u2019histoire des collections, constitu\u00e9es \u00e0 partir de la donation initiale de la famille du peintre en 1976 et comptant aujourd\u2019hui plus de 5 000 num\u00e9ros \u00e0 l\u2019inventaire. Apr\u00e8s avoir pr\u00e9sent\u00e9 les composantes de ce lieu d\u2019exception \u2013 b\u00e2timent principal, chapelle, atelier, jardin \u2013 il offre un floril\u00e8ge des peintures, d\u00e9cors muraux, vitraux, objets d\u2019art, \u0153uvres graphiques et manuscrits qui forment ses collections ax\u00e9es sur l\u2019\u0153uvre de Maurice Denis et des artistes symbolistes et nabis.<\/p>\n\n\n\n<p><\/p>\n\n\n\n<figure class=\"wp-block-table\"><table><tbody><tr><td>Sujet <\/td><td>Lettres de Louis Forest \u00e0 Maurice Denis<\/td><\/tr><tr><td>Lien<\/td><td><a href=\"https:\/\/archives.yvelines.fr\/rechercher\/archives-en-ligne\/correspondances-du-musee-departemental-maurice-denis\">ICI<\/a><\/td><\/tr><tr><td>Origine<\/td><td>Les Amis du Vieux Saint-Germain &#8211; Fabienne Stahl<\/td><\/tr><tr><td><\/td><td>Page 83<\/td><\/tr><tr><td>Date de r\u00e9vision<\/td><td>04\/10\/2023<\/td><\/tr><\/tbody><\/table><\/figure>\n\n\n\n<p><img decoding=\"async\" width=\"594.959982\" height=\"176.600000\" src=\"blob:http:\/\/saint-germain.us\/42d23198-6cc0-4f5d-a5a6-175456429af7\" alt=\"page1image5943280\"><\/p>\n\n\n\n<p>Cette page d\u2019archive, \u00e9crite dans le cadre de la c\u00e9l\u00e9bration du centenaire des Amis du Vieux Saint- Germain, en lien avec un article \u00e0 para\u00eetre dans le prochain bulletin, propose de mettre en lumi\u00e8re une des lettres \u00e9crites par Louis Forest \u00e0 Maurice Denis. Ce manuscrit, inventori\u00e9 sous le num\u00e9ro 4210, est consultable et t\u00e9l\u00e9chargeable en ligne sur la base de donn\u00e9es des \u00ab Archives patrimoniales du mus\u00e9e Maurice Denis \u00bb, h\u00e9berg\u00e9e par le site des Archives d\u00e9partementales des Yvelines :&nbsp;https:\/\/archives.yvelines.fr\/rechercher\/archives-en-ligne\/correspondances-du-musee-departemental- maurice-denis<\/p>\n\n\n\n<p>Inutile de pr\u00e9senter l\u2019exp\u00e9diteur et le destinataire de cette missive, bien connus des Amis du Vieux Saint- Germain, le premier \u00e9tant le pr\u00e9sident&nbsp;fondateur de la Soci\u00e9t\u00e9 et le second un des piliers de l\u2019association&nbsp;d\u00e8s sa cr\u00e9ation.<br>Louis&nbsp;Forest, domicili\u00e9 28 rue d\u2019Alsace \u00e0 Saint-Germain-en-Laye (Seine &amp; Oise) comme l\u2019indique son&nbsp;papier \u00e0 ent\u00eate, \u00e9crit \u00e0 Maurice Denis, le 15 janvier 1920 :<\/p>\n\n\n\n<p><em>Cher monsieur<\/em><\/p>\n\n\n\n<p><em>J\u2019ai pouss\u00e9 \u00e0 la fondation \u00e0 St Germain d\u2019un syndicat d\u2019initiative qui va essayer d\u2019int\u00e9resser les habitants de St Germain \u00e0 leur ville, les habituer \u00e0 la conna\u00eetre, de sorte qu\u2019ils aiment son histoire, son pass\u00e9 et son avenir.<\/em><\/p>\n\n\n\n<p><em>Le premier but est de sauver la terrasse de St-Germain en la faisant classer comme monument historique. Vous ne savez sans doute pas que des [usines] ach\u00e8tent des&nbsp;<\/em><em>terrains dans la plaine et vont modifier d\u2019une fa\u00e7on bien f\u00e2cheuse une vue d\u00e9j\u00e0 bien&nbsp;<\/em><em>ab\u00eem\u00e9e. Je pense que vous nous aiderez \u00e0 canaliser les [mot illisible] qui se pr\u00e9parent.<\/em><\/p>\n\n\n\n<p><em>D\u2019autre part, j\u2019ai appris que vous avez demand\u00e9 une rue pour Debussy. Je me suis h\u00e2t\u00e9 au conseil municipal, de r\u00e9veiller cette id\u00e9e. Des amis \u00e0 moi m\u2019offrent d\u2019\u00e9lever un&nbsp;<\/em><em>monument \u00e0 St Germain au musicien et de faire, au printemps, une vaste manifestation&nbsp;<\/em><em>musicale, ici, en l\u2019honneur du passionnant artiste. Cela entre bien dans le programme du syndicat d\u2019initiative. Je serai tr\u00e8s heureux d\u2019avoir votre avis sur ces sujets.<\/em><\/p>\n\n\n\n<p><em>Je vous prie de croire, cher monsieur, \u00e0 mes meilleurs sentiments. Louis Forest<\/em><\/p>\n\n\n\n<p>Cette lettre rapide, un peu brouillon (on rel\u00e8vera deux ratures), m\u00e9ritait un focus tant elle appara\u00eet programmatique. Elle \u00e9voque la question centrale du tourisme, celle de la sauvegarde du patrimoine mais&nbsp;aussi les projets d\u2019action culturelle, notamment autour de la musique. Elle montre les ambitions du conseiller municipal et ses qualit\u00e9s diplomatiques, sollicitant l\u2019appui d\u2019une des personnalit\u00e9s de la ville.<\/p>\n\n\n\n<p>On serait curieux de conna\u00eetre la lettre \u00e9crite en retour par le peintre, qui a not\u00e9 \u00ab&nbsp;<em>r\u00e9pondu&nbsp;<\/em>\u00bb sur la lettre re\u00e7ue. Les lettres de Denis \u00e0 Forest auraient-elles \u00e9t\u00e9 conserv\u00e9es ? Avis aux chercheurs ! Cependant sa r\u00e9ponse a sans doute \u00e9t\u00e9 tr\u00e8s rapide puisque dans une seconde lettre du 21 janvier, Forest y fait allusion, le peintre&nbsp;s\u2019excusant de s\u2019\u00eatre \u00e9cart\u00e9 de \u00ab&nbsp;<em>la vie active&nbsp;<\/em>\u00bb du fait du d\u00e9c\u00e8s de Marthe quelques mois plus t\u00f4t.<\/p>\n\n\n\n<p><img decoding=\"async\" src=\"blob:http:\/\/saint-germain.us\/1b395b92-e0f8-4a09-ace0-bd84d6e43755\" alt=\"page1image5943488\" width=\"486.840000\" height=\"0.840000\">&nbsp;<img decoding=\"async\" src=\"blob:http:\/\/saint-germain.us\/a5116cef-5e47-4e0a-8f12-016a91aebba8\" alt=\"page1image5943696\" width=\"69.144000\" height=\"0.840000\"><\/p>\n\n\n\n<p>Les Amis du Vieux Saint-Germain&nbsp;\u2013 Une page d\u2019Archive n\u00b0&nbsp;83 du 4\/10\/2023<\/p>\n\n\n\n<p><img decoding=\"async\" src=\"blob:http:\/\/saint-germain.us\/26593982-75fd-460b-9d3c-9c9c4204ee9c\" alt=\"page2image5931008\" width=\"323.230000\" height=\"418.650000\"><\/p>\n\n\n\n<p>Dans cette seconde lettre, Louis Forest part dans une diatribe contre&nbsp;l\u2019industrialisation de la vall\u00e9e de la&nbsp;Seine sur les rives du Pecq : \u00ab&nbsp;<em>Nous ne pouvons pas faire que Paris, grandissant selon la myst\u00e9rieuse loi de migration des villes&nbsp;<\/em><em>s\u2019avance&nbsp;<\/em><em>vers&nbsp;<\/em><em>l\u2019ouest<\/em><em>, pr\u00e9c\u00e9d\u00e9 dans sa marche par sa&nbsp;<\/em><em>ceinture d\u2019usines&#8230;&nbsp;<\/em>, soulignant que la ville de Saint-Germain va connaitre des \u00ab&nbsp;<em>bouleversements&nbsp;<\/em>\u00bb qui vont lui faire perdre son \u00e2me.<\/p>\n\n\n\n<p>Il justifie ainsi la cr\u00e9ation du Syndicat&nbsp;d\u2019Initiative avec pour premiers objectifs&nbsp;d\u2019obtenir le classement&nbsp;de la Terrasse et un droit de regard sur les am\u00e9nagements sportifs pr\u00e9vus dans la for\u00eat.<\/p>\n\n\n\n<p>Il conclut en disant&nbsp;<em>\u00ab mon premier&nbsp;<\/em><em>but est d\u2019int\u00e9resser&nbsp;<\/em><em>les habitants de la ville, les petits et les grands, \u00e0&nbsp;<\/em><em>l\u2019histoire de la localit\u00e9<\/em><em>. Vous ne pourrez rien faire d\u00e9fendre par des indiff\u00e9rents. Si vous ne commencez par une \u00e9ducation collective, vous&nbsp;<\/em><em>n\u2019aurez personne pour protester efficacement lorsqu\u2019il le faudra&#8230;&nbsp;<\/em><em>\u00bb.<\/em><\/p>\n\n\n\n<p>Sans doute par ces mots pressentait-il son intention de soutenir, en en acceptant la pr\u00e9sidence, une association&nbsp;s\u2019attachant \u00e0 faire connaitre l\u2019histoire de la ville, ce qu\u2019il fit quelques ann\u00e9es plus tard en 1923&nbsp;avec les Amis du Vieux Saint-Germain.<\/p>\n\n\n\n<p>La correspondance suivra (7 lettres de Forest sont conserv\u00e9es dans les archives du mus\u00e9e), avec une derni\u00e8re carte dat\u00e9e du 14 mars 1925 (Ms 4214), \u00e9crite de Paris (169 boulevard Haussmann), en r\u00e9ponse&nbsp;\u00e0 une invitation de l\u2019artiste \u00e0 l\u2019inauguration de son d\u00e9cor sur l\u2019Histoire de l\u2019art fran\u00e7ais au mus\u00e9e du Petit Palais.<\/p>\n\n\n\n<p>Fabienne STAHL Attach\u00e9e de conservation du patrimoine mus\u00e9e d\u00e9partemental Maurice Denis<\/p>\n\n\n\n<p><\/p>\n\n\n\n<hr class=\"wp-block-separator has-alpha-channel-opacity\"\/>\n\n\n<p>Pr\u00e9c\u00e9demment &#8230; <a href=\"http:\/\/saint-germain.us\/index.php\/p66\/\">Ici<\/a><\/p>\n\n\n<hr class=\"wp-block-separator has-alpha-channel-opacity\"\/>\n\n\n\n<h5 class=\"wp-block-heading\">commentaires :<a href=\"http:\/\/saint-germain.us\/index.php\/page-d-exemple\/\"> ICI<\/a><\/h5>\n\n\n\n<hr class=\"wp-block-separator has-alpha-channel-opacity\"\/>\n","protected":false},"excerpt":{"rendered":"<p>Mus\u00e9e Maurice Denis La page pr\u00e9sente : L&rsquo;escalier monumental, La Chapelle Saint Louis, Un autoportrait de Maurice Denis au Prieur\u00e9 &nbsp;(1921 &#8211; Huile sur toile) &#8211; Voir ci-dessous. Le vitrail, La vierge au baiser &#8211; qui est sans doute l\u2019\u0153uvre la plus personnelle et intime de l\u2019artiste. Pour dessiner la Vierge et l\u2019Enfant-J\u00e9sus, il s\u2019inspire [&hellip;]<\/p>\n","protected":false},"author":1,"featured_media":0,"parent":0,"menu_order":0,"comment_status":"closed","ping_status":"closed","template":"","meta":{"footnotes":""},"class_list":["post-157","page","type-page","status-publish","hentry"],"_links":{"self":[{"href":"https:\/\/saint-germain.us\/index.php\/wp-json\/wp\/v2\/pages\/157","targetHints":{"allow":["GET"]}}],"collection":[{"href":"https:\/\/saint-germain.us\/index.php\/wp-json\/wp\/v2\/pages"}],"about":[{"href":"https:\/\/saint-germain.us\/index.php\/wp-json\/wp\/v2\/types\/page"}],"author":[{"embeddable":true,"href":"https:\/\/saint-germain.us\/index.php\/wp-json\/wp\/v2\/users\/1"}],"replies":[{"embeddable":true,"href":"https:\/\/saint-germain.us\/index.php\/wp-json\/wp\/v2\/comments?post=157"}],"version-history":[{"count":40,"href":"https:\/\/saint-germain.us\/index.php\/wp-json\/wp\/v2\/pages\/157\/revisions"}],"predecessor-version":[{"id":3299,"href":"https:\/\/saint-germain.us\/index.php\/wp-json\/wp\/v2\/pages\/157\/revisions\/3299"}],"wp:attachment":[{"href":"https:\/\/saint-germain.us\/index.php\/wp-json\/wp\/v2\/media?parent=157"}],"curies":[{"name":"wp","href":"https:\/\/api.w.org\/{rel}","templated":true}]}}