{"id":166,"date":"2023-04-29T09:21:53","date_gmt":"2023-04-29T07:21:53","guid":{"rendered":"http:\/\/saint-germain.us\/?page_id=166"},"modified":"2023-08-10T18:32:29","modified_gmt":"2023-08-10T16:32:29","slug":"p69","status":"publish","type":"page","link":"https:\/\/saint-germain.us\/index.php\/p69\/","title":{"rendered":"P69"},"content":{"rendered":"\n<h2 class=\"wp-block-heading\">Le Mus\u00e9e Arch\u00e9ologique National<\/h2>\n\n\n\n<hr class=\"wp-block-separator has-alpha-channel-opacity\"\/>\n\n\n<p><span style=\"color: #333399;\">La page pr\u00e9sente :<\/span><\/p>\n<ul>\n<li><span style=\"color: #000080;\">Le cr\u00e2ne d&rsquo;un m\u00e9gaceros. Le m\u00e9gac\u00e9ros poss\u00e9dait des bois extraordinairement d\u00e9velopp\u00e9s. Leur envergure pouvait d\u00e9passer quatre m\u00e8tres, ce qui obligeait l\u2019animal \u00e0 vivre en for\u00eat claire ou en lisi\u00e8re de for\u00eat plus dense. Il s\u2019est \u00e9teint \u00e0 la fin des temps glaciaires, il y a 10 000 ans, \u00e0 cause du r\u00e9chauffement du climat et du d\u00e9veloppement du couvert forestier.<\/span><\/li>\n<li><span style=\"color: #000080;\">Un dessin de l&rsquo;acc\u00e8s au mus\u00e9e.<\/span><\/li>\n<li><span style=\"color: #000080;\">Un canon de renne avec une repr\u00e9sentation des biches du Chaffaud.<\/span><\/li>\n<\/ul>\n<p><span style=\"color: #333399;\">Carte du livre : B<\/span><\/p>\n<p><span style=\"color: #333399;\">Adresse : 1 place Charles de Gaulle<\/span><\/p>\n<p><em><span style=\"color: #333399;\">Vous pouvez ajouter des commentaires en bas de page.<\/span><\/em><\/p>\n\n\n<hr class=\"wp-block-separator has-alpha-channel-opacity\"\/>\n\n\n\n<div style=\"height:18px\" aria-hidden=\"true\" class=\"wp-block-spacer\"><\/div>\n\n\n\n<figure class=\"wp-block-image size-large\"><img loading=\"lazy\" decoding=\"async\" width=\"663\" height=\"1024\" src=\"http:\/\/saint-germain.us\/wp-content\/uploads\/2023\/07\/Affiche-663x1024.jpg\" alt=\"\" class=\"wp-image-1486\" srcset=\"https:\/\/saint-germain.us\/wp-content\/uploads\/2023\/07\/Affiche-663x1024.jpg 663w, https:\/\/saint-germain.us\/wp-content\/uploads\/2023\/07\/Affiche-194x300.jpg 194w, https:\/\/saint-germain.us\/wp-content\/uploads\/2023\/07\/Affiche-768x1186.jpg 768w, https:\/\/saint-germain.us\/wp-content\/uploads\/2023\/07\/Affiche-994x1536.jpg 994w, https:\/\/saint-germain.us\/wp-content\/uploads\/2023\/07\/Affiche-1326x2048.jpg 1326w, https:\/\/saint-germain.us\/wp-content\/uploads\/2023\/07\/Affiche-scaled.jpg 1657w\" sizes=\"auto, (max-width: 663px) 100vw, 663px\" \/><figcaption class=\"wp-element-caption\">Affiche Saint-Germain (Am\u00e9lior\u00e9e@Philippe GOUT)<\/figcaption><\/figure>\n\n\n\n<hr class=\"wp-block-separator has-alpha-channel-opacity\"\/>\n\n\n\n<div style=\"height:18px\" aria-hidden=\"true\" class=\"wp-block-spacer\"><\/div>\n\n\n\n<figure class=\"wp-block-table\"><table><tbody><tr><td>Sujet <\/td><td>Le m\u00e9gac\u00e9ros<\/td><\/tr><tr><td>Lien<\/td><td><a href=\"https:\/\/musee-archeologienationale.fr\/collection\/objet\/megaceros\">Ici<\/a><\/td><\/tr><tr><td>Origine<\/td><td>MAN<\/td><\/tr><tr><td><\/td><td><\/td><\/tr><tr><td>Date de r\u00e9vision<\/td><td>01\/08\/2023<\/td><\/tr><\/tbody><\/table><\/figure>\n\n\n\n<hr class=\"wp-block-separator has-alpha-channel-opacity\"\/>\n\n\n\n<div style=\"height:18px\" aria-hidden=\"true\" class=\"wp-block-spacer\"><\/div>\n\n\n\n<figure class=\"wp-block-table\"><table><tbody><tr><td>Sujet <\/td><td>Les biches du Chaffaud<\/td><\/tr><tr><td>Lien<\/td><td><a href=\"https:\/\/musee-archeologienationale.fr\/collection\/objet\/les-biches-du-chaffaud\">Ici<\/a><\/td><\/tr><tr><td>Origine<\/td><td>MAN<\/td><\/tr><tr><td><\/td><td><\/td><\/tr><tr><td>Date de r\u00e9vision<\/td><td>01\/08\/2023<\/td><\/tr><\/tbody><\/table><\/figure>\n\n\n\n<p>Au XIXe si\u00e8cle, l&rsquo;art pal\u00e9olithique est consid\u00e9r\u00e9 comme un passe-temps de l&rsquo;homme pr\u00e9historique d\u00e9soeuvr\u00e9 ! C&rsquo;est la th\u00e9orie de \u00ab l&rsquo;art pour l&rsquo;art \u00bb. La d\u00e9couverte de l&rsquo;art pari\u00e9tal bouleverse cette approche : peut-on rechercher la beaut\u00e9 dans l&rsquo;obscurit\u00e9 et l&rsquo;humidit\u00e9 d&rsquo;une grotte ? Le d\u00e9but du XXe si\u00e8cle voit l&rsquo;\u00e9tude des peuples dits primitifs par les premiers ethnographes europ\u00e9ens. Les arch\u00e9ologues appliquent ces observations aux peuples pr\u00e9historiques, qu&rsquo;ils jugent comparables. La cr\u00e9ation artistique est alors expliqu\u00e9e par l&rsquo;intention ou l&rsquo;action magique. C&rsquo;est la th\u00e9orie de \u00ab l&rsquo;art magique \u00bb. Pendant la premi\u00e8re moiti\u00e9 du XXe si\u00e8cle, \u013e&rsquo;abb\u00e9 Henri Breuil voit dans l&rsquo;art pal\u00e9olithique l&rsquo;expression d&rsquo;une mythologie voire d&rsquo;une religion. Il est le premier \u00e0 mettre en \u00e9vidence le caract\u00e8re spirituel de l&rsquo;art pr\u00e9historique. <\/p>\n\n\n\n<p><em>Texte du MAN<\/em><\/p>\n\n\n\n<hr class=\"wp-block-separator has-alpha-channel-opacity\"\/>\n\n\n\n<p>Pr\u00e9c\u00e9demment &#8230; <a href=\"http:\/\/saint-germain.us\/index.php\/p68\/\">Ici<\/a><\/p>\n\n\n\n<hr class=\"wp-block-separator has-alpha-channel-opacity\"\/>\n\n\n\n<h5 class=\"wp-block-heading\">commentaires :<a href=\"http:\/\/saint-germain.us\/index.php\/page-d-exemple\/\"> ICI<\/a><\/h5>\n\n\n\n<hr class=\"wp-block-separator has-alpha-channel-opacity\"\/>\n","protected":false},"excerpt":{"rendered":"<p>Le Mus\u00e9e Arch\u00e9ologique National La page pr\u00e9sente : Le cr\u00e2ne d&rsquo;un m\u00e9gaceros. Le m\u00e9gac\u00e9ros poss\u00e9dait des bois extraordinairement d\u00e9velopp\u00e9s. Leur envergure pouvait d\u00e9passer quatre m\u00e8tres, ce qui obligeait l\u2019animal \u00e0 vivre en for\u00eat claire ou en lisi\u00e8re de for\u00eat plus dense. Il s\u2019est \u00e9teint \u00e0 la fin des temps glaciaires, il y a 10 000 [&hellip;]<\/p>\n","protected":false},"author":1,"featured_media":0,"parent":0,"menu_order":0,"comment_status":"closed","ping_status":"closed","template":"","meta":{"footnotes":""},"class_list":["post-166","page","type-page","status-publish","hentry"],"_links":{"self":[{"href":"https:\/\/saint-germain.us\/index.php\/wp-json\/wp\/v2\/pages\/166","targetHints":{"allow":["GET"]}}],"collection":[{"href":"https:\/\/saint-germain.us\/index.php\/wp-json\/wp\/v2\/pages"}],"about":[{"href":"https:\/\/saint-germain.us\/index.php\/wp-json\/wp\/v2\/types\/page"}],"author":[{"embeddable":true,"href":"https:\/\/saint-germain.us\/index.php\/wp-json\/wp\/v2\/users\/1"}],"replies":[{"embeddable":true,"href":"https:\/\/saint-germain.us\/index.php\/wp-json\/wp\/v2\/comments?post=166"}],"version-history":[{"count":17,"href":"https:\/\/saint-germain.us\/index.php\/wp-json\/wp\/v2\/pages\/166\/revisions"}],"predecessor-version":[{"id":2245,"href":"https:\/\/saint-germain.us\/index.php\/wp-json\/wp\/v2\/pages\/166\/revisions\/2245"}],"wp:attachment":[{"href":"https:\/\/saint-germain.us\/index.php\/wp-json\/wp\/v2\/media?parent=166"}],"curies":[{"name":"wp","href":"https:\/\/api.w.org\/{rel}","templated":true}]}}