{"id":2766,"date":"2023-09-10T08:34:25","date_gmt":"2023-09-10T06:34:25","guid":{"rendered":"http:\/\/saint-germain.us\/?page_id=2766"},"modified":"2023-09-30T11:54:41","modified_gmt":"2023-09-30T09:54:41","slug":"circuits-foret","status":"publish","type":"page","link":"https:\/\/saint-germain.us\/index.php\/circuits-foret\/","title":{"rendered":"Circuits &#8211; For\u00eat"},"content":{"rendered":"\n<figure class=\"wp-block-table\"><table><tbody><tr><td>Titre<\/td><td>C1 : Balades en for\u00eat<\/td><\/tr><tr><td>Longueur<\/td><td>Variable<\/td><\/tr><tr><td>Mode<\/td><td>P\u00e9destre (8)  &amp; Cycliste (13)<\/td><\/tr><tr><td>Propos\u00e9 par <\/td><td>Office de Tourisme Saint Germain Boucles de Seine<\/td><\/tr><tr><td>Lien <\/td><td><a href=\"http:\/\/saint-germain.us\/index.php\/c1\/\">Ici<\/a><\/td><\/tr><tr><td>Date de r\u00e9vision<\/td><td>04\/09\/2023<\/td><\/tr><\/tbody><\/table><\/figure>\n\n\n\n<p>Carte<\/p>\n\n\n\n<hr class=\"wp-block-separator has-alpha-channel-opacity\"\/>\n\n\n\n<div style=\"height:18px\" aria-hidden=\"true\" class=\"wp-block-spacer\"><\/div>\n\n\n\n<figure class=\"wp-block-table\"><table><tbody><tr><td>Sujet <\/td><td>C2 : Mare aux canes<\/td><\/tr><tr><td>Longueur<\/td><td>3,9 km &#8211; D\u00e9nivel\u00e9 79 m<\/td><\/tr><tr><td>Mode<\/td><td>P\u00e9destre<\/td><\/tr><tr><td>Propos\u00e9 par <\/td><td>Alltrails<\/td><\/tr><tr><td>Lien<\/td><td><a href=\"https:\/\/www.alltrails.com\/fr\/explore\/trail\/france\/yvelines\/la-mare-aux-canes?mobileMap=false&amp;ref=sidebar-static-map\">Ici<\/a><\/td><\/tr><tr><td>Date de r\u00e9vision<\/td><td>26\/04\/2023<\/td><\/tr><\/tbody><\/table><\/figure>\n\n\n\n<p>Explorez cet itin\u00e9raire aller-retour de 3,9-km pr\u00e8s de Saint-Germain-en-Laye, Yvelines. G\u00e9n\u00e9ralement consid\u00e9r\u00e9 comme un parcours facile, il faut en moyenne 57 min&nbsp;&#8230;<\/p>\n\n\n\n<hr class=\"wp-block-separator has-alpha-channel-opacity\"\/>\n\n\n\n<div style=\"height:18px\" aria-hidden=\"true\" class=\"wp-block-spacer\"><\/div>\n\n\n\n<figure class=\"wp-block-table\"><table><tbody><tr><td>Sujet <\/td><td>C4 : Sentier botanique du Val<\/td><\/tr><tr><td>Longueur<\/td><td><\/td><\/tr><tr><td>Mode<\/td><td>P\u00e9destre<\/td><\/tr><tr><td>Propos\u00e9 par <\/td><td><\/td><\/tr><tr><td>Lien<\/td><td><a href=\"http:\/\/saint-germain.us\/index.php\/c4\/\">Ici<\/a><\/td><\/tr><tr><td>Date de r\u00e9vision<\/td><td>26\/04\/2023<\/td><\/tr><\/tbody><\/table><\/figure>\n\n\n\n<p>Cliquez sur le lien.<\/p>\n\n\n\n<hr class=\"wp-block-separator has-alpha-channel-opacity\"\/>\n\n\n\n<div style=\"height:18px\" aria-hidden=\"true\" class=\"wp-block-spacer\"><\/div>\n\n\n\n<figure class=\"wp-block-table\"><table><tbody><tr><td>Sujet <\/td><td>C5 : Circuit en for\u00eat<\/td><\/tr><tr><td>Longueur<\/td><td>13 km &#8211; D\u00e9nivel\u00e9 252 m<\/td><\/tr><tr><td>Mode<\/td><td>P\u00e9destre VTT<\/td><\/tr><tr><td>Propos\u00e9 par <\/td><td>Alltrails<\/td><\/tr><tr><td>Lien<\/td><td><a href=\"https:\/\/www.alltrails.com\/fr\/randonnee\/france\/yvelines\/circuit-en-foret-de-saint-germain-en-laye\">Ici<\/a><\/td><\/tr><tr><td>Date de r\u00e9vision<\/td><td>26\/04\/2023<\/td><\/tr><\/tbody><\/table><\/figure>\n\n\n\n<p>Partez d\u00e9couvrir cet itin\u00e9raire en boucle de 13,0-km pr\u00e8s de Saint-Germain-en-Laye, Yvelines. G\u00e9n\u00e9ralement consid\u00e9r\u00e9 comme un parcours mod\u00e9r\u00e9, il faut en moyenne 3 h 10 min pour le parcourir. Cet itin\u00e9raire est id\u00e9al pour la randonn\u00e9e et le VTT, et vous ne croiserez s\u00fbrement pas grand monde sur les sentiers.<\/p>\n\n\n\n<hr class=\"wp-block-separator has-alpha-channel-opacity\"\/>\n\n\n\n<div style=\"height:18px\" aria-hidden=\"true\" class=\"wp-block-spacer\"><\/div>\n\n\n\n<figure class=\"wp-block-table\"><table><tbody><tr><td>Sujet <\/td><td>C6 : Randonn\u00e9e en for\u00eat<\/td><\/tr><tr><td>Longueur<\/td><td> 17,7 km &#8211; D\u00e9nivel\u00e9 132 m<\/td><\/tr><tr><td>Mode<\/td><td>V\u00e9lo<\/td><\/tr><tr><td>Propos\u00e9 par <\/td><td>Office de Tourisme Saint Germain Boucles de Seine<\/td><\/tr><tr><td>Lien<\/td><td><a href=\"https:\/\/www.seine-saintgermain.fr\/fr\/a-voir-a-faire\/sorties-et-loisirs\/randonnees-balades\/#filter=r-fullyTranslatedLangus-,r-onlyOpened-,sb-sortedBy-0&amp;ipd=35198537\">Ici<\/a><\/td><\/tr><tr><td>Date de r\u00e9vision<\/td><td>26\/04\/2023<\/td><\/tr><\/tbody><\/table><\/figure>\n\n\n\n<p>Prenez votre v\u00e9lo pour parcourir les 3553 hectares de for\u00eat de Saint-Germain-en-Laye.&nbsp;<\/p>\n\n\n\n<hr class=\"wp-block-separator has-alpha-channel-opacity\"\/>\n\n\n\n<div style=\"height:18px\" aria-hidden=\"true\" class=\"wp-block-spacer\"><\/div>\n\n\n\n<figure class=\"wp-block-table\"><table><tbody><tr><td>Sujet <\/td><td>C8 : Randonn\u00e9e en for\u00eat<\/td><\/tr><tr><td>Longueur<\/td><td> 7,3 km &#8211; D\u00e9nivel\u00e9  57 m<\/td><\/tr><tr><td>Mode<\/td><td>P\u00e9destre<\/td><\/tr><tr><td>Propos\u00e9 par <\/td><td>Office de Tourisme Saint Germain Boucles de Seine<\/td><\/tr><tr><td>Lien<\/td><td><a href=\"https:\/\/www.seine-saintgermain.fr\/fr\/a-voir-a-faire\/sorties-et-loisirs\/randonnees-balades\/#filter=r-fullyTranslatedLangus-,r-onlyOpened-,sb-sortedBy-0&amp;ipd=35198466\">Ici<\/a><\/td><\/tr><tr><td>Date de r\u00e9vision<\/td><td>26\/04\/2023<\/td><\/tr><\/tbody><\/table><\/figure>\n\n\n\n<p>Visitez et d\u00e9couvrez au cours d\u2019une balade p\u00e9destre le \u00ab&nbsp;poumon vert&nbsp;\u00bb de notre r\u00e9gion. Facilement accessible depuis le centre ville, la For\u00eat de Saint-Germain-en-Laye vous tend les bras sur 3553 hectares.<\/p>\n\n\n\n<hr class=\"wp-block-separator has-alpha-channel-opacity\"\/>\n\n\n\n<div style=\"height:18px\" aria-hidden=\"true\" class=\"wp-block-spacer\"><\/div>\n\n\n\n<figure class=\"wp-block-table\"><table><tbody><tr><td>Sujet <\/td><td>C18 : Ch\u00e2teau et Jardins<\/td><\/tr><tr><td>Longueur<\/td><td>6,4 km &#8211; D\u00e9nivel\u00e9 113 m<\/td><\/tr><tr><td>Mode<\/td><td>P\u00e9destre <\/td><\/tr><tr><td>Propos\u00e9 par <\/td><td>Alltrails<\/td><\/tr><tr><td>Lien<\/td><td><a href=\"https:\/\/www.alltrails.com\/fr\/randonnee\/france\/yvelines\/chateau-de-saint-germain-en-laye-et-jardins\">Ici<\/a><\/td><\/tr><tr><td>Date de r\u00e9vision<\/td><td>12\/09\/2023<\/td><\/tr><\/tbody><\/table><\/figure>\n\n\n\n<p>Partez d\u00e9couvrir cet itin\u00e9raire en boucle de 6,4-km pr\u00e8s de Saint-Germain-en-Laye, Yvelines. G\u00e9n\u00e9ralement consid\u00e9r\u00e9 comme un parcours facile, il faut en moyenne 1 h 31 min pour le parcourir. C\u2019est un endroit tr\u00e8s pris\u00e9 pour la course \u00e0 pied et la balade, vous croiserez donc probablement du monde pendant votre excursion.&nbsp;<\/p>\n\n\n\n<hr class=\"wp-block-separator has-alpha-channel-opacity\"\/>\n\n\n\n<div style=\"height:19px\" aria-hidden=\"true\" class=\"wp-block-spacer\"><\/div>\n\n\n\n<figure class=\"wp-block-table\"><table><tbody><tr><td>Sujet <\/td><td>C22 : Les 3 for\u00eats<\/td><\/tr><tr><td>Longueur<\/td><td>31,2 km &#8211; D\u00e9nivel\u00e9 585 m<\/td><\/tr><tr><td>Mode<\/td><td>V\u00e9lo\/VTT<\/td><\/tr><tr><td>Propos\u00e9 par <\/td><td>Alltrails<\/td><\/tr><tr><td>Lien<\/td><td><a href=\"https:\/\/www.alltrails.com\/fr\/randonnee\/france\/yvelines\/les-3-forets\">Ici<\/a><\/td><\/tr><tr><td>Date de r\u00e9vision<\/td><td>12\/09\/2023<\/td><\/tr><\/tbody><\/table><\/figure>\n\n\n\n<p>Partez \u00e0 l&rsquo;aventure sur cet itin\u00e9raire en boucle de 31,2-km pr\u00e8s de Saint-Germain-en-Laye, Yvelines. G\u00e9n\u00e9ralement consid\u00e9r\u00e9 comme un parcours mod\u00e9r\u00e9, il faut en moyenne 7 h 32 min pour le parcourir. C\u2019est un endroit tr\u00e8s pris\u00e9 pour la randonn\u00e9e et le VTT, vous croiserez donc probablement du monde pendant votre excursion.<\/p>\n\n\n\n<hr class=\"wp-block-separator has-alpha-channel-opacity\"\/>\n\n\n\n<div style=\"height:18px\" aria-hidden=\"true\" class=\"wp-block-spacer\"><\/div>\n\n\n\n<figure class=\"wp-block-table\"><table><tbody><tr><td>Sujet <\/td><td>C30 : For\u00eat Saint-Germain<\/td><\/tr><tr><td>Longueur<\/td><td>11,3 km &#8211; D\u00e9nivel\u00e9 106 m<\/td><\/tr><tr><td>Mode<\/td><td>P\u00e9destre<\/td><\/tr><tr><td>Propos\u00e9 par <\/td><td>Yoan DonRadis \/ Outdooractive<\/td><\/tr><tr><td>Lien<\/td><td><a href=\"https:\/\/out.ac\/hVZgk\">Ici<\/a><\/td><\/tr><tr><td>Date de r\u00e9vision<\/td><td>13\/09\/2023<\/td><\/tr><\/tbody><\/table><\/figure>\n\n\n\n<p>Petit tour dans la for\u00eat de Saint germain 11 km facile ~ 3:00<\/p>\n\n\n\n<hr class=\"wp-block-separator has-alpha-channel-opacity\"\/>\n\n\n\n<div style=\"height:18px\" aria-hidden=\"true\" class=\"wp-block-spacer\"><\/div>\n\n\n\n<figure class=\"wp-block-table\"><table><tbody><tr><td>Sujet <\/td><td>C31 : Randonn\u00e9e p\u00e9destre en for\u00eat de Saint-Germain<\/td><\/tr><tr><td>Longueur<\/td><td>7,3 km &#8211; D\u00e9nivel\u00e9 57 m<\/td><\/tr><tr><td>Mode<\/td><td>P\u00e9destre<\/td><\/tr><tr><td>Propos\u00e9 par <\/td><td>Office du tourisme \/ Outdooractive<\/td><\/tr><tr><td>Lien<\/td><td><a href=\"https:\/\/www.outdooractive.com\/fr\/route\/randonnee\/yvelines\/randonnee-pedestre-en-foret-de-saint-germain\/35198466\/?utm_source=unknown&amp;utm_medium=social&amp;utm_campaign=user-shared-social-content\">Ici<\/a><\/td><\/tr><tr><td>Date de r\u00e9vision<\/td><td>16\/09\/2023<\/td><\/tr><\/tbody><\/table><\/figure>\n\n\n\n<p>Visitez et d\u00e9couvrez au cours d\u2019une balade p\u00e9destre le \u00ab&nbsp;poumon vert&nbsp;\u00bb de notre r\u00e9gion. Facilement accessible depuis le centre ville, la For\u00eat de Saint-Germain-en-Laye vous tend les bras sur 3553 hectares.<\/p>\n\n\n\n<hr class=\"wp-block-separator has-alpha-channel-opacity\"\/>\n\n\n\n<p><\/p>\n\n\n\n<figure class=\"wp-block-table\"><table><tbody><tr><td>Titre<\/td><td>C35 : Le grand tour<\/td><\/tr><tr><td>Longueur<\/td><td>25 km &#8211; 1h40<\/td><\/tr><tr><td>Mode<\/td><td>V\u00e9lo<\/td><\/tr><tr><td>Propos\u00e9 par <\/td><td>Philippe GOUT<\/td><\/tr><tr><td>Lien <\/td><td><a href=\"http:\/\/saint-germain.us\/index.php\/c35-circuit-le-grand-tour\/\">Ici<\/a><\/td><\/tr><tr><td>Date de r\u00e9vision<\/td><td>29\/09\/2023<\/td><\/tr><\/tbody><\/table><\/figure>\n\n\n\n<p>Un beau tour \u00e0 faire !<\/p>\n\n\n\n<hr class=\"wp-block-separator has-alpha-channel-opacity\"\/>\n\n\n\n<div style=\"height:19px\" aria-hidden=\"true\" class=\"wp-block-spacer\"><\/div>\n\n\n\n<figure class=\"wp-block-table\"><table><tbody><tr><td>Titre<\/td><td>C36 : Parcours d\u00e9couverte<\/td><\/tr><tr><td>Longueur<\/td><td>15 km &#8211; 1h10<\/td><\/tr><tr><td>Mode<\/td><td>V\u00e9lo<\/td><\/tr><tr><td>Propos\u00e9 par <\/td><td>Philippe GOUT<\/td><\/tr><tr><td>Lien <\/td><td><a href=\"https:\/\/www.outdooractive.com\/fr\/route\/vtc\/parcours-decouverte-bleu-modifie\/280190967\/?share=%7Ezwzmp43r%244ossefxm\">Ici<\/a><\/td><\/tr><tr><td>Date de r\u00e9vision<\/td><td>29\/09\/2023<\/td><\/tr><\/tbody><\/table><figcaption class=\"wp-element-caption\">Parcours bleu modifi\u00e9 pour revenir au point de d\u00e9part (@Philippe GOUT)<\/figcaption><\/figure>\n","protected":false},"excerpt":{"rendered":"<p>Titre C1 : Balades en for\u00eat Longueur Variable Mode P\u00e9destre (8) &amp; Cycliste (13) Propos\u00e9 par Office de Tourisme Saint Germain Boucles de Seine Lien Ici Date de r\u00e9vision 04\/09\/2023 Carte Sujet C2 : Mare aux canes Longueur 3,9 km &#8211; D\u00e9nivel\u00e9 79 m Mode P\u00e9destre Propos\u00e9 par Alltrails Lien Ici Date de r\u00e9vision 26\/04\/2023 [&hellip;]<\/p>\n","protected":false},"author":1,"featured_media":0,"parent":0,"menu_order":0,"comment_status":"closed","ping_status":"closed","template":"","meta":{"footnotes":""},"class_list":["post-2766","page","type-page","status-publish","hentry"],"_links":{"self":[{"href":"https:\/\/saint-germain.us\/index.php\/wp-json\/wp\/v2\/pages\/2766","targetHints":{"allow":["GET"]}}],"collection":[{"href":"https:\/\/saint-germain.us\/index.php\/wp-json\/wp\/v2\/pages"}],"about":[{"href":"https:\/\/saint-germain.us\/index.php\/wp-json\/wp\/v2\/types\/page"}],"author":[{"embeddable":true,"href":"https:\/\/saint-germain.us\/index.php\/wp-json\/wp\/v2\/users\/1"}],"replies":[{"embeddable":true,"href":"https:\/\/saint-germain.us\/index.php\/wp-json\/wp\/v2\/comments?post=2766"}],"version-history":[{"count":30,"href":"https:\/\/saint-germain.us\/index.php\/wp-json\/wp\/v2\/pages\/2766\/revisions"}],"predecessor-version":[{"id":3264,"href":"https:\/\/saint-germain.us\/index.php\/wp-json\/wp\/v2\/pages\/2766\/revisions\/3264"}],"wp:attachment":[{"href":"https:\/\/saint-germain.us\/index.php\/wp-json\/wp\/v2\/media?parent=2766"}],"curies":[{"name":"wp","href":"https:\/\/api.w.org\/{rel}","templated":true}]}}