{"id":2941,"date":"2023-09-12T09:35:33","date_gmt":"2023-09-12T07:35:33","guid":{"rendered":"http:\/\/saint-germain.us\/?page_id=2941"},"modified":"2023-09-30T11:56:23","modified_gmt":"2023-09-30T09:56:23","slug":"circuits-velo","status":"publish","type":"page","link":"https:\/\/saint-germain.us\/index.php\/circuits-velo\/","title":{"rendered":"Circuits &#8211; V\u00e9lo"},"content":{"rendered":"\n<figure class=\"wp-block-table\"><table><tbody><tr><td>Titre<\/td><td>C1 : Balades en for\u00eat<\/td><\/tr><tr><td>Longueur<\/td><td>Variable<\/td><\/tr><tr><td>Mode<\/td><td>Cycliste (13)<\/td><\/tr><tr><td>Propos\u00e9 par <\/td><td>Office de Tourisme Saint Germain Boucles de Seine<\/td><\/tr><tr><td>Lien <\/td><td><a href=\"http:\/\/saint-germain.us\/index.php\/c1\/\">Ici<\/a><\/td><\/tr><tr><td>Date de r\u00e9vision<\/td><td>04\/09\/2023<\/td><\/tr><\/tbody><\/table><\/figure>\n\n\n\n<p>Carte<\/p>\n\n\n\n<hr class=\"wp-block-separator has-alpha-channel-opacity\"\/>\n\n\n\n<div style=\"height:18px\" aria-hidden=\"true\" class=\"wp-block-spacer\"><\/div>\n\n\n\n<figure class=\"wp-block-table\"><table><tbody><tr><td>Sujet <\/td><td>C5 : Circuit en for\u00eat<\/td><\/tr><tr><td>Longueur<\/td><td>13 km &#8211; D\u00e9nivel\u00e9 252 m<\/td><\/tr><tr><td>Mode<\/td><td>VTT<\/td><\/tr><tr><td>Propos\u00e9 par <\/td><td>Alltrails<\/td><\/tr><tr><td>Lien<\/td><td><a href=\"https:\/\/www.alltrails.com\/fr\/randonnee\/france\/yvelines\/circuit-en-foret-de-saint-germain-en-laye\">Ici<\/a><\/td><\/tr><tr><td>Date de r\u00e9vision<\/td><td>26\/04\/2023<\/td><\/tr><\/tbody><\/table><\/figure>\n\n\n\n<p>Partez explorer cet itin\u00e9raire en boucle de 13,0-km pr\u00e8s de Saint-Germain-en-Laye, Yvelines. G\u00e9n\u00e9ralement consid\u00e9r\u00e9 comme un parcours mod\u00e9r\u00e9, il faut en moyenne 3 h 10 min pour le parcourir. Cet itin\u00e9raire est id\u00e9al pour la randonn\u00e9e et le VTT, et vous ne croiserez s\u00fbrement pas grand monde sur les sentiers.<\/p>\n\n\n\n<hr class=\"wp-block-separator has-alpha-channel-opacity\"\/>\n\n\n\n<div style=\"height:18px\" aria-hidden=\"true\" class=\"wp-block-spacer\"><\/div>\n\n\n\n<figure class=\"wp-block-table\"><table><tbody><tr><td>Sujet <\/td><td>C6 : Randonn\u00e9e en for\u00eat<\/td><\/tr><tr><td>Longueur<\/td><td> 17,7 km &#8211; D\u00e9nivel\u00e9 132 m<\/td><\/tr><tr><td>Mode<\/td><td>V\u00e9lo<\/td><\/tr><tr><td>Propos\u00e9 par <\/td><td>Office de Tourisme Saint Germain Boucles de Seine<\/td><\/tr><tr><td>Lien<\/td><td><a href=\"https:\/\/www.seine-saintgermain.fr\/fr\/a-voir-a-faire\/sorties-et-loisirs\/randonnees-balades\/#filter=r-fullyTranslatedLangus-,r-onlyOpened-,sb-sortedBy-0&amp;ipd=35198537\">Ici<\/a><\/td><\/tr><tr><td>Date de r\u00e9vision<\/td><td>26\/04\/2023<\/td><\/tr><\/tbody><\/table><\/figure>\n\n\n\n<p>Prenez votre v\u00e9lo pour parcourir les 3553 hectares de for\u00eat de Saint-Germain-en-Laye.<\/p>\n\n\n\n<hr class=\"wp-block-separator has-alpha-channel-opacity\"\/>\n\n\n\n<div style=\"height:18px\" aria-hidden=\"true\" class=\"wp-block-spacer\"><\/div>\n\n\n\n<figure class=\"wp-block-table\"><table><tbody><tr><td>Sujet <\/td><td>C22 : Les 3 for\u00eats<\/td><\/tr><tr><td>Longueur<\/td><td>31,2 km &#8211; D\u00e9nivel\u00e9 585 m<\/td><\/tr><tr><td>Mode<\/td><td>V\u00e9lo\/VTT<\/td><\/tr><tr><td>Propos\u00e9 par <\/td><td>Alltrails<\/td><\/tr><tr><td>Lien<\/td><td><a href=\"https:\/\/www.alltrails.com\/fr\/randonnee\/france\/yvelines\/les-3-forets\">Ici<\/a><\/td><\/tr><tr><td>Date de r\u00e9vision<\/td><td>12\/09\/2023<\/td><\/tr><\/tbody><\/table><\/figure>\n\n\n\n<p>Parcourez cet itin\u00e9raire en boucle de 31,2 km pr\u00e8s de Saint-Germain-en-Laye, Yvelines. G\u00e9n\u00e9ralement consid\u00e9r\u00e9 comme un parcours mod\u00e9r\u00e9, il faut en moyenne 7 h 32 min pour le parcourir. C\u2019est un endroit tr\u00e8s pris\u00e9 pour la randonn\u00e9e et le VTT, vous croiserez donc probablement du monde pendant votre excursion.<\/p>\n\n\n\n<hr class=\"wp-block-separator has-alpha-channel-opacity\"\/>\n\n\n\n<div style=\"height:18px\" aria-hidden=\"true\" class=\"wp-block-spacer\"><\/div>\n\n\n\n<figure class=\"wp-block-table\"><table><tbody><tr><td>Sujet <\/td><td>C17 : Parcours QRcode<\/td><\/tr><tr><td>Longueur<\/td><td> km &#8211; D\u00e9nivel\u00e9  m<\/td><\/tr><tr><td>Mode<\/td><td>P\u00e9destre V\u00e9lo<\/td><\/tr><tr><td>Propos\u00e9 par <\/td><td>Mairie de Saint-Germain-en-Laye<\/td><\/tr><tr><td>Lien<\/td><td><a href=\"https:\/\/www.saintgermainenlaye.fr\/147\/parcours-qrcode.htm\">Ici<\/a><\/td><\/tr><tr><td>Date de r\u00e9vision<\/td><td>26\/04\/2023<\/td><\/tr><\/tbody><\/table><\/figure>\n\n\n\n<p><\/p>\n\n\n\n<hr class=\"wp-block-separator has-alpha-channel-opacity\"\/>\n\n\n\n<p><\/p>\n\n\n\n<figure class=\"wp-block-table\"><table><tbody><tr><td>Titre<\/td><td>C35 : Le grand tour<\/td><\/tr><tr><td>Longueur<\/td><td>25 km &#8211; 1h40<\/td><\/tr><tr><td>Mode<\/td><td>V\u00e9lo<\/td><\/tr><tr><td>Propos\u00e9 par <\/td><td>Philippe GOUT<\/td><\/tr><tr><td>Lien <\/td><td><a href=\"http:\/\/saint-germain.us\/index.php\/c35-circuit-le-grand-tour\/\">Ici<\/a><\/td><\/tr><tr><td>Date de r\u00e9vision<\/td><td>29\/09\/2023<\/td><\/tr><\/tbody><\/table><\/figure>\n\n\n\n<p>Une tr\u00e8s belle balade en v\u00e9lo dans la for\u00eat, pleine de d\u00e9couvertes (Croix, oratoires, pavillon de La Muette)<\/p>\n\n\n\n<hr class=\"wp-block-separator has-alpha-channel-opacity\"\/>\n\n\n\n<p><\/p>\n\n\n\n<figure class=\"wp-block-table\"><table><tbody><tr><td>Titre<\/td><td>C36 : Parcours d\u00e9couverte<\/td><\/tr><tr><td>Longueur<\/td><td>15 km &#8211; 1h10<\/td><\/tr><tr><td>Mode<\/td><td>V\u00e9lo<\/td><\/tr><tr><td>Propos\u00e9 par <\/td><td>Philippe GOUT<\/td><\/tr><tr><td>Lien <\/td><td><a href=\"http:\/\/saint-germain.us\/index.php\/c36-parcours-decouverte\/\">Ici<\/a><\/td><\/tr><tr><td>Date de r\u00e9vision<\/td><td>29\/09\/2023<\/td><\/tr><\/tbody><\/table><figcaption class=\"wp-element-caption\">Parcours bleu modifi\u00e9 pour revenir au point de d\u00e9part (@Philippe GOUT)<\/figcaption><\/figure>\n","protected":false},"excerpt":{"rendered":"<p>Titre C1 : Balades en for\u00eat Longueur Variable Mode Cycliste (13) Propos\u00e9 par Office de Tourisme Saint Germain Boucles de Seine Lien Ici Date de r\u00e9vision 04\/09\/2023 Carte Sujet C5 : Circuit en for\u00eat Longueur 13 km &#8211; D\u00e9nivel\u00e9 252 m Mode VTT Propos\u00e9 par Alltrails Lien Ici Date de r\u00e9vision 26\/04\/2023 Partez explorer cet [&hellip;]<\/p>\n","protected":false},"author":1,"featured_media":0,"parent":0,"menu_order":0,"comment_status":"closed","ping_status":"closed","template":"","meta":{"footnotes":""},"class_list":["post-2941","page","type-page","status-publish","hentry"],"_links":{"self":[{"href":"https:\/\/saint-germain.us\/index.php\/wp-json\/wp\/v2\/pages\/2941","targetHints":{"allow":["GET"]}}],"collection":[{"href":"https:\/\/saint-germain.us\/index.php\/wp-json\/wp\/v2\/pages"}],"about":[{"href":"https:\/\/saint-germain.us\/index.php\/wp-json\/wp\/v2\/types\/page"}],"author":[{"embeddable":true,"href":"https:\/\/saint-germain.us\/index.php\/wp-json\/wp\/v2\/users\/1"}],"replies":[{"embeddable":true,"href":"https:\/\/saint-germain.us\/index.php\/wp-json\/wp\/v2\/comments?post=2941"}],"version-history":[{"count":7,"href":"https:\/\/saint-germain.us\/index.php\/wp-json\/wp\/v2\/pages\/2941\/revisions"}],"predecessor-version":[{"id":3266,"href":"https:\/\/saint-germain.us\/index.php\/wp-json\/wp\/v2\/pages\/2941\/revisions\/3266"}],"wp:attachment":[{"href":"https:\/\/saint-germain.us\/index.php\/wp-json\/wp\/v2\/media?parent=2941"}],"curies":[{"name":"wp","href":"https:\/\/api.w.org\/{rel}","templated":true}]}}