{"id":2948,"date":"2023-09-12T13:05:14","date_gmt":"2023-09-12T11:05:14","guid":{"rendered":"http:\/\/saint-germain.us\/?page_id=2948"},"modified":"2023-10-14T17:20:46","modified_gmt":"2023-10-14T15:20:46","slug":"circuit-pedestre","status":"publish","type":"page","link":"https:\/\/saint-germain.us\/index.php\/circuit-pedestre\/","title":{"rendered":"Circuit &#8211; P\u00e9destre"},"content":{"rendered":"\n<h5 class=\"wp-block-heading\">For\u00eat<\/h5>\n\n\n\n<figure class=\"wp-block-table\"><table><tbody><tr><td>Titre<\/td><td>C1 : Balades en for\u00eat<\/td><\/tr><tr><td>Longueur<\/td><td>Variable<\/td><\/tr><tr><td>Mode<\/td><td>P\u00e9destre (8)  <\/td><\/tr><tr><td>Propos\u00e9 par <\/td><td>Office de Tourisme Saint Germain Boucles de Seine<\/td><\/tr><tr><td>Lien <\/td><td><a href=\"http:\/\/saint-germain.us\/index.php\/c1\/\">Ici<\/a><\/td><\/tr><tr><td>Date de r\u00e9vision<\/td><td>04\/09\/2023<\/td><\/tr><\/tbody><\/table><\/figure>\n\n\n\n<p>Carte<\/p>\n\n\n\n<hr class=\"wp-block-separator has-alpha-channel-opacity\"\/>\n\n\n\n<div style=\"height:19px\" aria-hidden=\"true\" class=\"wp-block-spacer\"><\/div>\n\n\n\n<div style=\"height:0px\" aria-hidden=\"true\" class=\"wp-block-spacer\"><\/div>\n\n\n\n<figure class=\"wp-block-table\"><table><tbody><tr><td>Sujet <\/td><td>C2 : Mare aux canes<\/td><\/tr><tr><td>Longueur<\/td><td>3,9 km &#8211; D\u00e9nivel\u00e9 79 m<\/td><\/tr><tr><td>Mode<\/td><td>P\u00e9destre<\/td><\/tr><tr><td>Propos\u00e9 par <\/td><td>Alltrails<\/td><\/tr><tr><td>Lien<\/td><td><a href=\"https:\/\/www.alltrails.com\/fr\/explore\/trail\/france\/yvelines\/la-mare-aux-canes?mobileMap=false&amp;ref=sidebar-static-map\">Ici<\/a><\/td><\/tr><tr><td>Date de r\u00e9vision<\/td><td>26\/04\/2023<\/td><\/tr><\/tbody><\/table><\/figure>\n\n\n\n<p>Cette randonn\u00e9e p\u00e9destre se situe&nbsp;au nord-ouest de Saint-Germain-en-Laye et d\u00e9bute au niveau du Parc forestier de la Charmeraie. L&rsquo;itin\u00e9raire passe entre autres par la For\u00eat domaniale de Saint-Germain-en-Laye, la Route Royale, le Sentier de d\u00e9couverte du Val et la Mare aux Canes, avant de revenir vers le point de d\u00e9part.<\/p>\n\n\n\n<hr class=\"wp-block-separator has-alpha-channel-opacity\"\/>\n\n\n\n<div style=\"height:18px\" aria-hidden=\"true\" class=\"wp-block-spacer\"><\/div>\n\n\n\n<figure class=\"wp-block-table\"><table><tbody><tr><td>Sujet <\/td><td>C4 : Sentier botanique du Val<\/td><\/tr><tr><td>Longueur<\/td><td><\/td><\/tr><tr><td>Mode<\/td><td>P\u00e9destre<\/td><\/tr><tr><td>Propos\u00e9 par <\/td><td><\/td><\/tr><tr><td>Lien<\/td><td><a href=\"http:\/\/saint-germain.us\/index.php\/c4\/\">Ici<\/a><\/td><\/tr><tr><td>Date de r\u00e9vision<\/td><td>26\/04\/2023<\/td><\/tr><\/tbody><\/table><\/figure>\n\n\n\n<hr class=\"wp-block-separator has-alpha-channel-opacity\"\/>\n\n\n\n<div style=\"height:19px\" aria-hidden=\"true\" class=\"wp-block-spacer\"><\/div>\n\n\n\n<figure class=\"wp-block-table\"><table><tbody><tr><td>Sujet <\/td><td>C5 : Circuit en for\u00eat<\/td><\/tr><tr><td>Longueur<\/td><td>13 km &#8211; D\u00e9nivel\u00e9 252 m<\/td><\/tr><tr><td>Mode<\/td><td>P\u00e9destre <\/td><\/tr><tr><td>Propos\u00e9 par <\/td><td>Alltrails<\/td><\/tr><tr><td>Lien<\/td><td><a href=\"https:\/\/www.alltrails.com\/fr\/randonnee\/france\/yvelines\/circuit-en-foret-de-saint-germain-en-laye\">Ici<\/a><\/td><\/tr><tr><td>Date de r\u00e9vision<\/td><td>26\/04\/2023<\/td><\/tr><\/tbody><\/table><\/figure>\n\n\n\n<p>Partez d\u00e9couvrir cet itin\u00e9raire en boucle de 13,0-km pr\u00e8s de Saint-Germain-en-Laye, Yvelines. G\u00e9n\u00e9ralement consid\u00e9r\u00e9 comme un parcours mod\u00e9r\u00e9, il faut en moyenne 3 h 10 min pour le parcourir. Cet itin\u00e9raire est id\u00e9al pour la randonn\u00e9e et le VTT, et vous ne croiserez s\u00fbrement pas grand monde sur les sentiers.<\/p>\n\n\n\n<hr class=\"wp-block-separator has-alpha-channel-opacity\"\/>\n\n\n\n<div style=\"height:18px\" aria-hidden=\"true\" class=\"wp-block-spacer\"><\/div>\n\n\n\n<figure class=\"wp-block-table\"><table><tbody><tr><td>Sujet <\/td><td>C8 : Randonn\u00e9e en for\u00eat<\/td><\/tr><tr><td>Longueur<\/td><td> 7,3 km &#8211; D\u00e9nivel\u00e9  57 m<\/td><\/tr><tr><td>Mode<\/td><td>P\u00e9destre<\/td><\/tr><tr><td>Propos\u00e9 par <\/td><td>Office de Tourisme Saint Germain Boucles de Seine<\/td><\/tr><tr><td>Lien<\/td><td><a href=\"https:\/\/www.seine-saintgermain.fr\/fr\/a-voir-a-faire\/sorties-et-loisirs\/randonnees-balades\/#filter=r-fullyTranslatedLangus-,r-onlyOpened-,sb-sortedBy-0&amp;ipd=35198466\">Ici<\/a><\/td><\/tr><tr><td>Date de r\u00e9vision<\/td><td>26\/04\/2023<\/td><\/tr><\/tbody><\/table><\/figure>\n\n\n\n<p>Visitez et d\u00e9couvrez au cours d\u2019une balade p\u00e9destre le \u00ab&nbsp;poumon vert&nbsp;\u00bb de notre r\u00e9gion. Facilement accessible depuis le centre ville, la For\u00eat de Saint-Germain-en-Laye vous tend les bras sur 3553 hectares.<\/p>\n\n\n\n<hr class=\"wp-block-separator has-alpha-channel-opacity\"\/>\n\n\n\n<div style=\"height:18px\" aria-hidden=\"true\" class=\"wp-block-spacer\"><\/div>\n\n\n\n<figure class=\"wp-block-table\"><table><tbody><tr><td>Sujet <\/td><td>C18 : Ch\u00e2teau et Jardins<\/td><\/tr><tr><td>Longueur<\/td><td>6,4 km &#8211; D\u00e9nivel\u00e9 113 m<\/td><\/tr><tr><td>Mode<\/td><td>P\u00e9destre <\/td><\/tr><tr><td>Propos\u00e9 par <\/td><td>Alltrails<\/td><\/tr><tr><td>Lien<\/td><td><a href=\"https:\/\/www.alltrails.com\/fr\/randonnee\/france\/yvelines\/chateau-de-saint-germain-en-laye-et-jardins\">Ici<\/a><\/td><\/tr><tr><td>Date de r\u00e9vision<\/td><td>12\/09\/2023<\/td><\/tr><\/tbody><\/table><\/figure>\n\n\n\n<p>D\u00e9couvrez cet itin\u00e9raire en boucle de 6,4-km pr\u00e8s de Saint-Germain-en-Laye, Yvelines. G\u00e9n\u00e9ralement consid\u00e9r\u00e9 comme un parcours facile, il faut en moyenne 1 h 31 min pour le parcourir. C\u2019est un endroit tr\u00e8s pris\u00e9 pour la course \u00e0 pied et la balade, vous croiserez donc probablement du monde pendant votre excursion. Vous pouvez y acc\u00e9der toute l&rsquo;ann\u00e9e et l&rsquo;exp\u00e9rience en vaut la peine en toute saison. Les chiens sont les bienvenus et peuvent \u00eatre l\u00e2ch\u00e9s \u00e0 certains endroits.<\/p>\n\n\n\n<hr class=\"wp-block-separator has-alpha-channel-opacity\"\/>\n\n\n\n<div style=\"height:18px\" aria-hidden=\"true\" class=\"wp-block-spacer\"><\/div>\n\n\n\n<figure class=\"wp-block-table\"><table><tbody><tr><td>Sujet <\/td><td>C30 : For\u00eat Saint-Germain<\/td><\/tr><tr><td>Longueur<\/td><td>11,3 km &#8211; D\u00e9nivel\u00e9 106 m<\/td><\/tr><tr><td>Mode<\/td><td>P\u00e9destre<\/td><\/tr><tr><td>Propos\u00e9 par <\/td><td>Yoan DonRadis \/ Outdooractive<\/td><\/tr><tr><td>Lien<\/td><td><a href=\"https:\/\/out.ac\/hVZgk\">Ici<\/a><\/td><\/tr><tr><td>Date de r\u00e9vision<\/td><td>13\/09\/2023<\/td><\/tr><\/tbody><\/table><\/figure>\n\n\n\n<p>Petit tour dans la for\u00eat de Saint germain 11 km facile ~ 3:00<\/p>\n\n\n\n<hr class=\"wp-block-separator has-alpha-channel-opacity\"\/>\n\n\n\n<div style=\"height:18px\" aria-hidden=\"true\" class=\"wp-block-spacer\"><\/div>\n\n\n\n<figure class=\"wp-block-table\"><table><tbody><tr><td>Sujet <\/td><td>C31 : Randonn\u00e9e p\u00e9destre en for\u00eat de Saint-Germain<\/td><\/tr><tr><td>Longueur<\/td><td>7,3 km &#8211; D\u00e9nivel\u00e9 57 m<\/td><\/tr><tr><td>Mode<\/td><td>P\u00e9destre<\/td><\/tr><tr><td>Propos\u00e9 par <\/td><td>Office du tourisme \/ Outdooractive<\/td><\/tr><tr><td>Lien<\/td><td><a href=\"https:\/\/www.outdooractive.com\/fr\/route\/randonnee\/yvelines\/randonnee-pedestre-en-foret-de-saint-germain\/35198466\/?utm_source=unknown&amp;utm_medium=social&amp;utm_campaign=user-shared-social-content\">Ici<\/a><\/td><\/tr><tr><td>Date de r\u00e9vision<\/td><td>16\/09\/2023<\/td><\/tr><\/tbody><\/table><\/figure>\n\n\n\n<h5 class=\"wp-block-heading\">Ville<\/h5>\n\n\n\n<figure class=\"wp-block-table\"><table><tbody><tr><td>Sujet <\/td><td>C34 : Petit circuit du patrimoine<\/td><\/tr><tr><td>Longueur<\/td><td> 1,7 km &#8211; D\u00e9nivel\u00e9 28 m &#8211; 1:30<\/td><\/tr><tr><td>Mode<\/td><td>P\u00e9destre <\/td><\/tr><tr><td>Propos\u00e9 par <\/td><td>Philippe GOUT <\/td><\/tr><tr><td>Lien<\/td><td><a href=\"http:\/\/saint-germain.us\/index.php\/c34-circuit-du-patrimoine\/\">Ici<\/a><\/td><\/tr><tr><td>Date de r\u00e9vision<\/td><td>17\/09\/2023<\/td><\/tr><\/tbody><\/table><\/figure>\n\n\n\n<figure class=\"wp-block-table\"><table><tbody><tr><td>Sujet <\/td><td>C7 : Demeures d&rsquo;histoire<\/td><\/tr><tr><td>Longueur<\/td><td> km &#8211; D\u00e9nivel\u00e9  m<\/td><\/tr><tr><td>Mode<\/td><td>P\u00e9destre V\u00e9lo<\/td><\/tr><tr><td>Propos\u00e9 par <\/td><td>Office de Tourisme Saint Germain Boucles de Seine<\/td><\/tr><tr><td>Lien<\/td><td><a href=\"https:\/\/www.seine-saintgermain.fr\/fr\/a-voir-a-faire\/sorties-et-loisirs\/randonnees-balades\/#filter=r-fullyTranslatedLangus-,r-onlyOpened-,sb-sortedBy-0&amp;ipd=35198163\">Ici<\/a><\/td><\/tr><tr><td>Date de r\u00e9vision<\/td><td>26\/04\/2023<\/td><\/tr><\/tbody><\/table><\/figure>\n\n\n\n<p>Saint-Germain-en-Laye figure parmi les villes historiques les plus int\u00e9ressantes des environs de Paris.&nbsp;<\/p>\n\n\n\n<hr class=\"wp-block-separator has-alpha-channel-opacity\"\/>\n\n\n\n<div style=\"height:18px\" aria-hidden=\"true\" class=\"wp-block-spacer\"><\/div>\n\n\n\n<figure class=\"wp-block-table\"><table><tbody><tr><td>Sujet <\/td><td>C15 : Demeures d&rsquo;histoire<\/td><\/tr><tr><td>Longueur<\/td><td> 1h30<\/td><\/tr><tr><td>Mode<\/td><td>P\u00e9destre <\/td><\/tr><tr><td>Propos\u00e9 par <\/td><td>Office de Tourisme Saint Germain Boucles de Seine<\/td><\/tr><tr><td>Lien<\/td><td><a href=\"http:\/\/saint-germain.us\/index.php\/c15-circuits-demeures-dhistoire\/\">Ici<\/a><\/td><\/tr><tr><td>Date de r\u00e9vision<\/td><td>26\/04\/2023<\/td><\/tr><\/tbody><\/table><\/figure>\n\n\n\n<p>Cliquez sur le lien.<\/p>\n\n\n\n<hr class=\"wp-block-separator has-alpha-channel-opacity\"\/>\n\n\n\n<div style=\"height:18px\" aria-hidden=\"true\" class=\"wp-block-spacer\"><\/div>\n\n\n\n<figure class=\"wp-block-table\"><table><tbody><tr><td>Sujet <\/td><td>C16 : Saint-Germain-en-Laye<\/td><\/tr><tr><td>Longueur<\/td><td>2:00<\/td><\/tr><tr><td>Mode<\/td><td>P\u00e9destre <\/td><\/tr><tr><td>Propos\u00e9 par <\/td><td>Seevisit<\/td><\/tr><tr><td>Lien<\/td><td><a href=\"https:\/\/www.seevisit.fr\/saint-germain-en-laye\">Ici<\/a><\/td><\/tr><tr><td>Date de r\u00e9vision<\/td><td>12\/09\/2023<\/td><\/tr><\/tbody><\/table><\/figure>\n\n\n\n<p>Cliquez sur le lien.<\/p>\n\n\n\n<hr class=\"wp-block-separator has-alpha-channel-opacity\"\/>\n\n\n\n<div style=\"height:18px\" aria-hidden=\"true\" class=\"wp-block-spacer\"><\/div>\n\n\n\n<figure class=\"wp-block-table\"><table><tbody><tr><td>Sujet <\/td><td>C21 : Saint-Germain-en-Laye au travers de son patrimoine<\/td><\/tr><tr><td>Longueur<\/td><td>6,1 km &#8211; D\u00e9nivel\u00e9 106<\/td><\/tr><tr><td>Mode<\/td><td>P\u00e9destre <\/td><\/tr><tr><td>Propos\u00e9 par <\/td><td>Alltrails<\/td><\/tr><tr><td>Lien<\/td><td><a href=\"https:\/\/www.alltrails.com\/fr\/randonnee\/france\/yvelines\/saint-germain-en-laye-au-travers-de-son-patrimoine\">Ici<\/a><\/td><\/tr><tr><td>Date de r\u00e9vision<\/td><td>12\/09\/2023<\/td><\/tr><\/tbody><\/table><\/figure>\n\n\n\n<h5 class=\"wp-block-heading\">Botanique<\/h5>\n\n\n\n<figure class=\"wp-block-table\"><table><tbody><tr><td>Sujet <\/td><td>C3 : Mus\u00e9e Maurice Denis \/ Circuit botanique<\/td><\/tr><tr><td>Longueur<\/td><td><\/td><\/tr><tr><td>Mode<\/td><td>P\u00e9destre<\/td><\/tr><tr><td>Propos\u00e9 par <\/td><td>Mus\u00e9e d\u00e9partemental<\/td><\/tr><tr><td>Lien<\/td><td><a href=\"https:\/\/www.musee-mauricedenis.fr\/IMG\/pdf\/depliant_botanique_2009Web.pdf\">Ici<\/a><\/td><\/tr><tr><td>Date de r\u00e9vision<\/td><td>26\/04\/2023<\/td><\/tr><\/tbody><\/table><\/figure>\n\n\n\n<p>Cliquez sur le lien.<\/p>\n\n\n\n<hr class=\"wp-block-separator has-alpha-channel-opacity\"\/>\n\n\n\n<div style=\"height:18px\" aria-hidden=\"true\" class=\"wp-block-spacer\"><\/div>\n\n\n\n<figure class=\"wp-block-table\"><table><tbody><tr><td>Sujet <\/td><td>C4 : Sentier botanique du Val<\/td><\/tr><tr><td>Longueur<\/td><td><\/td><\/tr><tr><td>Mode<\/td><td>P\u00e9destre<\/td><\/tr><tr><td>Propos\u00e9 par <\/td><td>Office national des for\u00eats<\/td><\/tr><tr><td>Lien<\/td><td><a href=\"http:\/\/saint-germain.us\/index.php\/c4\/\">Ici<\/a><\/td><\/tr><tr><td>Date de r\u00e9vision<\/td><td>26\/04\/2023<\/td><\/tr><\/tbody><\/table><\/figure>\n\n\n\n<p>Cliquez sur le lien.<\/p>\n\n\n\n<h5 class=\"wp-block-heading\">H\u00f4tels particuliers<\/h5>\n\n\n\n<figure class=\"wp-block-table\"><table><tbody><tr><td>Sujet <\/td><td>C17 : Parcours QRcode<\/td><\/tr><tr><td>Longueur<\/td><td> km &#8211; D\u00e9nivel\u00e9  m<\/td><\/tr><tr><td>Mode<\/td><td>P\u00e9destre V\u00e9lo<\/td><\/tr><tr><td>Propos\u00e9 par <\/td><td>Mairie de Saint-Germain-en-Laye<\/td><\/tr><tr><td>Lien<\/td><td><a href=\"https:\/\/www.saintgermainenlaye.fr\/147\/parcours-qrcode.htm\">Ici<\/a><\/td><\/tr><tr><td>Date de r\u00e9vision<\/td><td>26\/04\/2023<\/td><\/tr><\/tbody><\/table><\/figure>\n\n\n\n<p>Dans un souci de mise en valeur du patrimoine historique et architectural du coeur de Saint-Germain-en-Laye, la Ville propose aux visiteurs un dispositif de mobilier urbain de proximit\u00e9 innovant : des totems dot\u00e9s de QR-codes plac\u00e9s devant les h\u00f4tels particuliers. Cette installation permet de r\u00e9inventer la lecture de la ville et de son histoire et dessine un parcours in\u00e9dit en favorisant la fl\u00e2nerie et l\u2019autonomie. Ce parcours-station est agr\u00e9ment\u00e9 de QR-codes, passerelles vers des contenus virtuels enrichis accessibles par smartphone ou tablette num\u00e9rique sur les pages que vous d\u00e9couvrez.<\/p>\n\n\n\n<h5 class=\"wp-block-heading\">Fourqueux<\/h5>\n\n\n\n<figure class=\"wp-block-table\"><table><tbody><tr><td>Sujet <\/td><td>C12 : Fourqueux<\/td><\/tr><tr><td>Longueur<\/td><td><\/td><\/tr><tr><td>Mode<\/td><td>P\u00e9destre<\/td><\/tr><tr><td>Propos\u00e9 par <\/td><td>Association Fourqueux Patrimoine<\/td><\/tr><tr><td>Lien<\/td><td><a href=\"http:\/\/saint-germain.us\/index.php\/circuits-fourqueux\/\">Ici<\/a><\/td><\/tr><tr><td>Date de r\u00e9vision<\/td><td>26\/04\/2023<\/td><\/tr><\/tbody><\/table><\/figure>\n\n\n\n<p>Cliquez sur le lien.<\/p>\n\n\n\n<hr class=\"wp-block-separator has-alpha-channel-opacity\"\/>\n\n\n\n<div style=\"height:19px\" aria-hidden=\"true\" class=\"wp-block-spacer\"><\/div>\n\n\n\n<figure class=\"wp-block-table\"><table><tbody><tr><td>Nom<\/td><td>C40 : Cercle de jeu n\u00b01<\/td><\/tr><tr><td>Dur\u00e9e<\/td><td>2 km<\/td><\/tr><tr><td>Mode<\/td><td>Marche<\/td><\/tr><tr><td>Propos\u00e9 par<\/td><td>L&rsquo;esprit du sport \/ Pascal Boutreau<\/td><\/tr><tr><td>Lien<\/td><td><a href=\"http:\/\/saint-germain.us\/index.php\/c40-circuit-cercle-de-jeu-n1\/\">Ici<\/a><\/td><\/tr><tr><td>Revision <\/td><td>14\/10\/2023. (Original 2020)<\/td><\/tr><\/tbody><\/table><\/figure>\n","protected":false},"excerpt":{"rendered":"<p>For\u00eat Titre C1 : Balades en for\u00eat Longueur Variable Mode P\u00e9destre (8) Propos\u00e9 par Office de Tourisme Saint Germain Boucles de Seine Lien Ici Date de r\u00e9vision 04\/09\/2023 Carte Sujet C2 : Mare aux canes Longueur 3,9 km &#8211; D\u00e9nivel\u00e9 79 m Mode P\u00e9destre Propos\u00e9 par Alltrails Lien Ici Date de r\u00e9vision 26\/04\/2023 Cette randonn\u00e9e [&hellip;]<\/p>\n","protected":false},"author":1,"featured_media":0,"parent":0,"menu_order":0,"comment_status":"closed","ping_status":"closed","template":"","meta":{"footnotes":""},"class_list":["post-2948","page","type-page","status-publish","hentry"],"_links":{"self":[{"href":"https:\/\/saint-germain.us\/index.php\/wp-json\/wp\/v2\/pages\/2948","targetHints":{"allow":["GET"]}}],"collection":[{"href":"https:\/\/saint-germain.us\/index.php\/wp-json\/wp\/v2\/pages"}],"about":[{"href":"https:\/\/saint-germain.us\/index.php\/wp-json\/wp\/v2\/types\/page"}],"author":[{"embeddable":true,"href":"https:\/\/saint-germain.us\/index.php\/wp-json\/wp\/v2\/users\/1"}],"replies":[{"embeddable":true,"href":"https:\/\/saint-germain.us\/index.php\/wp-json\/wp\/v2\/comments?post=2948"}],"version-history":[{"count":13,"href":"https:\/\/saint-germain.us\/index.php\/wp-json\/wp\/v2\/pages\/2948\/revisions"}],"predecessor-version":[{"id":3481,"href":"https:\/\/saint-germain.us\/index.php\/wp-json\/wp\/v2\/pages\/2948\/revisions\/3481"}],"wp:attachment":[{"href":"https:\/\/saint-germain.us\/index.php\/wp-json\/wp\/v2\/media?parent=2948"}],"curies":[{"name":"wp","href":"https:\/\/api.w.org\/{rel}","templated":true}]}}