{"id":3245,"date":"2023-09-30T09:52:25","date_gmt":"2023-09-30T07:52:25","guid":{"rendered":"http:\/\/saint-germain.us\/?page_id=3245"},"modified":"2023-09-30T10:04:02","modified_gmt":"2023-09-30T08:04:02","slug":"c35-circuit-le-grand-tour","status":"publish","type":"page","link":"https:\/\/saint-germain.us\/index.php\/c35-circuit-le-grand-tour\/","title":{"rendered":"C35 &#8211; Circuit &#8211; Le grand tour"},"content":{"rendered":"\n<figure class=\"wp-block-table\"><table><tbody><tr><td>Titre<\/td><td>C35 : Le grand tour<\/td><\/tr><tr><td>Longueur<\/td><td>25 km &#8211; 1h40<\/td><\/tr><tr><td>Mode<\/td><td>V\u00e9lo<\/td><\/tr><tr><td>Propos\u00e9 par <\/td><td>Philippe GOUT<\/td><\/tr><tr><td>Lien <\/td><td><a href=\"https:\/\/www.outdooractive.com\/fr\/r\/280175971?share=%7Ezwzk4zye%244ossefy4&amp;utm_source=mail&amp;utm_medium=social&amp;utm_campaign=user-shared-social-content\">Ici<\/a><\/td><\/tr><tr><td>Date de r\u00e9vision<\/td><td>29\/09\/2023<\/td><\/tr><\/tbody><\/table><\/figure>\n\n\n\n<p>Une tr\u00e8s belle balade en v\u00e9lo dans la for\u00eat, pleine de d\u00e9couvertes (Croix, oratoires, pavillon de La Muette)<\/p>\n\n\n<p><span style=\"color: #ff6600;\">Suivre le parcours <strong>\u00ab\u00a0orange\u00a0\u00bb<\/strong> jusqu&rsquo;\u00e0 La Croix de Salomon.<\/span><\/p>\n\n\n<figure class=\"wp-block-image size-large\"><img loading=\"lazy\" decoding=\"async\" width=\"1024\" height=\"618\" src=\"http:\/\/saint-germain.us\/wp-content\/uploads\/2023\/09\/GRD-1024x618.jpg\" alt=\"\" class=\"wp-image-3238\" srcset=\"https:\/\/saint-germain.us\/wp-content\/uploads\/2023\/09\/GRD-1024x618.jpg 1024w, https:\/\/saint-germain.us\/wp-content\/uploads\/2023\/09\/GRD-300x181.jpg 300w, https:\/\/saint-germain.us\/wp-content\/uploads\/2023\/09\/GRD-768x464.jpg 768w, https:\/\/saint-germain.us\/wp-content\/uploads\/2023\/09\/GRD-1536x928.jpg 1536w, https:\/\/saint-germain.us\/wp-content\/uploads\/2023\/09\/GRD-2048x1237.jpg 2048w\" sizes=\"auto, (max-width: 1024px) 100vw, 1024px\" \/><figcaption class=\"wp-element-caption\">Le grand tour (@Philippe GOUT)<\/figcaption><\/figure>\n\n\n\n<figure class=\"wp-block-image size-large\"><img loading=\"lazy\" decoding=\"async\" width=\"932\" height=\"1024\" src=\"http:\/\/saint-germain.us\/wp-content\/uploads\/2023\/09\/Capture-decran-2023-09-30-a-09.37.51-932x1024.png\" alt=\"\" class=\"wp-image-3239\" srcset=\"https:\/\/saint-germain.us\/wp-content\/uploads\/2023\/09\/Capture-decran-2023-09-30-a-09.37.51-932x1024.png 932w, https:\/\/saint-germain.us\/wp-content\/uploads\/2023\/09\/Capture-decran-2023-09-30-a-09.37.51-273x300.png 273w, https:\/\/saint-germain.us\/wp-content\/uploads\/2023\/09\/Capture-decran-2023-09-30-a-09.37.51-768x844.png 768w, https:\/\/saint-germain.us\/wp-content\/uploads\/2023\/09\/Capture-decran-2023-09-30-a-09.37.51-1398x1536.png 1398w, https:\/\/saint-germain.us\/wp-content\/uploads\/2023\/09\/Capture-decran-2023-09-30-a-09.37.51.png 1686w\" sizes=\"auto, (max-width: 932px) 100vw, 932px\" \/><figcaption class=\"wp-element-caption\">D\u00e9but et fin du grand tour (@Philippe GOUT)<\/figcaption><\/figure>\n\n\n\n<p>Petite halte \u00e0 la Mare aux canes ?<\/p>\n\n\n\n<figure class=\"wp-block-image size-large\"><img loading=\"lazy\" decoding=\"async\" width=\"920\" height=\"1024\" src=\"http:\/\/saint-germain.us\/wp-content\/uploads\/2023\/09\/Capture-decran-2023-09-30-a-09.37.30-920x1024.png\" alt=\"\" class=\"wp-image-3240\" srcset=\"https:\/\/saint-germain.us\/wp-content\/uploads\/2023\/09\/Capture-decran-2023-09-30-a-09.37.30-920x1024.png 920w, https:\/\/saint-germain.us\/wp-content\/uploads\/2023\/09\/Capture-decran-2023-09-30-a-09.37.30-270x300.png 270w, https:\/\/saint-germain.us\/wp-content\/uploads\/2023\/09\/Capture-decran-2023-09-30-a-09.37.30-768x855.png 768w, https:\/\/saint-germain.us\/wp-content\/uploads\/2023\/09\/Capture-decran-2023-09-30-a-09.37.30-1380x1536.png 1380w, https:\/\/saint-germain.us\/wp-content\/uploads\/2023\/09\/Capture-decran-2023-09-30-a-09.37.30.png 1666w\" sizes=\"auto, (max-width: 920px) 100vw, 920px\" \/><figcaption class=\"wp-element-caption\">Milieu du grand tour (@Philippe GOUT)<\/figcaption><\/figure>\n\n\n\n<p>\u00c0 La Croix de Salomon, prendre la route du ch\u00eane capitaine&#8230;<\/p>\n\n\n\n<figure class=\"wp-block-image size-large\"><img loading=\"lazy\" decoding=\"async\" width=\"1024\" height=\"848\" src=\"http:\/\/saint-germain.us\/wp-content\/uploads\/2023\/09\/Capture-decran-2023-09-30-a-09.36.55-1024x848.png\" alt=\"\" class=\"wp-image-3241\" srcset=\"https:\/\/saint-germain.us\/wp-content\/uploads\/2023\/09\/Capture-decran-2023-09-30-a-09.36.55-1024x848.png 1024w, https:\/\/saint-germain.us\/wp-content\/uploads\/2023\/09\/Capture-decran-2023-09-30-a-09.36.55-300x249.png 300w, https:\/\/saint-germain.us\/wp-content\/uploads\/2023\/09\/Capture-decran-2023-09-30-a-09.36.55-768x636.png 768w, https:\/\/saint-germain.us\/wp-content\/uploads\/2023\/09\/Capture-decran-2023-09-30-a-09.36.55-1536x1273.png 1536w, https:\/\/saint-germain.us\/wp-content\/uploads\/2023\/09\/Capture-decran-2023-09-30-a-09.36.55-2048x1697.png 2048w\" sizes=\"auto, (max-width: 1024px) 100vw, 1024px\" \/><figcaption class=\"wp-element-caption\">Haut du grand tour, en venant de La Croix de Salomon (@Philippe GOUT) <\/figcaption><\/figure>\n\n\n\n<p>Petite halte au Pavillon de La Muette ?<\/p>\n","protected":false},"excerpt":{"rendered":"<p>Titre C35 : Le grand tour Longueur 25 km &#8211; 1h40 Mode V\u00e9lo Propos\u00e9 par Philippe GOUT Lien Ici Date de r\u00e9vision 29\/09\/2023 Une tr\u00e8s belle balade en v\u00e9lo dans la for\u00eat, pleine de d\u00e9couvertes (Croix, oratoires, pavillon de La Muette) Suivre le parcours \u00ab\u00a0orange\u00a0\u00bb jusqu&rsquo;\u00e0 La Croix de Salomon. Petite halte \u00e0 la Mare [&hellip;]<\/p>\n","protected":false},"author":1,"featured_media":0,"parent":0,"menu_order":0,"comment_status":"closed","ping_status":"closed","template":"","meta":{"footnotes":""},"class_list":["post-3245","page","type-page","status-publish","hentry"],"_links":{"self":[{"href":"https:\/\/saint-germain.us\/index.php\/wp-json\/wp\/v2\/pages\/3245","targetHints":{"allow":["GET"]}}],"collection":[{"href":"https:\/\/saint-germain.us\/index.php\/wp-json\/wp\/v2\/pages"}],"about":[{"href":"https:\/\/saint-germain.us\/index.php\/wp-json\/wp\/v2\/types\/page"}],"author":[{"embeddable":true,"href":"https:\/\/saint-germain.us\/index.php\/wp-json\/wp\/v2\/users\/1"}],"replies":[{"embeddable":true,"href":"https:\/\/saint-germain.us\/index.php\/wp-json\/wp\/v2\/comments?post=3245"}],"version-history":[{"count":7,"href":"https:\/\/saint-germain.us\/index.php\/wp-json\/wp\/v2\/pages\/3245\/revisions"}],"predecessor-version":[{"id":3257,"href":"https:\/\/saint-germain.us\/index.php\/wp-json\/wp\/v2\/pages\/3245\/revisions\/3257"}],"wp:attachment":[{"href":"https:\/\/saint-germain.us\/index.php\/wp-json\/wp\/v2\/media?parent=3245"}],"curies":[{"name":"wp","href":"https:\/\/api.w.org\/{rel}","templated":true}]}}