{"id":3320,"date":"2023-10-07T15:14:20","date_gmt":"2023-10-07T13:14:20","guid":{"rendered":"http:\/\/saint-germain.us\/?page_id=3320"},"modified":"2023-10-07T15:43:42","modified_gmt":"2023-10-07T13:43:42","slug":"c37-circuit-les-arbres-remarquables-en-foret-de-marly","status":"publish","type":"page","link":"https:\/\/saint-germain.us\/index.php\/c37-circuit-les-arbres-remarquables-en-foret-de-marly\/","title":{"rendered":"C37 &#8211; Circuit : Les arbres remarquables en for\u00eat de Marly"},"content":{"rendered":"\n<figure class=\"wp-block-table\"><table><tbody><tr><td>Titre<\/td><td>C37 : Les arbres remarquables en for\u00eat de Marly<\/td><\/tr><tr><td>Longueur<\/td><td>6,8 km &#8211; 2h30<\/td><\/tr><tr><td>Mode<\/td><td>P\u00e9destre<\/td><\/tr><tr><td>Propos\u00e9 par <\/td><td>Les Amis de la for\u00eat de Saint-Germain et de Marly<br>Parcours r\u00e9alis\u00e9 par Alain Gauthier<\/td><\/tr><tr><td>Lien <\/td><td><a href=\"https:\/\/www.outdooractive.com\/fr\/track\/les-arbres-remarquables-en-foret-de-marly-depart-fourqueux\/280841326\/\">Ici<\/a><\/td><\/tr><tr><td>Date de r\u00e9vision<\/td><td>07\/10\/2023<\/td><\/tr><\/tbody><\/table><figcaption class=\"wp-element-caption\">Parcours bleu modifi\u00e9 pour revenir au point de d\u00e9part (@Philippe GOUT)<\/figcaption><\/figure>\n\n\n\n<p><\/p>\n\n\n\n<figure class=\"wp-block-image size-large\"><img loading=\"lazy\" decoding=\"async\" width=\"1024\" height=\"644\" src=\"http:\/\/saint-germain.us\/wp-content\/uploads\/2023\/10\/FDM-1024x644.jpg\" alt=\"\" class=\"wp-image-3325\" srcset=\"https:\/\/saint-germain.us\/wp-content\/uploads\/2023\/10\/FDM-1024x644.jpg 1024w, https:\/\/saint-germain.us\/wp-content\/uploads\/2023\/10\/FDM-300x189.jpg 300w, https:\/\/saint-germain.us\/wp-content\/uploads\/2023\/10\/FDM-768x483.jpg 768w, https:\/\/saint-germain.us\/wp-content\/uploads\/2023\/10\/FDM-1536x965.jpg 1536w, https:\/\/saint-germain.us\/wp-content\/uploads\/2023\/10\/FDM-2048x1287.jpg 2048w\" sizes=\"auto, (max-width: 1024px) 100vw, 1024px\" \/><figcaption class=\"wp-element-caption\">Les arbres remarquables en for\u00eat de Marly<\/figcaption><\/figure>\n\n\n\n<p><strong>Il est difficile de transmettre la splendeur de ces lieux sur des petites photos, n\u00e9anmoins :<\/strong><\/p>\n\n\n\n<p><\/p>\n\n\n\n<figure class=\"wp-block-image aligncenter size-large\"><img loading=\"lazy\" decoding=\"async\" width=\"576\" height=\"1024\" src=\"http:\/\/saint-germain.us\/wp-content\/uploads\/2023\/10\/DSC09329-576x1024.jpg\" alt=\"\" class=\"wp-image-3339\" srcset=\"https:\/\/saint-germain.us\/wp-content\/uploads\/2023\/10\/DSC09329-576x1024.jpg 576w, https:\/\/saint-germain.us\/wp-content\/uploads\/2023\/10\/DSC09329-169x300.jpg 169w, https:\/\/saint-germain.us\/wp-content\/uploads\/2023\/10\/DSC09329-768x1365.jpg 768w, https:\/\/saint-germain.us\/wp-content\/uploads\/2023\/10\/DSC09329-864x1536.jpg 864w, https:\/\/saint-germain.us\/wp-content\/uploads\/2023\/10\/DSC09329-rotated.jpg 1080w\" sizes=\"auto, (max-width: 576px) 100vw, 576px\" \/><figcaption class=\"wp-element-caption\">@Philippe GOUT\n<\/figcaption><\/figure>\n\n\n\n<figure class=\"wp-block-image aligncenter size-large\"><img loading=\"lazy\" decoding=\"async\" width=\"576\" height=\"1024\" src=\"http:\/\/saint-germain.us\/wp-content\/uploads\/2023\/10\/DSC09346-576x1024.jpg\" alt=\"\" class=\"wp-image-3338\" srcset=\"https:\/\/saint-germain.us\/wp-content\/uploads\/2023\/10\/DSC09346-576x1024.jpg 576w, https:\/\/saint-germain.us\/wp-content\/uploads\/2023\/10\/DSC09346-169x300.jpg 169w, https:\/\/saint-germain.us\/wp-content\/uploads\/2023\/10\/DSC09346-768x1365.jpg 768w, https:\/\/saint-germain.us\/wp-content\/uploads\/2023\/10\/DSC09346-864x1536.jpg 864w, https:\/\/saint-germain.us\/wp-content\/uploads\/2023\/10\/DSC09346-rotated.jpg 1080w\" sizes=\"auto, (max-width: 576px) 100vw, 576px\" \/><figcaption class=\"wp-element-caption\">@Philippe GOUT<\/figcaption><\/figure>\n\n\n\n<figure class=\"wp-block-image aligncenter size-large\"><img loading=\"lazy\" decoding=\"async\" width=\"576\" height=\"1024\" src=\"http:\/\/saint-germain.us\/wp-content\/uploads\/2023\/10\/DSC09358-576x1024.jpg\" alt=\"\" class=\"wp-image-3337\" srcset=\"https:\/\/saint-germain.us\/wp-content\/uploads\/2023\/10\/DSC09358-576x1024.jpg 576w, https:\/\/saint-germain.us\/wp-content\/uploads\/2023\/10\/DSC09358-169x300.jpg 169w, https:\/\/saint-germain.us\/wp-content\/uploads\/2023\/10\/DSC09358-768x1365.jpg 768w, https:\/\/saint-germain.us\/wp-content\/uploads\/2023\/10\/DSC09358-864x1536.jpg 864w, https:\/\/saint-germain.us\/wp-content\/uploads\/2023\/10\/DSC09358-rotated.jpg 1080w\" sizes=\"auto, (max-width: 576px) 100vw, 576px\" \/><figcaption class=\"wp-element-caption\">@Philippe GOUT\n<\/figcaption><\/figure>\n\n\n\n<figure class=\"wp-block-image aligncenter size-large\"><img loading=\"lazy\" decoding=\"async\" width=\"1024\" height=\"576\" src=\"http:\/\/saint-germain.us\/wp-content\/uploads\/2023\/10\/DSC09361-1024x576.jpg\" alt=\"\" class=\"wp-image-3336\" srcset=\"https:\/\/saint-germain.us\/wp-content\/uploads\/2023\/10\/DSC09361-1024x576.jpg 1024w, https:\/\/saint-germain.us\/wp-content\/uploads\/2023\/10\/DSC09361-300x169.jpg 300w, https:\/\/saint-germain.us\/wp-content\/uploads\/2023\/10\/DSC09361-768x432.jpg 768w, https:\/\/saint-germain.us\/wp-content\/uploads\/2023\/10\/DSC09361-1536x864.jpg 1536w, https:\/\/saint-germain.us\/wp-content\/uploads\/2023\/10\/DSC09361.jpg 1920w\" sizes=\"auto, (max-width: 1024px) 100vw, 1024px\" \/><figcaption class=\"wp-element-caption\">@Philippe GOUT\n<\/figcaption><\/figure>\n\n\n\n<figure class=\"wp-block-image aligncenter size-large\"><img loading=\"lazy\" decoding=\"async\" width=\"576\" height=\"1024\" src=\"http:\/\/saint-germain.us\/wp-content\/uploads\/2023\/10\/DSC09366-576x1024.jpg\" alt=\"\" class=\"wp-image-3335\" srcset=\"https:\/\/saint-germain.us\/wp-content\/uploads\/2023\/10\/DSC09366-576x1024.jpg 576w, https:\/\/saint-germain.us\/wp-content\/uploads\/2023\/10\/DSC09366-169x300.jpg 169w, https:\/\/saint-germain.us\/wp-content\/uploads\/2023\/10\/DSC09366-768x1365.jpg 768w, https:\/\/saint-germain.us\/wp-content\/uploads\/2023\/10\/DSC09366-864x1536.jpg 864w, https:\/\/saint-germain.us\/wp-content\/uploads\/2023\/10\/DSC09366-rotated.jpg 1080w\" sizes=\"auto, (max-width: 576px) 100vw, 576px\" \/><figcaption class=\"wp-element-caption\">@Philippe GOUT\n<\/figcaption><\/figure>\n\n\n\n<figure class=\"wp-block-image aligncenter size-large\"><img loading=\"lazy\" decoding=\"async\" width=\"576\" height=\"1024\" src=\"http:\/\/saint-germain.us\/wp-content\/uploads\/2023\/10\/DSC09368-576x1024.jpg\" alt=\"\" class=\"wp-image-3334\" srcset=\"https:\/\/saint-germain.us\/wp-content\/uploads\/2023\/10\/DSC09368-576x1024.jpg 576w, https:\/\/saint-germain.us\/wp-content\/uploads\/2023\/10\/DSC09368-169x300.jpg 169w, https:\/\/saint-germain.us\/wp-content\/uploads\/2023\/10\/DSC09368-768x1365.jpg 768w, https:\/\/saint-germain.us\/wp-content\/uploads\/2023\/10\/DSC09368-864x1536.jpg 864w, https:\/\/saint-germain.us\/wp-content\/uploads\/2023\/10\/DSC09368.jpg 1080w\" sizes=\"auto, (max-width: 576px) 100vw, 576px\" \/><figcaption class=\"wp-element-caption\">@Philippe GOUT\n<\/figcaption><\/figure>\n\n\n\n<figure class=\"wp-block-image aligncenter size-large\"><img loading=\"lazy\" decoding=\"async\" width=\"1024\" height=\"576\" src=\"http:\/\/saint-germain.us\/wp-content\/uploads\/2023\/10\/DSC09341-1024x576.jpg\" alt=\"\" class=\"wp-image-3333\" srcset=\"https:\/\/saint-germain.us\/wp-content\/uploads\/2023\/10\/DSC09341-1024x576.jpg 1024w, https:\/\/saint-germain.us\/wp-content\/uploads\/2023\/10\/DSC09341-300x169.jpg 300w, https:\/\/saint-germain.us\/wp-content\/uploads\/2023\/10\/DSC09341-768x432.jpg 768w, https:\/\/saint-germain.us\/wp-content\/uploads\/2023\/10\/DSC09341-1536x864.jpg 1536w, https:\/\/saint-germain.us\/wp-content\/uploads\/2023\/10\/DSC09341.jpg 1920w\" sizes=\"auto, (max-width: 1024px) 100vw, 1024px\" \/><figcaption class=\"wp-element-caption\">@Philippe GOUT\n<\/figcaption><\/figure>\n\n\n\n<figure class=\"wp-block-image aligncenter size-large\"><img loading=\"lazy\" decoding=\"async\" width=\"1024\" height=\"576\" src=\"http:\/\/saint-germain.us\/wp-content\/uploads\/2023\/10\/DSC09339-1024x576.jpg\" alt=\"\" class=\"wp-image-3332\" srcset=\"https:\/\/saint-germain.us\/wp-content\/uploads\/2023\/10\/DSC09339-1024x576.jpg 1024w, https:\/\/saint-germain.us\/wp-content\/uploads\/2023\/10\/DSC09339-300x169.jpg 300w, https:\/\/saint-germain.us\/wp-content\/uploads\/2023\/10\/DSC09339-768x432.jpg 768w, https:\/\/saint-germain.us\/wp-content\/uploads\/2023\/10\/DSC09339-1536x864.jpg 1536w, https:\/\/saint-germain.us\/wp-content\/uploads\/2023\/10\/DSC09339.jpg 1920w\" sizes=\"auto, (max-width: 1024px) 100vw, 1024px\" \/><figcaption class=\"wp-element-caption\">@Philippe GOUT\n<\/figcaption><\/figure>\n\n\n\n<figure class=\"wp-block-image aligncenter size-large\"><img loading=\"lazy\" decoding=\"async\" width=\"576\" height=\"1024\" src=\"http:\/\/saint-germain.us\/wp-content\/uploads\/2023\/10\/DSC09337-576x1024.jpg\" alt=\"\" class=\"wp-image-3331\" srcset=\"https:\/\/saint-germain.us\/wp-content\/uploads\/2023\/10\/DSC09337-576x1024.jpg 576w, https:\/\/saint-germain.us\/wp-content\/uploads\/2023\/10\/DSC09337-169x300.jpg 169w, https:\/\/saint-germain.us\/wp-content\/uploads\/2023\/10\/DSC09337-768x1365.jpg 768w, https:\/\/saint-germain.us\/wp-content\/uploads\/2023\/10\/DSC09337-864x1536.jpg 864w, https:\/\/saint-germain.us\/wp-content\/uploads\/2023\/10\/DSC09337-rotated.jpg 1080w\" sizes=\"auto, (max-width: 576px) 100vw, 576px\" \/><figcaption class=\"wp-element-caption\">@Philippe GOUT\n<\/figcaption><\/figure>\n\n\n\n<figure class=\"wp-block-image aligncenter size-large\"><img loading=\"lazy\" decoding=\"async\" width=\"1024\" height=\"576\" src=\"http:\/\/saint-germain.us\/wp-content\/uploads\/2023\/10\/DSC09335-1024x576.jpg\" alt=\"\" class=\"wp-image-3330\" srcset=\"https:\/\/saint-germain.us\/wp-content\/uploads\/2023\/10\/DSC09335-1024x576.jpg 1024w, https:\/\/saint-germain.us\/wp-content\/uploads\/2023\/10\/DSC09335-300x169.jpg 300w, https:\/\/saint-germain.us\/wp-content\/uploads\/2023\/10\/DSC09335-768x432.jpg 768w, https:\/\/saint-germain.us\/wp-content\/uploads\/2023\/10\/DSC09335-1536x864.jpg 1536w, https:\/\/saint-germain.us\/wp-content\/uploads\/2023\/10\/DSC09335.jpg 1920w\" sizes=\"auto, (max-width: 1024px) 100vw, 1024px\" \/><figcaption class=\"wp-element-caption\">@Philippe GOUT\n<\/figcaption><\/figure>\n\n\n\n<hr class=\"wp-block-separator has-alpha-channel-opacity\"\/>\n\n\n\n<p>Adh\u00e9rer \u00e0 l&rsquo;association des Amis de la for\u00eat de saint-Germain et de Marly : <a href=\"https:\/\/www.amisforetsaintgermainmarly.org\">ICI<\/a><\/p>\n\n\n\n<p><\/p>\n\n\n\n<hr class=\"wp-block-separator has-alpha-channel-opacity\"\/>\n\n\n\n<p>COMMENTAIRES :<a href=\"http:\/\/saint-germain.us\/index.php\/page-d-exemple\/\"> ICI<\/a><\/p>\n\n\n\n<hr class=\"wp-block-separator has-alpha-channel-opacity\"\/>\n","protected":false},"excerpt":{"rendered":"<p>Titre C37 : Les arbres remarquables en for\u00eat de Marly Longueur 6,8 km &#8211; 2h30 Mode P\u00e9destre Propos\u00e9 par Les Amis de la for\u00eat de Saint-Germain et de MarlyParcours r\u00e9alis\u00e9 par Alain Gauthier Lien Ici Date de r\u00e9vision 07\/10\/2023 Parcours bleu modifi\u00e9 pour revenir au point de d\u00e9part (@Philippe GOUT) Il est difficile de transmettre [&hellip;]<\/p>\n","protected":false},"author":1,"featured_media":0,"parent":0,"menu_order":0,"comment_status":"closed","ping_status":"closed","template":"","meta":{"footnotes":""},"class_list":["post-3320","page","type-page","status-publish","hentry"],"_links":{"self":[{"href":"https:\/\/saint-germain.us\/index.php\/wp-json\/wp\/v2\/pages\/3320","targetHints":{"allow":["GET"]}}],"collection":[{"href":"https:\/\/saint-germain.us\/index.php\/wp-json\/wp\/v2\/pages"}],"about":[{"href":"https:\/\/saint-germain.us\/index.php\/wp-json\/wp\/v2\/types\/page"}],"author":[{"embeddable":true,"href":"https:\/\/saint-germain.us\/index.php\/wp-json\/wp\/v2\/users\/1"}],"replies":[{"embeddable":true,"href":"https:\/\/saint-germain.us\/index.php\/wp-json\/wp\/v2\/comments?post=3320"}],"version-history":[{"count":13,"href":"https:\/\/saint-germain.us\/index.php\/wp-json\/wp\/v2\/pages\/3320\/revisions"}],"predecessor-version":[{"id":3349,"href":"https:\/\/saint-germain.us\/index.php\/wp-json\/wp\/v2\/pages\/3320\/revisions\/3349"}],"wp:attachment":[{"href":"https:\/\/saint-germain.us\/index.php\/wp-json\/wp\/v2\/media?parent=3320"}],"curies":[{"name":"wp","href":"https:\/\/api.w.org\/{rel}","templated":true}]}}