{"id":65,"date":"2023-04-29T09:08:58","date_gmt":"2023-04-29T07:08:58","guid":{"rendered":"http:\/\/saint-germain.us\/?page_id=65"},"modified":"2023-08-15T16:25:38","modified_gmt":"2023-08-15T14:25:38","slug":"p19","status":"publish","type":"page","link":"https:\/\/saint-germain.us\/index.php\/p19\/","title":{"rendered":"P19"},"content":{"rendered":"\n<h2 class=\"wp-block-heading\">Le ch\u00e2teau du val<\/h2>\n\n\n\n<hr class=\"wp-block-separator has-alpha-channel-opacity\"\/>\n\n\n<p><span style=\"color: #333399;\">La page pr\u00e9sente :<\/span><\/p>\n<ul>\n<li><span style=\"color: #333399;\">Une vue du ch\u00e2teau,\u00a0<\/span><\/li>\n<li><span style=\"color: #333399;\">Un dessin de l&rsquo;entr\u00e9e c\u00f4t\u00e9 for\u00eat.<\/span><\/li>\n<\/ul>\n<p><span style=\"color: #333399;\">Carte du livre : Au bout de la grande terrasse<\/span><\/p>\n<p><span style=\"color: #333399;\">Adresse : Route foresti\u00e8re<\/span><\/p>\n<p><em><span style=\"color: #333399;\">Vous pouvez ajouter des commentaires en bas de page.<\/span><\/em><\/p>\n\n\n<hr class=\"wp-block-separator has-alpha-channel-opacity\"\/>\n\n\n\n<div style=\"height:18px\" aria-hidden=\"true\" class=\"wp-block-spacer\"><\/div>\n\n\n\n<figure class=\"wp-block-image size-large\"><img loading=\"lazy\" decoding=\"async\" width=\"1024\" height=\"753\" src=\"http:\/\/saint-germain.us\/wp-content\/uploads\/2023\/07\/Chateau-du-Val-1024x753.jpg\" alt=\"\" class=\"wp-image-1248\" srcset=\"https:\/\/saint-germain.us\/wp-content\/uploads\/2023\/07\/Chateau-du-Val-1024x753.jpg 1024w, https:\/\/saint-germain.us\/wp-content\/uploads\/2023\/07\/Chateau-du-Val-300x221.jpg 300w, https:\/\/saint-germain.us\/wp-content\/uploads\/2023\/07\/Chateau-du-Val-768x565.jpg 768w, https:\/\/saint-germain.us\/wp-content\/uploads\/2023\/07\/Chateau-du-Val-1536x1130.jpg 1536w, https:\/\/saint-germain.us\/wp-content\/uploads\/2023\/07\/Chateau-du-Val-2048x1506.jpg 2048w\" sizes=\"auto, (max-width: 1024px) 100vw, 1024px\" \/><figcaption class=\"wp-element-caption\">Ch\u00e2teau du Val (photo@Philippe GOUT)<\/figcaption><\/figure>\n\n\n\n<figure class=\"wp-block-image size-large\"><img loading=\"lazy\" decoding=\"async\" width=\"1024\" height=\"637\" src=\"http:\/\/saint-germain.us\/wp-content\/uploads\/2023\/07\/Chateau-du-Val-1-1024x637.jpg\" alt=\"\" class=\"wp-image-1456\" srcset=\"https:\/\/saint-germain.us\/wp-content\/uploads\/2023\/07\/Chateau-du-Val-1-1024x637.jpg 1024w, https:\/\/saint-germain.us\/wp-content\/uploads\/2023\/07\/Chateau-du-Val-1-300x187.jpg 300w, https:\/\/saint-germain.us\/wp-content\/uploads\/2023\/07\/Chateau-du-Val-1-768x478.jpg 768w, https:\/\/saint-germain.us\/wp-content\/uploads\/2023\/07\/Chateau-du-Val-1-1536x956.jpg 1536w, https:\/\/saint-germain.us\/wp-content\/uploads\/2023\/07\/Chateau-du-Val-1-2048x1274.jpg 2048w\" sizes=\"auto, (max-width: 1024px) 100vw, 1024px\" \/><figcaption class=\"wp-element-caption\">Ch\u00e2teau du Val (Am\u00e9lior\u00e9e@Philippe GOUT)<\/figcaption><\/figure>\n\n\n\n<figure class=\"wp-block-image size-large\"><img loading=\"lazy\" decoding=\"async\" width=\"1024\" height=\"744\" src=\"http:\/\/saint-germain.us\/wp-content\/uploads\/2023\/07\/Sentier-botanique-du-Val-copie-1024x744.jpg\" alt=\"\" class=\"wp-image-1542\" srcset=\"https:\/\/saint-germain.us\/wp-content\/uploads\/2023\/07\/Sentier-botanique-du-Val-copie-1024x744.jpg 1024w, https:\/\/saint-germain.us\/wp-content\/uploads\/2023\/07\/Sentier-botanique-du-Val-copie-300x218.jpg 300w, https:\/\/saint-germain.us\/wp-content\/uploads\/2023\/07\/Sentier-botanique-du-Val-copie-768x558.jpg 768w, https:\/\/saint-germain.us\/wp-content\/uploads\/2023\/07\/Sentier-botanique-du-Val-copie-1536x1116.jpg 1536w, https:\/\/saint-germain.us\/wp-content\/uploads\/2023\/07\/Sentier-botanique-du-Val-copie.jpg 1995w\" sizes=\"auto, (max-width: 1024px) 100vw, 1024px\" \/><figcaption class=\"wp-element-caption\">Sentier botanique du Val (Am\u00e9lior\u00e9e @Philippe GOUT)<\/figcaption><\/figure>\n\n\n\n<p>Le sentier du val est long de 2600 m. Il emprunte des voies foresti\u00e8res accessibles en tout temps. Suivre la salamandre, embl\u00e8me du roi Fran\u00e7ois 1er, grand chasseur en for\u00eat de Saint-Germain.<\/p>\n\n\n\n<hr class=\"wp-block-separator has-alpha-channel-opacity\"\/>\n\n\n\n<div style=\"height:18px\" aria-hidden=\"true\" class=\"wp-block-spacer\"><\/div>\n\n\n\n<figure class=\"wp-block-table\"><table><tbody><tr><td>Sujet <\/td><td>Ch\u00e2teau du Val<\/td><\/tr><tr><td>Lien<\/td><td><a href=\"https:\/\/fr.wikipedia.org\/wiki\/Ch\u00e2teau_du_Val_(Saint-Germain-en-Laye)\">Ici<\/a><\/td><\/tr><tr><td>Origine<\/td><td>Wikip\u00e9dia<\/td><\/tr><tr><td><\/td><td><\/td><\/tr><tr><td>Date de r\u00e9vision<\/td><td>12\/06\/2023<\/td><\/tr><\/tbody><\/table><\/figure>\n\n\n\n<p>Construit pour&nbsp;<a href=\"https:\/\/fr.wikipedia.org\/wiki\/Henri_IV_(roi_de_France)\">Henri&nbsp;<abbr title=\"4\">IV<\/abbr><\/a>, le ch\u00e2teau du Val n&rsquo;est \u00e0 l&rsquo;origine que l&rsquo;un des nombreux&nbsp;<a href=\"https:\/\/fr.wikipedia.org\/wiki\/Pavillon_de_chasse\">relais de chasse<\/a>&nbsp;en&nbsp;<a href=\"https:\/\/fr.wikipedia.org\/wiki\/For%C3%AAt_de_Saint-Germain-en-Laye\">for\u00eat de Saint-Germain<\/a>, \u00e0 l&rsquo;instar du&nbsp;<a href=\"https:\/\/fr.wikipedia.org\/wiki\/Pavillon_de_la_Muette\">pavillon de La Muette<\/a>&nbsp;b\u00e2ti \u00e0 l&rsquo;origine pour&nbsp;<a href=\"https:\/\/fr.wikipedia.org\/wiki\/Fran%C3%A7ois_Ier_(roi_de_France)\">Fran\u00e7ois&nbsp;<abbr title=\"premier\">I<sup>er<\/sup><\/abbr><\/a>. On sait que&nbsp;<a href=\"https:\/\/fr.wikipedia.org\/wiki\/Louis_XIII\">Louis&nbsp;<abbr title=\"13\">XIII<\/abbr><\/a>, compte tenu de sa sant\u00e9 chancelante, a profit\u00e9 du relais du Val comme lieu de promenade o\u00f9 il aimait se rendre. C&rsquo;est d&rsquo;ailleurs lui qui l&rsquo;a fait restaurer, en&nbsp;<a href=\"https:\/\/fr.wikipedia.org\/wiki\/1643\">mai 1643<\/a>. Il y vient pour la derni\u00e8re fois quelques semaines avant sa mort. Contrairement \u00e0 ce qui est parfois indiqu\u00e9, ce n&rsquo;est pas dans le relais du Val que na\u00eet son fils en&nbsp;<a href=\"https:\/\/fr.wikipedia.org\/wiki\/1638\">1638<\/a>, le futur&nbsp;<a href=\"https:\/\/fr.wikipedia.org\/wiki\/Louis_XIV\">Louis&nbsp;<abbr title=\"14\">XIV<\/abbr><\/a>, mais au&nbsp;<a href=\"https:\/\/fr.wikipedia.org\/wiki\/Ch%C3%A2teau_Neuf_de_Saint-Germain-en-Laye\">ch\u00e2teau Neuf de Saint-Germain-en-Laye<\/a><sup><a href=\"https:\/\/fr.wikipedia.org\/wiki\/Ch%C3%A2teau_du_Val_(Saint-Germain-en-Laye)#cite_note-2\">2<\/a><\/sup>.<\/p>\n\n\n\n<p>C&rsquo;est au cours de la premi\u00e8re moiti\u00e9 du r\u00e8gne personnel de Louis&nbsp;XIV&nbsp;que commence une seconde vie pour le relais du Val. Le roi cherche un lieu de r\u00e9sidence s\u00fbr, mais \u00e0 la fois proche de Paris, li\u00e9 pour lui aux troubles de la&nbsp;<a href=\"https:\/\/fr.wikipedia.org\/wiki\/Fronde_(histoire)\">Fronde<\/a>&nbsp;qui l&rsquo;ont traumatis\u00e9 pendant les premi\u00e8res ann\u00e9es de son r\u00e8gne. Le&nbsp;<a href=\"https:\/\/fr.wikipedia.org\/wiki\/22_janvier\">22 janvier<\/a>&nbsp;<a href=\"https:\/\/fr.wikipedia.org\/wiki\/1666\">1666<\/a>, deux jours apr\u00e8s la mort de la&nbsp;<a href=\"https:\/\/fr.wikipedia.org\/wiki\/Liste_des_reines_et_imp%C3%A9ratrices_de_France\">reine m\u00e8re<\/a>,&nbsp;<a href=\"https:\/\/fr.wikipedia.org\/wiki\/Anne_d%27Autriche_(1601-1666)\">Anne d&rsquo;Autriche<\/a>, Louis&nbsp;XIV&nbsp;d\u00e9cide de quitter Paris et fait de&nbsp;<a href=\"https:\/\/fr.wikipedia.org\/wiki\/Saint-Germain-en-Laye\">Saint-Germain-en-Laye<\/a>, o\u00f9 il est n\u00e9, son lieu de r\u00e9sidence principal. Il ne quittera d\u00e9finitivement Saint-Germain pour&nbsp;<a href=\"https:\/\/fr.wikipedia.org\/wiki\/Versailles\">Versailles<\/a>&nbsp;qu&rsquo;en&nbsp;<a href=\"https:\/\/fr.wikipedia.org\/wiki\/1682\">avril 1682<\/a>.<\/p>\n\n\n\n<p>D\u00e8s&nbsp;<a href=\"https:\/\/fr.wikipedia.org\/wiki\/1673\">1673<\/a>, il envisage de faire transformer le relais du Val. C&rsquo;est \u00e0 partir de cette date qu&rsquo;il en fait agrandir les jardins et les abords compris entre le relais lui-m\u00eame et l&rsquo;octogone qui termine la&nbsp;<a href=\"https:\/\/fr.wikipedia.org\/wiki\/Grande_terrasse_de_Saint-Germain-en-Laye\">Grande Terrasse<\/a>. Mais c&rsquo;est vers&nbsp;<a href=\"https:\/\/fr.wikipedia.org\/wiki\/1675\">1675<\/a>&nbsp;que, sur ordre de Louis&nbsp;XIV,&nbsp;<a href=\"https:\/\/fr.wikipedia.org\/wiki\/Jules_Hardouin-Mansart\">Jules Hardouin-Mansart<\/a>&nbsp;remplace la \u00ab&nbsp;simple maison du Val&nbsp;\u00bb par un petit ch\u00e2teau qui termine l&rsquo;am\u00e9nagement de cette all\u00e9e-promenoir que constitue la Grande Terrasse et o\u00f9 le roi pouvait trouver repos et solitude.<\/p>\n\n\n\n<p>Pour Louis&nbsp;XIV, cette construction relativement modeste est l&rsquo;occasion d&rsquo;\u00e9prouver le talent d&rsquo;Hardouin-Mansart, alors \u00e2g\u00e9 d&rsquo;\u00e0 peine&nbsp;30 ans, qu\u2019il fait&nbsp;<a href=\"https:\/\/fr.wikipedia.org\/wiki\/Premier_architecte_du_Roi\">premier architecte<\/a>&nbsp;en&nbsp;<a href=\"https:\/\/fr.wikipedia.org\/wiki\/1681\">1681<\/a>&nbsp;et le surintendant de ses&nbsp;<a href=\"https:\/\/fr.wikipedia.org\/wiki\/B%C3%A2timents_du_roi\">B\u00e2timents<\/a>&nbsp;en&nbsp;<a href=\"https:\/\/fr.wikipedia.org\/wiki\/1699\">1699<\/a>.<\/p>\n\n\n\n<p><a href=\"https:\/\/commons.wikimedia.org\/wiki\/File:Saint_Germain_en_Laye,_Chateau_du_Val,_buste_de_Louis_XIV.jpg?uselang=fr\"><\/a><\/p>\n\n\n\n<p>Buste de Louis&nbsp;XIV&nbsp;situ\u00e9 dans la cour du ch\u00e2teau du Val.<\/p>\n\n\n\n<p>Les travaux de r\u00e9novation du relais du Val, pour en faire un petit ch\u00e2teau, commencent en&nbsp;<a href=\"https:\/\/fr.wikipedia.org\/wiki\/1674\">1674<\/a>&nbsp;ou&nbsp;<a href=\"https:\/\/fr.wikipedia.org\/wiki\/1675\">1675<\/a>. Les plans sont connus par des documents conserv\u00e9s au d\u00e9partement des Estampes de la&nbsp;<a href=\"https:\/\/fr.wikipedia.org\/wiki\/Biblioth%C3%A8que_nationale_de_France\">Biblioth\u00e8que nationale<\/a>. L&rsquo;\u00e9tat du ch\u00e2teau vers la fin du r\u00e8gne de Louis&nbsp;XIV&nbsp;est connu par un relev\u00e9 publi\u00e9 par&nbsp;<a href=\"https:\/\/fr.wikipedia.org\/w\/index.php?title=Jean_Mariette_(graveur)&amp;action=edit&amp;redlink=1\">Jean Mariette<\/a>dans&nbsp;<em>L&rsquo;Architecture fran\u00e7aise<\/em>&nbsp;(<a href=\"https:\/\/fr.wikipedia.org\/wiki\/1727\">1727<\/a>). C&rsquo;est le type parfait de la maison de campagne en rez-de-chauss\u00e9e, qui va se r\u00e9pandre au cours du&nbsp;<a href=\"https:\/\/fr.wikipedia.org\/wiki\/XVIIIe_si%C3%A8cle\"><abbr title=\"18\u1d49 si\u00e8cle\">xviii<sup>e<\/sup><\/abbr>&nbsp;si\u00e8cle<\/a>. \u00c0 l&rsquo;int\u00e9rieur, le&nbsp;<a href=\"https:\/\/fr.wikipedia.org\/wiki\/Vestibule\">vestibule<\/a>&nbsp;central distribue sur la gauche un appartement complet pour le roi et sur la droite quatre salons group\u00e9s autour d&rsquo;un po\u00eale commun.<\/p>\n\n\n\n<p>Les comptes des&nbsp;<a href=\"https:\/\/fr.wikipedia.org\/wiki\/B%C3%A2timents_du_roi\">B\u00e2timents du roi<\/a>&nbsp;mentionnent des d\u00e9penses dans \u00ab&nbsp;le nouveau b\u00e2timent du Val&nbsp;\u00bb en&nbsp;<a href=\"https:\/\/fr.wikipedia.org\/wiki\/1675\">1675<\/a>&nbsp;et&nbsp;<a href=\"https:\/\/fr.wikipedia.org\/wiki\/1676\">1676<\/a>, notamment des paiements aux sculpteurs&nbsp;<a href=\"https:\/\/fr.wikipedia.org\/wiki\/Martin_Desjardins\">Martin Desjardins<\/a>&nbsp;et&nbsp;<a href=\"https:\/\/fr.wikipedia.org\/wiki\/%C3%89tienne_Le_Hongre\">\u00c9tienne Le Hongre<\/a><sup><a href=\"https:\/\/fr.wikipedia.org\/wiki\/Ch%C3%A2teau_du_Val_(Saint-Germain-en-Laye)#cite_note-Montclos635-3\">3<\/a><\/sup>. En revanche, entre&nbsp;<a href=\"https:\/\/fr.wikipedia.org\/wiki\/1679\">1679<\/a>&nbsp;et&nbsp;<a href=\"https:\/\/fr.wikipedia.org\/wiki\/1680\">1680<\/a>, il n&rsquo;est plus question que de la machine en cours de construction par l&rsquo;ing\u00e9nieur&nbsp;<a href=\"https:\/\/fr.wikipedia.org\/wiki\/Arnold_de_Ville\">Arnold de Ville<\/a>&nbsp;et le charpentier&nbsp;<a href=\"https:\/\/fr.wikipedia.org\/wiki\/Rennequin_Sualem\">Rennequin Sualem<\/a>pour \u00e9lever les eaux de la&nbsp;<a href=\"https:\/\/fr.wikipedia.org\/wiki\/Seine\">Seine<\/a>&nbsp;\u00e0 partir du moulin de Pallefour, \u00e0 la hauteur du ch\u00e2teau du Val<sup><a href=\"https:\/\/fr.wikipedia.org\/wiki\/Ch%C3%A2teau_du_Val_(Saint-Germain-en-Laye)#cite_note-Montclos635-3\">3<\/a><\/sup>. Cette machine, qui pr\u00e9figurait celle de&nbsp;<a href=\"https:\/\/fr.wikipedia.org\/wiki\/Machine_de_Marly\">Marly<\/a>, permet notamment d&rsquo;alimenter en eaux les jardins du Val, qui auraient \u00e9t\u00e9 dessin\u00e9s par&nbsp;<a href=\"https:\/\/fr.wikipedia.org\/wiki\/Andr%C3%A9_Le_N%C3%B4tre\">Andr\u00e9 Le N\u00f4tre<\/a>.<\/p>\n\n\n\n<p>Le transfert d\u00e9finitif de la cour \u00e0 Versailles en&nbsp;<a href=\"https:\/\/fr.wikipedia.org\/wiki\/1682\">1682<\/a>&nbsp;entra\u00eene l&rsquo;abandon du ch\u00e2teau du Val, dont l&rsquo;importance \u00e9tait li\u00e9e \u00e0 celui de Saint-Germain-en-Laye. Cet abandon demeure presque total jusqu&rsquo;\u00e0 ce que le prince&nbsp;<a href=\"https:\/\/fr.wikipedia.org\/wiki\/Charles-Juste_de_Beauvau-Craon\">Charles-Juste de Beauvau-Craon<\/a>&nbsp;(1720-1793), futur&nbsp;<a href=\"https:\/\/fr.wikipedia.org\/wiki\/Mar%C3%A9chal_de_France\">mar\u00e9chal de France<\/a>, vienne l&rsquo;habiter au milieu du&nbsp;xviii<sup>e<\/sup>&nbsp;si\u00e8cle<sup><a href=\"https:\/\/fr.wikipedia.org\/wiki\/Aide:R%C3%A9f%C3%A9rence_n%C3%A9cessaire\">[<abbr title=\"r\u00e9f\u00e9rence\">r\u00e9f.<\/abbr>&nbsp;souhait\u00e9e]<\/a><\/sup>. Il le fait transformer vers&nbsp;<a href=\"https:\/\/fr.wikipedia.org\/wiki\/1776\">1776<\/a>&nbsp;par l&rsquo;architecte Galland (sans doute&nbsp;<a href=\"https:\/\/fr.wikipedia.org\/w\/index.php?title=Nicolas_Galland&amp;action=edit&amp;redlink=1\">Nicolas Galland<\/a>). La maison est sur\u00e9lev\u00e9e d&rsquo;un \u00e9tage en&nbsp;<a href=\"https:\/\/fr.wikipedia.org\/wiki\/Attique_(architecture)\">attique<\/a>&nbsp;et un nouveau corps de b\u00e2timent est construit au sud. Les jardins sont trait\u00e9s en&nbsp;<a href=\"https:\/\/fr.wikipedia.org\/wiki\/Jardin_%C3%A0_l%27anglaise\">parc \u00e0 l&rsquo;anglaise<\/a>, peut-\u00eatre par&nbsp;<a href=\"https:\/\/fr.wikipedia.org\/wiki\/Hubert_Robert\">Hubert Robert<\/a><sup><a href=\"https:\/\/fr.wikipedia.org\/wiki\/Ch%C3%A2teau_du_Val_(Saint-Germain-en-Laye)#cite_note-Montclos636-4\">4<\/a><\/sup>, ce que confirme la description tr\u00e8s critique qu&rsquo;en fait le jardinier \u00e9cossais&nbsp;<a href=\"https:\/\/fr.wikipedia.org\/wiki\/Thomas_Blaikie\">Thomas Blaikie<\/a><sup><a href=\"https:\/\/fr.wikipedia.org\/wiki\/Aide:R%C3%A9f%C3%A9rence_n%C3%A9cessaire\">[<abbr title=\"r\u00e9f\u00e9rence\">r\u00e9f.<\/abbr>&nbsp;souhait\u00e9e]<\/a><\/sup>. En&nbsp;<a href=\"https:\/\/fr.wikipedia.org\/wiki\/1778\">1778<\/a>, le prince de Beauvau re\u00e7oit au Val&nbsp;<a href=\"https:\/\/fr.wikipedia.org\/wiki\/Benjamin_Franklin\">Benjamin Franklin<\/a>.<\/p>\n\n\n\n<p>Apr\u00e8s la disparition du prince de Beauvau, mort tranquillement dans son lit en&nbsp;<a href=\"https:\/\/fr.wikipedia.org\/wiki\/1793\">1793<\/a>&nbsp;en pleine&nbsp;<a href=\"https:\/\/fr.wikipedia.org\/wiki\/Terreur_(R%C3%A9volution_fran%C3%A7aise)\">Terreur<\/a>, le ch\u00e2teau passe \u00e0 sa fille issue de son premier mariage,&nbsp;<a href=\"https:\/\/fr.wikipedia.org\/wiki\/Anne-Louise-Marie_de_Beauvau-Craon\">Anne-Louise-Marie<\/a>&nbsp;(1750-1834),&nbsp;<a href=\"https:\/\/fr.wikipedia.org\/wiki\/Duc_de_Mouchy\">duchesse de Mouchy<\/a>&nbsp;par son mariage avec&nbsp;<a href=\"https:\/\/fr.wikipedia.org\/wiki\/Philippe-Louis_de_Noailles\">Philippe-Louis de Noailles<\/a>&nbsp;(1752-1819). Le ch\u00e2teau du Val entre ainsi dans la&nbsp;<a href=\"https:\/\/fr.wikipedia.org\/wiki\/Maison_de_Noailles\">famille de Noailles<\/a>.<\/p>\n\n\n\n<p>Le ch\u00e2teau du Val est transform\u00e9 une nouvelle fois \u00e0 partir de&nbsp;<a href=\"https:\/\/fr.wikipedia.org\/wiki\/1855\">1855<\/a>&nbsp;pour&nbsp;M<sup>me<\/sup>&nbsp;<a href=\"https:\/\/fr.wikipedia.org\/wiki\/Achille_Fould\">Achille Fould<\/a>&nbsp;n\u00e9e Henriette Goldschmidt (1800-1870), femme du ministre de&nbsp;<a href=\"https:\/\/fr.wikipedia.org\/wiki\/Napol%C3%A9on_III\">Napol\u00e9on&nbsp;<abbr title=\"3\">III<\/abbr><\/a>. Les jardins sont refaits par le paysagiste&nbsp;<a href=\"https:\/\/fr.wikipedia.org\/wiki\/Louis-Sulpice_Var%C3%A9\">Louis-Sulpice Var\u00e9<\/a>. La&nbsp;<a href=\"https:\/\/fr.wikipedia.org\/wiki\/Laiterie_(agriculture)\">laiterie<\/a>&nbsp;est construite \u00e0 cette \u00e9poque ou plus tardivement dans la seconde moiti\u00e9 du&nbsp;<a href=\"https:\/\/fr.wikipedia.org\/wiki\/XIXe_si%C3%A8cle\"><abbr title=\"19\u1d49 si\u00e8cle\">xix<sup>e<\/sup><\/abbr>&nbsp;si\u00e8cle<\/a>.<\/p>\n\n\n\n<p>Au tournant du&nbsp;<a href=\"https:\/\/fr.wikipedia.org\/wiki\/XXe_si%C3%A8cle\"><abbr title=\"20\u1d49 si\u00e8cle\">xx<sup>e<\/sup><\/abbr>&nbsp;si\u00e8cle<\/a>, un&nbsp;<a href=\"https:\/\/fr.wikipedia.org\/wiki\/Parterre_(jardinage)\">parterre<\/a>&nbsp;r\u00e9gulier est cr\u00e9\u00e9 devant l&rsquo;aile sud. En&nbsp;<a href=\"https:\/\/fr.wikipedia.org\/wiki\/1927\">1927<\/a>, une partie du parc est lotie et le reste du domaine, ramen\u00e9 \u00e0 trois hectares et demi, est donn\u00e9 \u00e0 la Soci\u00e9t\u00e9 d&rsquo;entraide des membres de la&nbsp;<a href=\"https:\/\/fr.wikipedia.org\/wiki\/Ordre_national_de_la_L%C3%A9gion_d%27honneur\">L\u00e9gion d&rsquo;honneur<\/a>&nbsp;(SMLH). Entre&nbsp;<a href=\"https:\/\/fr.wikipedia.org\/wiki\/1935\">1935<\/a>&nbsp;et&nbsp;<a href=\"https:\/\/fr.wikipedia.org\/wiki\/1939\">1939<\/a>, celle-ci fait reconstruire les communs<sup><a href=\"https:\/\/fr.wikipedia.org\/wiki\/Aide:R%C3%A9f%C3%A9rence_n%C3%A9cessaire\"><abbr title=\"r\u00e9f\u00e9rence\">.<\/abbr><\/a><\/sup> Le ch\u00e2teau devient une r\u00e9sidence pour les membres de la L\u00e9gion d&rsquo;honneur.<\/p>\n\n\n\n<hr class=\"wp-block-separator has-alpha-channel-opacity\"\/>\n\n\n<p>Pr\u00e9c\u00e9demment :<a href=\"http:\/\/saint-germain.us\/index.php\/p18\/\"> Ici<\/a><\/p>\n\n\n<hr class=\"wp-block-separator has-alpha-channel-opacity\"\/>\n\n\n\n<h5 class=\"wp-block-heading\">commentaires :<a href=\"http:\/\/saint-germain.us\/index.php\/page-d-exemple\/\"> ICI<\/a><\/h5>\n\n\n\n<hr class=\"wp-block-separator has-alpha-channel-opacity\"\/>\n","protected":false},"excerpt":{"rendered":"<p>Le ch\u00e2teau du val La page pr\u00e9sente : Une vue du ch\u00e2teau,\u00a0 Un dessin de l&rsquo;entr\u00e9e c\u00f4t\u00e9 for\u00eat. Carte du livre : Au bout de la grande terrasse Adresse : Route foresti\u00e8re Vous pouvez ajouter des commentaires en bas de page. Le sentier du val est long de 2600 m. Il emprunte des voies foresti\u00e8res [&hellip;]<\/p>\n","protected":false},"author":1,"featured_media":0,"parent":0,"menu_order":0,"comment_status":"closed","ping_status":"closed","template":"","meta":{"footnotes":""},"class_list":["post-65","page","type-page","status-publish","hentry"],"_links":{"self":[{"href":"https:\/\/saint-germain.us\/index.php\/wp-json\/wp\/v2\/pages\/65","targetHints":{"allow":["GET"]}}],"collection":[{"href":"https:\/\/saint-germain.us\/index.php\/wp-json\/wp\/v2\/pages"}],"about":[{"href":"https:\/\/saint-germain.us\/index.php\/wp-json\/wp\/v2\/types\/page"}],"author":[{"embeddable":true,"href":"https:\/\/saint-germain.us\/index.php\/wp-json\/wp\/v2\/users\/1"}],"replies":[{"embeddable":true,"href":"https:\/\/saint-germain.us\/index.php\/wp-json\/wp\/v2\/comments?post=65"}],"version-history":[{"count":23,"href":"https:\/\/saint-germain.us\/index.php\/wp-json\/wp\/v2\/pages\/65\/revisions"}],"predecessor-version":[{"id":2553,"href":"https:\/\/saint-germain.us\/index.php\/wp-json\/wp\/v2\/pages\/65\/revisions\/2553"}],"wp:attachment":[{"href":"https:\/\/saint-germain.us\/index.php\/wp-json\/wp\/v2\/media?parent=65"}],"curies":[{"name":"wp","href":"https:\/\/api.w.org\/{rel}","templated":true}]}}