{"id":79,"date":"2023-04-29T09:10:12","date_gmt":"2023-04-29T07:10:12","guid":{"rendered":"http:\/\/saint-germain.us\/?page_id=79"},"modified":"2023-08-09T17:48:47","modified_gmt":"2023-08-09T15:48:47","slug":"p28","status":"publish","type":"page","link":"https:\/\/saint-germain.us\/index.php\/p28\/","title":{"rendered":"P28"},"content":{"rendered":"\n<h2 class=\"wp-block-heading\">Man\u00e8ge royal<\/h2>\n\n\n\n<hr class=\"wp-block-separator has-alpha-channel-opacity\"\/>\n\n\n<p><span style=\"color: #333399;\">La page pr\u00e9sente :<\/span><\/p>\n<ul>\n<li><span style=\"color: #333399;\">L&rsquo;int\u00e9rieur du man\u00e8ge royal,<\/span><\/li>\n<li><span style=\"color: #333399;\">Le cartouche royal.<\/span><\/li>\n<\/ul>\n<p><span style=\"color: #333399;\">Carte du livre : D<\/span><\/p>\n<p><span style=\"color: #333399;\">Adresse : Place royale<\/span><\/p>\n<p><em><span style=\"color: #333399;\">Vous pouvez ajouter des commentaires en bas de page.<\/span><\/em><\/p>\n\n\n<hr class=\"wp-block-separator has-alpha-channel-opacity\"\/>\n\n\n\n<div style=\"height:18px\" aria-hidden=\"true\" class=\"wp-block-spacer\"><\/div>\n\n\n\n<figure class=\"wp-block-image size-large\"><img loading=\"lazy\" decoding=\"async\" width=\"1024\" height=\"576\" src=\"http:\/\/saint-germain.us\/wp-content\/uploads\/2023\/05\/Manege-ext-1024x576.jpg\" alt=\"\" class=\"wp-image-799\" srcset=\"https:\/\/saint-germain.us\/wp-content\/uploads\/2023\/05\/Manege-ext-1024x576.jpg 1024w, https:\/\/saint-germain.us\/wp-content\/uploads\/2023\/05\/Manege-ext-300x169.jpg 300w, https:\/\/saint-germain.us\/wp-content\/uploads\/2023\/05\/Manege-ext-768x432.jpg 768w, https:\/\/saint-germain.us\/wp-content\/uploads\/2023\/05\/Manege-ext-1536x864.jpg 1536w, https:\/\/saint-germain.us\/wp-content\/uploads\/2023\/05\/Manege-ext-2048x1152.jpg 2048w\" sizes=\"auto, (max-width: 1024px) 100vw, 1024px\" \/><figcaption class=\"wp-element-caption\">Le man\u00e8ge royal (@Philippe GOUT)<\/figcaption><\/figure>\n\n\n\n<figure class=\"wp-block-image aligncenter size-large\"><img loading=\"lazy\" decoding=\"async\" width=\"985\" height=\"1024\" src=\"http:\/\/saint-germain.us\/wp-content\/uploads\/2023\/08\/Manege-985x1024.jpg\" alt=\"\" class=\"wp-image-1988\" srcset=\"https:\/\/saint-germain.us\/wp-content\/uploads\/2023\/08\/Manege-985x1024.jpg 985w, https:\/\/saint-germain.us\/wp-content\/uploads\/2023\/08\/Manege-289x300.jpg 289w, https:\/\/saint-germain.us\/wp-content\/uploads\/2023\/08\/Manege-768x799.jpg 768w, https:\/\/saint-germain.us\/wp-content\/uploads\/2023\/08\/Manege-1477x1536.jpg 1477w, https:\/\/saint-germain.us\/wp-content\/uploads\/2023\/08\/Manege-1970x2048.jpg 1970w\" sizes=\"auto, (max-width: 985px) 100vw, 985px\" \/><figcaption class=\"wp-element-caption\">Cartouche royal &#8211; Louis XVIII (@Philippe GOUT)\n<\/figcaption><\/figure>\n\n\n\n<figure class=\"wp-block-image aligncenter size-large\"><img loading=\"lazy\" decoding=\"async\" width=\"1024\" height=\"634\" src=\"http:\/\/saint-germain.us\/wp-content\/uploads\/2023\/08\/Manege-2-1024x634.jpg\" alt=\"\" class=\"wp-image-1989\" srcset=\"https:\/\/saint-germain.us\/wp-content\/uploads\/2023\/08\/Manege-2-1024x634.jpg 1024w, https:\/\/saint-germain.us\/wp-content\/uploads\/2023\/08\/Manege-2-300x186.jpg 300w, https:\/\/saint-germain.us\/wp-content\/uploads\/2023\/08\/Manege-2-768x475.jpg 768w, https:\/\/saint-germain.us\/wp-content\/uploads\/2023\/08\/Manege-2-1536x950.jpg 1536w, https:\/\/saint-germain.us\/wp-content\/uploads\/2023\/08\/Manege-2-2048x1267.jpg 2048w\" sizes=\"auto, (max-width: 1024px) 100vw, 1024px\" \/><figcaption class=\"wp-element-caption\">Vue arri\u00e8re du man\u00e8ge royal (@Philippe GOUT)<\/figcaption><\/figure>\n\n\n\n<hr class=\"wp-block-separator has-alpha-channel-opacity\"\/>\n\n\n\n<div style=\"height:18px\" aria-hidden=\"true\" class=\"wp-block-spacer\"><\/div>\n\n\n\n<figure class=\"wp-block-table\"><table><tbody><tr><td>Sujet <\/td><td>Le man\u00e8ge royal<\/td><\/tr><tr><td>Lien<\/td><td><a href=\"https:\/\/www.saintgermainenlaye.fr\/759\/manege-royal.htm\">Ici<\/a><\/td><\/tr><tr><td>Origine<\/td><td>Mairie de Saint-Germain-en-Laye<\/td><\/tr><tr><td><\/td><td><\/td><\/tr><tr><td>Date de r\u00e9vision<\/td><td>25\/05\/2023<\/td><\/tr><\/tbody><\/table><\/figure>\n\n\n\n<p>La premi\u00e8re pierre a \u00e9t\u00e9 pos\u00e9e le 11 juillet 1816 par le duc Antoine VIII de Gramont, \u00e0 l\u2019emplacement d\u2019un ancien jeu de paume. L\u2019\u00e9difice, remarquable, dispose d\u2019une admirable charpente en bois en forme de coque de bateau invers\u00e9e. Il est class\u00e9 Monument historique en 1993. Un site d\u2019exception.<\/p>\n\n\n\n<hr class=\"wp-block-separator has-alpha-channel-opacity\"\/>\n\n\n\n<h5 class=\"wp-block-heading\">commentaires :<a href=\"http:\/\/saint-germain.us\/index.php\/page-d-exemple\/\"> ICI<\/a><\/h5>\n\n\n\n<hr class=\"wp-block-separator has-alpha-channel-opacity\"\/>\n","protected":false},"excerpt":{"rendered":"<p>Man\u00e8ge royal La page pr\u00e9sente : L&rsquo;int\u00e9rieur du man\u00e8ge royal, Le cartouche royal. Carte du livre : D Adresse : Place royale Vous pouvez ajouter des commentaires en bas de page. Sujet Le man\u00e8ge royal Lien Ici Origine Mairie de Saint-Germain-en-Laye Date de r\u00e9vision 25\/05\/2023 La premi\u00e8re pierre a \u00e9t\u00e9 pos\u00e9e le 11 juillet 1816 [&hellip;]<\/p>\n","protected":false},"author":1,"featured_media":0,"parent":0,"menu_order":0,"comment_status":"closed","ping_status":"closed","template":"","meta":{"footnotes":""},"class_list":["post-79","page","type-page","status-publish","hentry"],"_links":{"self":[{"href":"https:\/\/saint-germain.us\/index.php\/wp-json\/wp\/v2\/pages\/79","targetHints":{"allow":["GET"]}}],"collection":[{"href":"https:\/\/saint-germain.us\/index.php\/wp-json\/wp\/v2\/pages"}],"about":[{"href":"https:\/\/saint-germain.us\/index.php\/wp-json\/wp\/v2\/types\/page"}],"author":[{"embeddable":true,"href":"https:\/\/saint-germain.us\/index.php\/wp-json\/wp\/v2\/users\/1"}],"replies":[{"embeddable":true,"href":"https:\/\/saint-germain.us\/index.php\/wp-json\/wp\/v2\/comments?post=79"}],"version-history":[{"count":7,"href":"https:\/\/saint-germain.us\/index.php\/wp-json\/wp\/v2\/pages\/79\/revisions"}],"predecessor-version":[{"id":2138,"href":"https:\/\/saint-germain.us\/index.php\/wp-json\/wp\/v2\/pages\/79\/revisions\/2138"}],"wp:attachment":[{"href":"https:\/\/saint-germain.us\/index.php\/wp-json\/wp\/v2\/media?parent=79"}],"curies":[{"name":"wp","href":"https:\/\/api.w.org\/{rel}","templated":true}]}}