{"id":87,"date":"2023-04-29T09:11:00","date_gmt":"2023-04-29T07:11:00","guid":{"rendered":"http:\/\/saint-germain.us\/?page_id=87"},"modified":"2023-09-06T08:58:26","modified_gmt":"2023-09-06T06:58:26","slug":"p32","status":"publish","type":"page","link":"https:\/\/saint-germain.us\/index.php\/p32\/","title":{"rendered":"P32"},"content":{"rendered":"\n<h2 class=\"wp-block-heading\">F\u00eate des Loges<\/h2>\n\n\n\n<hr class=\"wp-block-separator has-alpha-channel-opacity\"\/>\n\n\n\n<h5 class=\"wp-block-heading\">visite &amp; calendrier : <a href=\"https:\/\/www.fetedesloges.fr\/#calendrier\">Ici<\/a><\/h5>\n\n\n\n<hr class=\"wp-block-separator has-alpha-channel-opacity\"\/>\n\n\n\n<p><\/p>\n\n\n\n<figure class=\"wp-block-image aligncenter size-large\"><img loading=\"lazy\" decoding=\"async\" width=\"1024\" height=\"684\" src=\"http:\/\/saint-germain.us\/wp-content\/uploads\/2023\/07\/Fete-des-loges-Mairie-1024x684.jpg\" alt=\"\" class=\"wp-image-1429\" srcset=\"https:\/\/saint-germain.us\/wp-content\/uploads\/2023\/07\/Fete-des-loges-Mairie-1024x684.jpg 1024w, https:\/\/saint-germain.us\/wp-content\/uploads\/2023\/07\/Fete-des-loges-Mairie-300x200.jpg 300w, https:\/\/saint-germain.us\/wp-content\/uploads\/2023\/07\/Fete-des-loges-Mairie-768x513.jpg 768w, https:\/\/saint-germain.us\/wp-content\/uploads\/2023\/07\/Fete-des-loges-Mairie-1536x1026.jpg 1536w, https:\/\/saint-germain.us\/wp-content\/uploads\/2023\/07\/Fete-des-loges-Mairie-2048x1368.jpg 2048w\" sizes=\"auto, (max-width: 1024px) 100vw, 1024px\" \/><figcaption class=\"wp-element-caption\">La F\u00eate des loges \u00e0 Saint-Germain-en-Laye &#8211; A.Barbera d&rsquo;apr\u00e8s Gabriel Prieur \/ 1806-1979 &#8211; Huille sur toile 1994 &#8211; H\u00f4tel de Ville (photo@Philippe GOUT)<\/figcaption><\/figure>\n\n\n\n<hr class=\"wp-block-separator has-alpha-channel-opacity\"\/>\n\n\n\n<div style=\"height:18px\" aria-hidden=\"true\" class=\"wp-block-spacer\"><\/div>\n\n\n\n<figure class=\"wp-block-table\"><table><tbody><tr><td>Sujet <\/td><td>F\u00eate des Loges<\/td><\/tr><tr><td>Lien<\/td><td><a href=\"https:\/\/www.fetedesloges.fr\">Ici<\/a><\/td><\/tr><tr><td>Origine<\/td><td>Site officiel de la F\u00eate des Loges<\/td><\/tr><tr><td><\/td><td>Mot du Maire<\/td><\/tr><tr><td>Date de r\u00e9vision<\/td><td>26\/04\/2023<\/td><\/tr><\/tbody><\/table><\/figure>\n\n\n<p>Saint-Germain-en-Laye est une ville d&rsquo;histoire mais aussi une ville qui sait se renouveler en respectant son pass\u00e9 et son identit\u00e9. La F\u00eate des Loges est l&rsquo;illustration parfaite de notre attachement \u00e0 la tradition, puisqu&rsquo;elle se tient depuis 1652, et de notre aspiration \u00e0 la modernit\u00e9. Le monde forain fait chaque ann\u00e9e preuve d&rsquo;imagination pour proposer aux visiteurs des attractions surprenantes dans ce qui est la plus grande f\u00eate foraine estivale de France. C&rsquo;est une immense fiert\u00e9 pour notre ville de l&rsquo;accueillir et d\u2019\u00eatre aux c\u00f4t\u00e9s des forains tout au long de ces sept semaines de r\u00e9jouissance et de divertissement. Chacun retrouvera encore cette ann\u00e9e ce qui fait l&rsquo;essence et la renomm\u00e9e de la F\u00eate des Loges avec son habituelle inauguration, la tr\u00e8s attendue \u00e9lection de la Reine des Loges, la traditionnelle Saint-Fiacre et la gourmande all\u00e9e des cuisines. Comme toujours, le Comit\u00e9 forain et la Ville ont oeuvr\u00e9, c\u00f4te \u00e0 c\u00f4te, pour faire perdurer l&rsquo;esprit de f\u00eate et son caract\u00e8re familial au coeur de notre belle for\u00eat de Saint-Germain-en-Laye. Que la f\u00eate commence !<\/p>\n<p>Arnaud P\u00e9ricard,<br \/>Maire de Saint-Germain-en-Laye<\/p>\n\n\n<hr class=\"wp-block-separator has-alpha-channel-opacity\"\/>\n\n\n\n<h5 class=\"wp-block-heading\">commentaires :<a href=\"http:\/\/saint-germain.us\/index.php\/page-d-exemple\/\"> ICI<\/a><\/h5>\n\n\n\n<hr class=\"wp-block-separator has-alpha-channel-opacity\"\/>\n","protected":false},"excerpt":{"rendered":"<p>F\u00eate des Loges visite &amp; calendrier : Ici Sujet F\u00eate des Loges Lien Ici Origine Site officiel de la F\u00eate des Loges Mot du Maire Date de r\u00e9vision 26\/04\/2023 Saint-Germain-en-Laye est une ville d&rsquo;histoire mais aussi une ville qui sait se renouveler en respectant son pass\u00e9 et son identit\u00e9. La F\u00eate des Loges est l&rsquo;illustration [&hellip;]<\/p>\n","protected":false},"author":1,"featured_media":0,"parent":0,"menu_order":0,"comment_status":"closed","ping_status":"closed","template":"","meta":{"footnotes":""},"class_list":["post-87","page","type-page","status-publish","hentry"],"_links":{"self":[{"href":"https:\/\/saint-germain.us\/index.php\/wp-json\/wp\/v2\/pages\/87","targetHints":{"allow":["GET"]}}],"collection":[{"href":"https:\/\/saint-germain.us\/index.php\/wp-json\/wp\/v2\/pages"}],"about":[{"href":"https:\/\/saint-germain.us\/index.php\/wp-json\/wp\/v2\/types\/page"}],"author":[{"embeddable":true,"href":"https:\/\/saint-germain.us\/index.php\/wp-json\/wp\/v2\/users\/1"}],"replies":[{"embeddable":true,"href":"https:\/\/saint-germain.us\/index.php\/wp-json\/wp\/v2\/comments?post=87"}],"version-history":[{"count":9,"href":"https:\/\/saint-germain.us\/index.php\/wp-json\/wp\/v2\/pages\/87\/revisions"}],"predecessor-version":[{"id":2738,"href":"https:\/\/saint-germain.us\/index.php\/wp-json\/wp\/v2\/pages\/87\/revisions\/2738"}],"wp:attachment":[{"href":"https:\/\/saint-germain.us\/index.php\/wp-json\/wp\/v2\/media?parent=87"}],"curies":[{"name":"wp","href":"https:\/\/api.w.org\/{rel}","templated":true}]}}