{"id":882,"date":"2023-06-01T16:54:25","date_gmt":"2023-06-01T14:54:25","guid":{"rendered":"http:\/\/saint-germain.us\/?page_id=882"},"modified":"2023-08-15T08:26:18","modified_gmt":"2023-08-15T06:26:18","slug":"p50-2","status":"publish","type":"page","link":"https:\/\/saint-germain.us\/index.php\/p50-2\/","title":{"rendered":"P50"},"content":{"rendered":"\n<h2 class=\"wp-block-heading\">STREET ART<\/h2>\n\n\n\n<h5 class=\"wp-block-heading\">RESUME<\/h5>\n\n\n<p><span style=\"color: #333399;\">La page pr\u00e9sente :<\/span><\/p>\n<p><span style=\"color: #333399;\">A gauche, de haut en bas :<\/span><\/p>\n<ul>\n<li><span style=\"color: #333399;\">Henri Cochet, membre des quatre mousquetaires du tennis fran\u00e7ais, surnomm\u00e9 Le magicien. Les autres mousquetaires \u00e9taient Ren\u00e9 Lacoste (\u00ab\u00a0le crocodile\u00a0\u00bb), Jean Borotra (\u00ab\u00a0le basque\u00a0\u00bb) et Jacques Brugon.<\/span><\/li>\n<li><span style=\"color: #333399;\">Henriette Campan, qui fit construire un pensionnat pour jeunes filles d\u00e8s 1794.<\/span><\/li>\n<li><span style=\"color: #333399;\">Fran\u00e7ois 1er, roi de France.<\/span><\/li>\n<li><span style=\"color: #333399;\">Alexandre Dumas, c\u00e9l\u00e8bre \u00e9crivain qui a donn\u00e9 son nom au th\u00e9\u00e2tre de la ville.<\/span><\/li>\n<\/ul>\n<p><span style=\"color: #333399;\">A droite :<\/span><\/p>\n<ul>\n<li><span style=\"color: #333399;\">Claude Debussy, musicien fran\u00e7ais n\u00e9 \u00e0 Saint-Germain-en-Laye qui composa notamment le \u00ab\u00a0<em>Clair de lune<\/em>\u00a0\u00bb , musique utilis\u00e9e dans de nombreux films et \u00e0 un <a href=\"https:\/\/philippegoust.jimdofree.com\/l-ours-de-lune\/\">roman<\/a>.<\/span><\/li>\n<\/ul>\n<p><em><span style=\"color: #333399;\">Vous pouvez ajouter des commentaires en bas de page.<\/span><\/em><\/p>\n\n\n<hr class=\"wp-block-separator has-alpha-channel-opacity\"\/>\n\n\n\n<div style=\"height:18px\" aria-hidden=\"true\" class=\"wp-block-spacer\"><\/div>\n\n\n\n<figure class=\"wp-block-image aligncenter size-large\"><img loading=\"lazy\" decoding=\"async\" width=\"1024\" height=\"576\" src=\"http:\/\/saint-germain.us\/wp-content\/uploads\/2023\/08\/Art-1024x576.jpg\" alt=\"\" class=\"wp-image-2002\" srcset=\"https:\/\/saint-germain.us\/wp-content\/uploads\/2023\/08\/Art-1024x576.jpg 1024w, https:\/\/saint-germain.us\/wp-content\/uploads\/2023\/08\/Art-300x169.jpg 300w, https:\/\/saint-germain.us\/wp-content\/uploads\/2023\/08\/Art-768x432.jpg 768w, https:\/\/saint-germain.us\/wp-content\/uploads\/2023\/08\/Art-1536x864.jpg 1536w, https:\/\/saint-germain.us\/wp-content\/uploads\/2023\/08\/Art-2048x1152.jpg 2048w\" sizes=\"auto, (max-width: 1024px) 100vw, 1024px\" \/><figcaption class=\"wp-element-caption\">Street Art (Am\u00e9lior\u00e9e Philippe GOUT)<\/figcaption><\/figure>\n\n\n\n<figure class=\"wp-block-image aligncenter size-large\"><img loading=\"lazy\" decoding=\"async\" width=\"1024\" height=\"576\" src=\"http:\/\/saint-germain.us\/wp-content\/uploads\/2023\/08\/Street-art-2-1024x576.jpg\" alt=\"\" class=\"wp-image-2013\" srcset=\"https:\/\/saint-germain.us\/wp-content\/uploads\/2023\/08\/Street-art-2-1024x576.jpg 1024w, https:\/\/saint-germain.us\/wp-content\/uploads\/2023\/08\/Street-art-2-300x169.jpg 300w, https:\/\/saint-germain.us\/wp-content\/uploads\/2023\/08\/Street-art-2-768x432.jpg 768w, https:\/\/saint-germain.us\/wp-content\/uploads\/2023\/08\/Street-art-2-1536x864.jpg 1536w, https:\/\/saint-germain.us\/wp-content\/uploads\/2023\/08\/Street-art-2-2048x1152.jpg 2048w\" sizes=\"auto, (max-width: 1024px) 100vw, 1024px\" \/><figcaption class=\"wp-element-caption\">Street Art (@Philippe GOUT) \u00ab\u00a0Street dreams \u00a0\u00bb Osaro 2023<\/figcaption><\/figure>\n\n\n\n<figure class=\"wp-block-image aligncenter size-large\"><img loading=\"lazy\" decoding=\"async\" width=\"576\" height=\"1024\" src=\"http:\/\/saint-germain.us\/wp-content\/uploads\/2023\/07\/Street-art-576x1024.jpg\" alt=\"\" class=\"wp-image-1313\" srcset=\"https:\/\/saint-germain.us\/wp-content\/uploads\/2023\/07\/Street-art-576x1024.jpg 576w, https:\/\/saint-germain.us\/wp-content\/uploads\/2023\/07\/Street-art-169x300.jpg 169w, https:\/\/saint-germain.us\/wp-content\/uploads\/2023\/07\/Street-art-768x1365.jpg 768w, https:\/\/saint-germain.us\/wp-content\/uploads\/2023\/07\/Street-art-864x1536.jpg 864w, https:\/\/saint-germain.us\/wp-content\/uploads\/2023\/07\/Street-art-1152x2048.jpg 1152w, https:\/\/saint-germain.us\/wp-content\/uploads\/2023\/07\/Street-art-scaled.jpg 1440w\" sizes=\"auto, (max-width: 576px) 100vw, 576px\" \/><figcaption class=\"wp-element-caption\">Street Art (@Philippe GOUT)<\/figcaption><\/figure>\n\n\n\n<figure class=\"wp-block-image size-large\"><img loading=\"lazy\" decoding=\"async\" width=\"1024\" height=\"576\" src=\"http:\/\/saint-germain.us\/wp-content\/uploads\/2023\/08\/Rotondes-1024x576.jpg\" alt=\"\" class=\"wp-image-2001\" srcset=\"https:\/\/saint-germain.us\/wp-content\/uploads\/2023\/08\/Rotondes-1024x576.jpg 1024w, https:\/\/saint-germain.us\/wp-content\/uploads\/2023\/08\/Rotondes-300x169.jpg 300w, https:\/\/saint-germain.us\/wp-content\/uploads\/2023\/08\/Rotondes-768x432.jpg 768w, https:\/\/saint-germain.us\/wp-content\/uploads\/2023\/08\/Rotondes-1536x864.jpg 1536w, https:\/\/saint-germain.us\/wp-content\/uploads\/2023\/08\/Rotondes-2048x1152.jpg 2048w\" sizes=\"auto, (max-width: 1024px) 100vw, 1024px\" \/><figcaption class=\"wp-element-caption\">Street Art \u00e0 Bel Air (@Philippe GOUT)<\/figcaption><\/figure>\n\n\n\n<hr class=\"wp-block-separator has-alpha-channel-opacity\"\/>\n\n\n\n<h5 class=\"wp-block-heading\">Visite : <\/h5>\n\n\n\n<p><a href=\"https:\/\/www.saintgermainenlaye.fr\/111-4776\/fiche\/le-street-art-a-saint-germain-en-laye.htm\">Ici<\/a><\/p>\n\n\n\n<hr class=\"wp-block-separator has-alpha-channel-opacity\"\/>\n\n\n\n<div style=\"height:18px\" aria-hidden=\"true\" class=\"wp-block-spacer\"><\/div>\n\n\n\n<figure class=\"wp-block-table\"><table><tbody><tr><td>Sujet <\/td><td>STREET ART<\/td><\/tr><tr><td>Lien<\/td><td><a href=\"https:\/\/www.sortir-yvelines.fr\/Espace-Services\/reseau-ambassadeurs-yvelines\/experiences-ambassadeurs-yvelines\/saint-germain-en-laye-street-art\">Ici<\/a><\/td><\/tr><tr><td>Origine<\/td><td>Sortir en Yvelines<\/td><\/tr><tr><td><\/td><td>L&rsquo;histoire de SG au travers du street art<\/td><\/tr><tr><td>Date de r\u00e9vision<\/td><td>26\/04\/2023<\/td><\/tr><\/tbody><\/table><\/figure>\n\n\n<p>Depuis toujours, l\u2019histoire et l&rsquo;art ont \u00e9t\u00e9 associ\u00e9s \u00e0 Saint-Germain-en-Laye. Aujourd\u2019hui, de nombreuses \u0153uvres de street art dispers\u00e9es dans toute la ville rappellent la richesse historique de la ville. Une petite d\u00e9ambulation dans les rues offre ainsi de jolies rencontres avec les grands personnages saint-germanois de ces derniers si\u00e8cles.<\/p>\n<p>Les traces de l\u2019histoire ne sont pas pr\u00e9sentes que dans les beaux ch\u00e2teaux, les grands monuments et les jolies b\u00e2tisses d\u2019une ville. Elles peuvent aussi se poser sur des supports pour le moins \u00e9tonnants. Sur des armoires \u00e9lectriques ou des murs par exemple. Saint-Germain-en-Laye en est une belle illustration. Depuis plusieurs mois, Artiste Rast dont on peut aussi retrouver un superbe portrait de Raymond Poulidor sur le mur d\u2019un immeuble \u00e0 Saint-Cyr-l\u2019\u00c9cole, s\u2019est attaqu\u00e9 aux armoires \u00e9lectriques de l\u2019hyper-centre avec les portraits de personnages li\u00e9s \u00e0 l\u2019histoire de la ville.&nbsp;\u00c0 travers sa peinture, l\u2019Yvelinois originaire de Guyancourt a la facult\u00e9 de donner vie \u00e0 ses personnages avec parfois des regards qui semblent terriblement r\u00e9els. Ses \u0153uvres viennent s\u2019ajouter \u00e0 celles d\u00e9j\u00e0 r\u00e9alis\u00e9es dans la ville natale de Louis XIV avec notamment une grande fresque de 13 m de hauteur du musicien Claude Debussy.<\/p>\n<p>Ainsi, au fil de sa balade saint-germanoise, le visiteur a l\u2019occasion en scrutant les murs ou les armoires \u00e9lectriques de croiser la route de grands noms :<\/p>\n<ul>\n<li><strong>Louis XIV<\/strong>. Le \u00ab&nbsp;Roi Soleil \u00bb est n\u00e9 au ch\u00e2teau neuf de Saint-Germain, en 1638. Il y passera toutes ses premi\u00e8res ann\u00e9es avant de faire b\u00e2tir le ch\u00e2teau de Versailles. \u2013 \u0152uvre de Artiste Rast, armoire \u00e9lectrique, Place Andr\u00e9-Malraux<\/li>\n<li><strong>Alexandre Dumas<\/strong>. Le c\u00e9l\u00e8bre \u00e9crivain fut commandant de la garde nationale de Saint-Germain puis directeur du th\u00e9\u00e2tre du Sieur Guyot, place Royale. Le th\u00e9\u00e2tre actuel porte son nom depuis janvier 1989. &#8211; \u0152uvre de Artiste Rast, armoire \u00e9lectrique, Rue Alexandre Dumas<\/li>\n<li><strong>Henri II<\/strong>. Fils de Fran\u00e7ois Ier, Henri II est n\u00e9 au Ch\u00e2teau de Saint-Germain en 1519 et fut roi de France de 1547 \u00e0 sa mort. &#8211; \u0152uvre de Artiste Rast, armoire \u00e9lectrique, Rue des B\u00fbcherons<\/li>\n<li><strong>Moli\u00e8re<\/strong>. Il joua pour la premi\u00e8re fois au ch\u00e2teau de Saint-Germain-en-Laye en 1662, invit\u00e9 par Louis XIV. &#8211; \u0152uvre de Artiste Rast, armoire \u00e9lectrique, Rue du Vieil Abreuvoir &nbsp;<\/li>\n<li><strong>Henriette Campan<\/strong>. Elle fit construire \u00e0 Saint-Germain, en 1794, l\u2019Institution nationale de Saint-Germain (rue de Poissy puis \u00e0 l\u2019H\u00f4tel de Rohain), pensionnat pour jeunes filles. Le g\u00e9n\u00e9ral Bonaparte, futur Empereur Napol\u00e9on dont Madame Campan fut tr\u00e8s proche, le visita. \u2013 \u0152uvre de Artiste Rast, armoire \u00e9lectrique, Rue du Docteur Timsit<\/li>\n<li><strong>Jeanne d\u2019Albret<\/strong>. N\u00e9e au ch\u00e2teau de Saint-Germain en 1528, reine de Navarre de 1955 \u00e0 sa mort, ni\u00e8ce de Fran\u00e7ois Ier, m\u00e8re de Henri IV. &#8211; \u0152uvre de Artiste Rast, armoire \u00e9lectrique, Rue d\u2019Hennemont<\/li>\n<li><strong>Henri Cochet<\/strong>. Membre des Quatre Mousquetaires du tennis fran\u00e7ais dans les ann\u00e9es 20 et 30. Quatre fois vainqueur \u00e0 Roland Garros, deux fois \u00e0 Wimbledon et une fois \u00e0 l\u2019US Open. Il finit sa vie \u00e0 Saint-Germain (il est le grand-p\u00e8re maternel du maire Arnaud P\u00e9ricard). \u2013 \u0152uvre de Artiste Rast, armoire \u00e9lectrique, Place de Mareil<\/li>\n<li><strong>Jacques Tati<\/strong>. N\u00e9 au Pecq, le cin\u00e9aste, acteur et r\u00e9alisateur (Les vacances de M. Hulot) v\u00e9cut de nombreuses ann\u00e9es \u00e0 Saint-Germain. Un th\u00e9\u00e2tre de la ville porte son nom. \u2013\u0152uvre de Artiste Rast, armoire \u00e9lectrique, Rue de Gramont<\/li>\n<li><strong>Madame de S\u00e9vign\u00e9<\/strong>. La Marquise, auteure de ses fameuses Lettres, a s\u00e9journ\u00e9 en 1673 en compagnie de Fran\u00e7ois de La Rochefoucauld \u00e0 l\u2019H\u00f4tel de La Rochefoucauld, qui abrite aujourd\u2019hui l\u2019h\u00f4tel de ville. &#8211; \u0152uvre de Artiste Rast, armoire \u00e9lectrique, Rue Thiers<\/li>\n<li><strong>Claude Debussy<\/strong>.Le musicien est n\u00e9 \u00e0 Saint-Germain, rue au Pain, en 1862. M\u00eame si ses parents d\u00e9m\u00e9nag\u00e8rent alors qu\u2019il n\u2019avait que deux ans, il est r\u00e9guli\u00e8rement f\u00eat\u00e9 avec notamment tout un programme autour du centenaire de sa mort, en 2018. &#8211; \u0152uvre de JBC, mur, Rue de la Procession<\/li>\n<li><strong>Maurice Denis<\/strong>. Le peintre du groupe des Nabis, courant post impressionniste, a v\u00e9cu une grande partie de sa vie \u00e0 Saint-Germain, au d\u00e9but du XXe si\u00e8cle. Le <a href=\"https:\/\/www.sortir-yvelines.fr\/Art-et-culture\/Art-et-culture-dans-les-Yvelines\/musee-yvelines\/musee-maurice-denis-saint-germain-en-laye\" target=\"_blank\" rel=\"noopener\">Mus\u00e9e D\u00e9partemental Maurice Denis <\/a>, install\u00e9 dans l\u2019ancien atelier du peintre, rassemble une partie de ses nombreuses \u0153uvres. -\u0152uvre de Jackson Herrera-Kars, local \u00e9lectrique, Rue Saint L\u00e9ger<\/li>\n<\/ul>\n\n\n<hr class=\"wp-block-separator has-alpha-channel-opacity\"\/>\n\n\n\n<h5 class=\"wp-block-heading\">commentaires :<a href=\"http:\/\/saint-germain.us\/index.php\/page-d-exemple\/\"> ICI<\/a><\/h5>\n\n\n\n<hr class=\"wp-block-separator has-alpha-channel-opacity\"\/>\n","protected":false},"excerpt":{"rendered":"<p>STREET ART RESUME La page pr\u00e9sente : A gauche, de haut en bas : Henri Cochet, membre des quatre mousquetaires du tennis fran\u00e7ais, surnomm\u00e9 Le magicien. Les autres mousquetaires \u00e9taient Ren\u00e9 Lacoste (\u00ab\u00a0le crocodile\u00a0\u00bb), Jean Borotra (\u00ab\u00a0le basque\u00a0\u00bb) et Jacques Brugon. Henriette Campan, qui fit construire un pensionnat pour jeunes filles d\u00e8s 1794. Fran\u00e7ois 1er, [&hellip;]<\/p>\n","protected":false},"author":1,"featured_media":0,"parent":0,"menu_order":0,"comment_status":"closed","ping_status":"closed","template":"","meta":{"footnotes":""},"class_list":["post-882","page","type-page","status-publish","hentry"],"_links":{"self":[{"href":"https:\/\/saint-germain.us\/index.php\/wp-json\/wp\/v2\/pages\/882","targetHints":{"allow":["GET"]}}],"collection":[{"href":"https:\/\/saint-germain.us\/index.php\/wp-json\/wp\/v2\/pages"}],"about":[{"href":"https:\/\/saint-germain.us\/index.php\/wp-json\/wp\/v2\/types\/page"}],"author":[{"embeddable":true,"href":"https:\/\/saint-germain.us\/index.php\/wp-json\/wp\/v2\/users\/1"}],"replies":[{"embeddable":true,"href":"https:\/\/saint-germain.us\/index.php\/wp-json\/wp\/v2\/comments?post=882"}],"version-history":[{"count":9,"href":"https:\/\/saint-germain.us\/index.php\/wp-json\/wp\/v2\/pages\/882\/revisions"}],"predecessor-version":[{"id":2501,"href":"https:\/\/saint-germain.us\/index.php\/wp-json\/wp\/v2\/pages\/882\/revisions\/2501"}],"wp:attachment":[{"href":"https:\/\/saint-germain.us\/index.php\/wp-json\/wp\/v2\/media?parent=882"}],"curies":[{"name":"wp","href":"https:\/\/api.w.org\/{rel}","templated":true}]}}