{"id":91,"date":"2023-04-29T09:11:23","date_gmt":"2023-04-29T07:11:23","guid":{"rendered":"http:\/\/saint-germain.us\/?page_id=91"},"modified":"2023-09-05T09:33:27","modified_gmt":"2023-09-05T07:33:27","slug":"p30","status":"publish","type":"page","link":"https:\/\/saint-germain.us\/index.php\/p30\/","title":{"rendered":"P30"},"content":{"rendered":"\n<h2 class=\"wp-block-heading\">L&rsquo;ancien cimeti\u00e8re<\/h2>\n\n\n\n<hr class=\"wp-block-separator has-alpha-channel-opacity\"\/>\n\n\n<p><span style=\"color: #333399;\">La page pr\u00e9sente :<\/span><\/p>\n<ul>\n<li><span style=\"color: #000080;\">L&rsquo;ancien cimeti\u00e8re.<\/span><\/li>\n<\/ul>\n<p><span style=\"color: #333399;\">Carte du livre : B<\/span><\/p>\n<p><span style=\"color: #333399;\">Adresse : 78 bis rue L\u00e9on D\u00e9soyer<\/span><\/p>\n<p><em><span style=\"color: #333399;\">Vous pouvez ajouter des commentaires en bas de page.<\/span><\/em><\/p>\n\n\n<hr class=\"wp-block-separator has-alpha-channel-opacity\"\/>\n\n\n\n<div style=\"height:18px\" aria-hidden=\"true\" class=\"wp-block-spacer\"><\/div>\n\n\n\n<figure class=\"wp-block-image aligncenter size-large\"><img loading=\"lazy\" decoding=\"async\" width=\"576\" height=\"1024\" src=\"http:\/\/saint-germain.us\/wp-content\/uploads\/2023\/08\/Tombe-tati-576x1024.jpg\" alt=\"\" class=\"wp-image-1993\" srcset=\"https:\/\/saint-germain.us\/wp-content\/uploads\/2023\/08\/Tombe-tati-576x1024.jpg 576w, https:\/\/saint-germain.us\/wp-content\/uploads\/2023\/08\/Tombe-tati-169x300.jpg 169w, https:\/\/saint-germain.us\/wp-content\/uploads\/2023\/08\/Tombe-tati-768x1365.jpg 768w, https:\/\/saint-germain.us\/wp-content\/uploads\/2023\/08\/Tombe-tati-864x1536.jpg 864w, https:\/\/saint-germain.us\/wp-content\/uploads\/2023\/08\/Tombe-tati-1152x2048.jpg 1152w, https:\/\/saint-germain.us\/wp-content\/uploads\/2023\/08\/Tombe-tati-scaled.jpg 1440w\" sizes=\"auto, (max-width: 576px) 100vw, 576px\" \/><figcaption class=\"wp-element-caption\">Tombe de \u00ab\u00a0Tati\u00a0\u00bb  (@Philippe GOUT)<\/figcaption><\/figure>\n\n\n\n<figure class=\"wp-block-image size-large\"><img loading=\"lazy\" decoding=\"async\" width=\"1024\" height=\"576\" src=\"http:\/\/saint-germain.us\/wp-content\/uploads\/2023\/08\/Ancien-cim-6-1024x576.jpg\" alt=\"\" class=\"wp-image-1995\" srcset=\"https:\/\/saint-germain.us\/wp-content\/uploads\/2023\/08\/Ancien-cim-6-1024x576.jpg 1024w, https:\/\/saint-germain.us\/wp-content\/uploads\/2023\/08\/Ancien-cim-6-300x169.jpg 300w, https:\/\/saint-germain.us\/wp-content\/uploads\/2023\/08\/Ancien-cim-6-768x432.jpg 768w, https:\/\/saint-germain.us\/wp-content\/uploads\/2023\/08\/Ancien-cim-6-1536x864.jpg 1536w, https:\/\/saint-germain.us\/wp-content\/uploads\/2023\/08\/Ancien-cim-6-2048x1152.jpg 2048w\" sizes=\"auto, (max-width: 1024px) 100vw, 1024px\" \/><figcaption class=\"wp-element-caption\">Tombe du sculpteur Carrier-Belleuse (@Philippe GOUT)<\/figcaption><\/figure>\n\n\n\n<figure class=\"wp-block-image aligncenter size-large\"><img loading=\"lazy\" decoding=\"async\" width=\"1024\" height=\"576\" src=\"http:\/\/saint-germain.us\/wp-content\/uploads\/2023\/05\/Maurice-Denis-tombe-1024x576.jpg\" alt=\"\" class=\"wp-image-816\" srcset=\"https:\/\/saint-germain.us\/wp-content\/uploads\/2023\/05\/Maurice-Denis-tombe-1024x576.jpg 1024w, https:\/\/saint-germain.us\/wp-content\/uploads\/2023\/05\/Maurice-Denis-tombe-300x169.jpg 300w, https:\/\/saint-germain.us\/wp-content\/uploads\/2023\/05\/Maurice-Denis-tombe-768x432.jpg 768w, https:\/\/saint-germain.us\/wp-content\/uploads\/2023\/05\/Maurice-Denis-tombe-1536x864.jpg 1536w, https:\/\/saint-germain.us\/wp-content\/uploads\/2023\/05\/Maurice-Denis-tombe-2048x1152.jpg 2048w\" sizes=\"auto, (max-width: 1024px) 100vw, 1024px\" \/><figcaption class=\"wp-element-caption\">Tombe de Maurice Denis<\/figcaption><\/figure>\n\n\n\n<figure class=\"wp-block-image aligncenter size-large\"><img loading=\"lazy\" decoding=\"async\" width=\"576\" height=\"1024\" src=\"http:\/\/saint-germain.us\/wp-content\/uploads\/2023\/08\/Vieux-cim-5-576x1024.jpg\" alt=\"\" class=\"wp-image-1994\" srcset=\"https:\/\/saint-germain.us\/wp-content\/uploads\/2023\/08\/Vieux-cim-5-576x1024.jpg 576w, https:\/\/saint-germain.us\/wp-content\/uploads\/2023\/08\/Vieux-cim-5-169x300.jpg 169w, https:\/\/saint-germain.us\/wp-content\/uploads\/2023\/08\/Vieux-cim-5-768x1365.jpg 768w, https:\/\/saint-germain.us\/wp-content\/uploads\/2023\/08\/Vieux-cim-5-864x1536.jpg 864w, https:\/\/saint-germain.us\/wp-content\/uploads\/2023\/08\/Vieux-cim-5-1152x2048.jpg 1152w, https:\/\/saint-germain.us\/wp-content\/uploads\/2023\/08\/Vieux-cim-5-scaled.jpg 1440w\" sizes=\"auto, (max-width: 576px) 100vw, 576px\" \/><figcaption class=\"wp-element-caption\">Tombe dans l&rsquo;ancien cimeti\u00e8re (@Philippe GOUT)<\/figcaption><\/figure>\n\n\n\n<figure class=\"wp-block-image size-large\"><img loading=\"lazy\" decoding=\"async\" width=\"1024\" height=\"576\" src=\"http:\/\/saint-germain.us\/wp-content\/uploads\/2023\/08\/aqncien-cim-7-1024x576.jpg\" alt=\"\" class=\"wp-image-1996\" srcset=\"https:\/\/saint-germain.us\/wp-content\/uploads\/2023\/08\/aqncien-cim-7-1024x576.jpg 1024w, https:\/\/saint-germain.us\/wp-content\/uploads\/2023\/08\/aqncien-cim-7-300x169.jpg 300w, https:\/\/saint-germain.us\/wp-content\/uploads\/2023\/08\/aqncien-cim-7-768x432.jpg 768w, https:\/\/saint-germain.us\/wp-content\/uploads\/2023\/08\/aqncien-cim-7-1536x864.jpg 1536w, https:\/\/saint-germain.us\/wp-content\/uploads\/2023\/08\/aqncien-cim-7-2048x1152.jpg 2048w\" sizes=\"auto, (max-width: 1024px) 100vw, 1024px\" \/><figcaption class=\"wp-element-caption\">Tombe dans l&rsquo;ancien cimeti\u00e8re (@Philippe GOUT)<\/figcaption><\/figure>\n\n\n\n<figure class=\"wp-block-image aligncenter size-large\"><img loading=\"lazy\" decoding=\"async\" width=\"576\" height=\"1024\" src=\"http:\/\/saint-germain.us\/wp-content\/uploads\/2023\/08\/Ancien-cim-4-576x1024.jpg\" alt=\"\" class=\"wp-image-1992\" srcset=\"https:\/\/saint-germain.us\/wp-content\/uploads\/2023\/08\/Ancien-cim-4-576x1024.jpg 576w, https:\/\/saint-germain.us\/wp-content\/uploads\/2023\/08\/Ancien-cim-4-169x300.jpg 169w, https:\/\/saint-germain.us\/wp-content\/uploads\/2023\/08\/Ancien-cim-4-768x1365.jpg 768w, https:\/\/saint-germain.us\/wp-content\/uploads\/2023\/08\/Ancien-cim-4-864x1536.jpg 864w, https:\/\/saint-germain.us\/wp-content\/uploads\/2023\/08\/Ancien-cim-4-1152x2048.jpg 1152w, https:\/\/saint-germain.us\/wp-content\/uploads\/2023\/08\/Ancien-cim-4-scaled.jpg 1440w\" sizes=\"auto, (max-width: 576px) 100vw, 576px\" \/><figcaption class=\"wp-element-caption\">Tombe dans l&rsquo;ancien cimeti\u00e8re (@Philippe GOUT)<\/figcaption><\/figure>\n\n\n\n<figure class=\"wp-block-image aligncenter size-large\"><img loading=\"lazy\" decoding=\"async\" width=\"576\" height=\"1024\" src=\"http:\/\/saint-germain.us\/wp-content\/uploads\/2023\/08\/Ancien-cimetiere-3-576x1024.jpg\" alt=\"\" class=\"wp-image-1991\" srcset=\"https:\/\/saint-germain.us\/wp-content\/uploads\/2023\/08\/Ancien-cimetiere-3-576x1024.jpg 576w, https:\/\/saint-germain.us\/wp-content\/uploads\/2023\/08\/Ancien-cimetiere-3-169x300.jpg 169w, https:\/\/saint-germain.us\/wp-content\/uploads\/2023\/08\/Ancien-cimetiere-3-768x1365.jpg 768w, https:\/\/saint-germain.us\/wp-content\/uploads\/2023\/08\/Ancien-cimetiere-3-864x1536.jpg 864w, https:\/\/saint-germain.us\/wp-content\/uploads\/2023\/08\/Ancien-cimetiere-3-1152x2048.jpg 1152w, https:\/\/saint-germain.us\/wp-content\/uploads\/2023\/08\/Ancien-cimetiere-3-scaled.jpg 1440w\" sizes=\"auto, (max-width: 576px) 100vw, 576px\" \/><figcaption class=\"wp-element-caption\">Tombe dans l&rsquo;ancien cimeti\u00e8re (@Philippe GOUT)<\/figcaption><\/figure>\n\n\n\n<figure class=\"wp-block-image size-large\"><img loading=\"lazy\" decoding=\"async\" width=\"1024\" height=\"576\" src=\"http:\/\/saint-germain.us\/wp-content\/uploads\/2023\/08\/Ancien-cimetiere-1024x576.jpg\" alt=\"\" class=\"wp-image-1990\" srcset=\"https:\/\/saint-germain.us\/wp-content\/uploads\/2023\/08\/Ancien-cimetiere-1024x576.jpg 1024w, https:\/\/saint-germain.us\/wp-content\/uploads\/2023\/08\/Ancien-cimetiere-300x169.jpg 300w, https:\/\/saint-germain.us\/wp-content\/uploads\/2023\/08\/Ancien-cimetiere-768x432.jpg 768w, https:\/\/saint-germain.us\/wp-content\/uploads\/2023\/08\/Ancien-cimetiere-1536x864.jpg 1536w, https:\/\/saint-germain.us\/wp-content\/uploads\/2023\/08\/Ancien-cimetiere-2048x1152.jpg 2048w\" sizes=\"auto, (max-width: 1024px) 100vw, 1024px\" \/><figcaption class=\"wp-element-caption\">D\u00e9tail d&rsquo;une tombe<\/figcaption><\/figure>\n\n\n\n<figure class=\"wp-block-image size-large\"><img loading=\"lazy\" decoding=\"async\" width=\"1024\" height=\"576\" src=\"http:\/\/saint-germain.us\/wp-content\/uploads\/2023\/07\/DSC07560-1024x576.jpg\" alt=\"\" class=\"wp-image-1318\" srcset=\"https:\/\/saint-germain.us\/wp-content\/uploads\/2023\/07\/DSC07560-1024x576.jpg 1024w, https:\/\/saint-germain.us\/wp-content\/uploads\/2023\/07\/DSC07560-300x169.jpg 300w, https:\/\/saint-germain.us\/wp-content\/uploads\/2023\/07\/DSC07560-768x432.jpg 768w, https:\/\/saint-germain.us\/wp-content\/uploads\/2023\/07\/DSC07560-1536x864.jpg 1536w, https:\/\/saint-germain.us\/wp-content\/uploads\/2023\/07\/DSC07560-2048x1152.jpg 2048w\" sizes=\"auto, (max-width: 1024px) 100vw, 1024px\" \/><figcaption class=\"wp-element-caption\">Nouveau cimeti\u00e8re (@Philippe GOUT)<\/figcaption><\/figure>\n\n\n\n<hr class=\"wp-block-separator has-alpha-channel-opacity\"\/>\n\n\n\n<div style=\"height:18px\" aria-hidden=\"true\" class=\"wp-block-spacer\"><\/div>\n\n\n\n<figure class=\"wp-block-table\"><table><tbody><tr><td>Sujet <\/td><td>Cimeti\u00e8re ancien<\/td><\/tr><tr><td>Lien<\/td><td><a href=\"https:\/\/fr.wikipedia.org\/wiki\/Cimeti\u00e8re_ancien_de_Saint-Germain-en-Laye\">Ici<\/a><\/td><\/tr><tr><td>Origine<\/td><td>Wikip\u00e9dia<\/td><\/tr><tr><td><\/td><td><\/td><\/tr><tr><td>Date de r\u00e9vision<\/td><td>09\/08\/2023<\/td><\/tr><\/tbody><\/table><\/figure>\n\n\n\n<p>Le&nbsp;22 d\u00e9cembre 1688, le roi&nbsp;Jacques II d&rsquo;Angleterre&nbsp;(Stuart) est chass\u00e9 de&nbsp;Londres&nbsp;et se r\u00e9fugie au&nbsp;<a href=\"http:\/\/saint-germain.us\/index.php\/p10\/\">ch\u00e2teau de Saint-Germain-en-Laye<\/a>. Il est inhum\u00e9 dans l&rsquo;<a href=\"http:\/\/saint-germain.us\/index.php\/p60\/\">\u00e9glise Saint-Germain<\/a>.<\/p>\n\n\n\n<p>Le cimeti\u00e8re a \u00e9t\u00e9 fond\u00e9 en 1774 et ouvert en 1775, et agrandi en 1827 et 1855. Ses s\u00e9pultures anciennes sont dignes d&rsquo;int\u00e9r\u00eat artistique. Des notables de la ville y sont enterr\u00e9s, ainsi que plusieurs personnalit\u00e9s plus contemporaines, comme<a href=\"http:\/\/saint-germain.us\/index.php\/p67\/\">&nbsp;Maurice Denis<\/a>&nbsp;ou&nbsp;<a href=\"https:\/\/fr.wikipedia.org\/wiki\/Jacques_Tati\">Jacques Tati<\/a>.<\/p>\n\n\n\n<p>La division A et la division B regroupent des s\u00e9pultures d&rsquo;Anglais et d&rsquo;Am\u00e9ricains, nombreux ici dans la seconde moiti\u00e9 du&nbsp;xix<sup>e<\/sup>&nbsp;si\u00e8cle. La tombe&nbsp;<a href=\"https:\/\/fr.wikipedia.org\/wiki\/Art_nouveau\">Art nouveau<\/a>&nbsp;d&rsquo;Elizabeth Bond Swan en t\u00e9moigne, ainsi que d&rsquo;autres monuments imposants.<\/p>\n\n\n\n<p>Un monument aux morts de la&nbsp;<a href=\"https:\/\/fr.wikipedia.org\/wiki\/Guerre_de_Crim%C3%A9e\">guerre de Crim\u00e9e<\/a>&nbsp;se dresse au milieu du cimeti\u00e8re en forme de colonne.<\/p>\n\n\n\n<hr class=\"wp-block-separator has-alpha-channel-opacity\"\/>\n\n\n\n<h5 class=\"wp-block-heading\">commentaires :<a href=\"http:\/\/saint-germain.us\/index.php\/page-d-exemple\/\"> ICI<\/a><\/h5>\n\n\n\n<hr class=\"wp-block-separator has-alpha-channel-opacity\"\/>\n","protected":false},"excerpt":{"rendered":"<p>L&rsquo;ancien cimeti\u00e8re La page pr\u00e9sente : L&rsquo;ancien cimeti\u00e8re. Carte du livre : B Adresse : 78 bis rue L\u00e9on D\u00e9soyer Vous pouvez ajouter des commentaires en bas de page. Sujet Cimeti\u00e8re ancien Lien Ici Origine Wikip\u00e9dia Date de r\u00e9vision 09\/08\/2023 Le&nbsp;22 d\u00e9cembre 1688, le roi&nbsp;Jacques II d&rsquo;Angleterre&nbsp;(Stuart) est chass\u00e9 de&nbsp;Londres&nbsp;et se r\u00e9fugie au&nbsp;ch\u00e2teau de Saint-Germain-en-Laye. [&hellip;]<\/p>\n","protected":false},"author":1,"featured_media":0,"parent":0,"menu_order":0,"comment_status":"closed","ping_status":"closed","template":"","meta":{"footnotes":""},"class_list":["post-91","page","type-page","status-publish","hentry"],"_links":{"self":[{"href":"https:\/\/saint-germain.us\/index.php\/wp-json\/wp\/v2\/pages\/91","targetHints":{"allow":["GET"]}}],"collection":[{"href":"https:\/\/saint-germain.us\/index.php\/wp-json\/wp\/v2\/pages"}],"about":[{"href":"https:\/\/saint-germain.us\/index.php\/wp-json\/wp\/v2\/types\/page"}],"author":[{"embeddable":true,"href":"https:\/\/saint-germain.us\/index.php\/wp-json\/wp\/v2\/users\/1"}],"replies":[{"embeddable":true,"href":"https:\/\/saint-germain.us\/index.php\/wp-json\/wp\/v2\/comments?post=91"}],"version-history":[{"count":33,"href":"https:\/\/saint-germain.us\/index.php\/wp-json\/wp\/v2\/pages\/91\/revisions"}],"predecessor-version":[{"id":2728,"href":"https:\/\/saint-germain.us\/index.php\/wp-json\/wp\/v2\/pages\/91\/revisions\/2728"}],"wp:attachment":[{"href":"https:\/\/saint-germain.us\/index.php\/wp-json\/wp\/v2\/media?parent=91"}],"curies":[{"name":"wp","href":"https:\/\/api.w.org\/{rel}","templated":true}]}}