{"id":930,"date":"2023-06-01T17:49:17","date_gmt":"2023-06-01T15:49:17","guid":{"rendered":"http:\/\/saint-germain.us\/?page_id=930"},"modified":"2023-08-12T11:18:49","modified_gmt":"2023-08-12T09:18:49","slug":"p24","status":"publish","type":"page","link":"https:\/\/saint-germain.us\/index.php\/p24\/","title":{"rendered":"P24"},"content":{"rendered":"\n<h2 class=\"wp-block-heading\">Ancien petit h\u00f4tel de Noailles &amp; ancien h\u00f4tel de Madame de Maintenon<\/h2>\n\n\n\n<hr class=\"wp-block-separator has-alpha-channel-opacity\"\/>\n\n\n<p><span style=\"color: #333399;\">La page pr\u00e9sente :<\/span><\/p>\n<ul>\n<li><span style=\"color: #000080;\">Le petit hotel de Noailles,<\/span><\/li>\n<li><span style=\"color: #000080;\">Ancien h\u00f4tel de Madame de Maintenon.<\/span><\/li>\n<\/ul>\n<p><span style=\"color: #333399;\">Cartes du livre : B &amp; D\u00a0<\/span><\/p>\n<p><span style=\"color: #333399;\">Adresse :\u00a0<\/span><\/p>\n<p><em><span style=\"color: #333399;\">Vous pouvez ajouter des commentaires en bas de page.<\/span><\/em><\/p>\n\n\n<hr class=\"wp-block-separator has-alpha-channel-opacity\"\/>\n\n\n\n<div style=\"height:18px\" aria-hidden=\"true\" class=\"wp-block-spacer\"><\/div>\n\n\n\n<figure class=\"wp-block-image size-large\"><img loading=\"lazy\" decoding=\"async\" width=\"1024\" height=\"935\" src=\"http:\/\/saint-germain.us\/wp-content\/uploads\/2023\/07\/hotel-Maintenon-1024x935.jpg\" alt=\"\" class=\"wp-image-1768\" srcset=\"https:\/\/saint-germain.us\/wp-content\/uploads\/2023\/07\/hotel-Maintenon-1024x935.jpg 1024w, https:\/\/saint-germain.us\/wp-content\/uploads\/2023\/07\/hotel-Maintenon-300x274.jpg 300w, https:\/\/saint-germain.us\/wp-content\/uploads\/2023\/07\/hotel-Maintenon-768x702.jpg 768w, https:\/\/saint-germain.us\/wp-content\/uploads\/2023\/07\/hotel-Maintenon.jpg 1052w\" sizes=\"auto, (max-width: 1024px) 100vw, 1024px\" \/><figcaption class=\"wp-element-caption\">Ancien h\u00f4tel de Madame de Maintenon (@Philippe GOUT)<\/figcaption><\/figure>\n\n\n\n<p><\/p>\n\n\n\n<figure class=\"wp-block-table aligncenter\"><table><tbody><tr><td>Sujet <\/td><td>Ancien h\u00f4tel de Madame de Maintenon<\/td><\/tr><tr><td>Lien<\/td><td><a href=\"http:\/\/stgermaincommerce.over-blog.com\/article-hotel-de-madame-de-maintenon-23-rue-du-vieil-abreuvoir-saint-germain-en-laye-108762020.html\">Ici<\/a><\/td><\/tr><tr><td>Origine<\/td><td>Saintgermaincommerce.over-blog<\/td><\/tr><tr><td><\/td><td><\/td><\/tr><tr><td>Date de r\u00e9vision<\/td><td>12\/08\/2023<\/td><\/tr><\/tbody><\/table><\/figure>\n\n\n\n<p>Maison tr\u00e8s modeste initialement,&nbsp;construite apr\u00e8s 1643 puis achet\u00e9e en 1680 par Madame de Maintenon&nbsp;&nbsp;\u00e0 un charpentier du roi nomm\u00e9 Dufat.<\/p>\n\n\n\n<p>Madame de Maintenon&nbsp;alors gouvernante&nbsp;des enfants de Louis XIV&nbsp;et de Madame de Montespan,&nbsp;n\u2019y a pas habit\u00e9&nbsp;car elle vivait \u00e0 cette \u00e9poque aupr\u00e8s du Roi&nbsp;au ch\u00e2teau de Saint Germain, situ\u00e9 \u00e0 proximit\u00e9.<\/p>\n\n\n\n<p>Madame de Maintenon&nbsp;donna la maison&nbsp;\u00e0 sa ni\u00e8ce&nbsp;Marie Christine de Noailles. En 1709, Marie Christine de Noailles&nbsp;la revendit&nbsp;\u00e0 Jean Michel Didier chef du gobelet du roi.<\/p>\n\n\n\n<p>Elle fut probablement reconstruite \u00e0 cette date&nbsp;comme le montre l&rsquo;escalier&nbsp;qui porte les initiales MD. Des volutes ornent la rampe de l&rsquo;escalier ainsi que des palmettes.<\/p>\n\n\n\n<p>En 1880 est construit le balcon qui court sur toute la fa\u00e7ade.<\/p>\n\n\n\n<hr class=\"wp-block-separator has-alpha-channel-opacity\"\/>\n\n\n\n<div style=\"height:18px\" aria-hidden=\"true\" class=\"wp-block-spacer\"><\/div>\n\n\n\n<figure class=\"wp-block-image size-large\"><img loading=\"lazy\" decoding=\"async\" width=\"800\" height=\"1024\" src=\"http:\/\/saint-germain.us\/wp-content\/uploads\/2023\/08\/Petit-hotel-de-Nouailles-800x1024.jpg\" alt=\"\" class=\"wp-image-2341\" srcset=\"https:\/\/saint-germain.us\/wp-content\/uploads\/2023\/08\/Petit-hotel-de-Nouailles-800x1024.jpg 800w, https:\/\/saint-germain.us\/wp-content\/uploads\/2023\/08\/Petit-hotel-de-Nouailles-234x300.jpg 234w, https:\/\/saint-germain.us\/wp-content\/uploads\/2023\/08\/Petit-hotel-de-Nouailles-768x983.jpg 768w, https:\/\/saint-germain.us\/wp-content\/uploads\/2023\/08\/Petit-hotel-de-Nouailles-1200x1536.jpg 1200w, https:\/\/saint-germain.us\/wp-content\/uploads\/2023\/08\/Petit-hotel-de-Nouailles-1599x2048.jpg 1599w, https:\/\/saint-germain.us\/wp-content\/uploads\/2023\/08\/Petit-hotel-de-Nouailles-scaled.jpg 1999w\" sizes=\"auto, (max-width: 800px) 100vw, 800px\" \/><figcaption class=\"wp-element-caption\">Ancien petit h\u00f4tel de Noailles (@Philippe GOUT)\n<\/figcaption><\/figure>\n\n\n\n<div style=\"height:18px\" aria-hidden=\"true\" class=\"wp-block-spacer\"><\/div>\n\n\n\n<figure class=\"wp-block-table\"><table><tbody><tr><td>Sujet <\/td><td>Le petit h\u00f4tel de Noailles<\/td><\/tr><tr><td>Lien<\/td><td>Aucun<\/td><\/tr><tr><td>Origine<\/td><td>Promenade  \u00e0 Saint-Germain-en-Laye &#8211; Autour de la rue de Lorraine<\/td><\/tr><tr><td><\/td><td>Elisabeth Reinhardt &#8211; Isabelle G\u00e9rard<\/td><\/tr><tr><td>Date de r\u00e9vision<\/td><td>12\/08\/2023<\/td><\/tr><\/tbody><\/table><\/figure>\n\n\n\n<p>Le portail de ce bel immeuble du XVIIIe si\u00e8cle affiche fi\u00e8rement\u00ab Petit h\u00f4tel de Noailles \u00bb ainsi que deux dates: 1740 et 1778. La premi\u00e8re est la date de sa construction, la seconde la date du bail de son illustre locataire, le marquis Emmanuel de Noailles (1743-1822), fils de Louis de Noailles gouverneur de Saint-Germain-en-Laye (1743-1793), qui l&rsquo;a lou\u00e9 \u00e0 partir du mois de d\u00e9cembre 1778 pour une dur\u00e9e de 9 ans. Il est parfois confondu avec le v\u00e9ritable h\u00f4tel de Noailles situ\u00e9 rue d&rsquo;Alsace, qui \u00e9tait la propri\u00e9t\u00e9 des mar\u00e9chaux de Noailles depuis sa construction au XVIIe si\u00e8cle. En r\u00e9alit\u00e9, Emmanuel de Noailles, ne l&rsquo;occupa que peu de temps puisqu&rsquo;il fut successivement gouverneur de Vannes et d&rsquo;Auray, ministre pl\u00e9nipotentiaire en Allemagne, puis ambassadeur \u00e0 Londres et \u00e0 Vienne.<\/p>\n\n\n\n<p>Il existait \u00e0 cet emplacement \u00e0 la fin du XVIIe si\u00e8cle, une habitation en tr\u00e8s mauvais \u00e9tat appartenant \u00e0 Jean du Ch\u00e2teau, tailleur de pierre. Cette maison v\u00e9tuste fut vendue \u00e0 Simon Jacques Beaut\u00e9, ma\u00e7on, et d\u00e9molie en 1740 afin d&rsquo;y construire ce bel h\u00f4tel particulier con\u00e7u d\u00e8s l&rsquo;origine pour \u00eatre divis\u00e9 en appartements.<\/p>\n\n\n\n<p>Entre 1740 et 1966, le petit h\u00f4tel de Noailles n&rsquo;a \u00e9t\u00e9 vendu que 7 fois : Simon Beaut\u00e9 le vend en ao\u00fbt 1753 \u00e0 Adrien de Chalons qui ne le conserve qu&rsquo;une ann\u00e9e puisqu&rsquo;il le c\u00e8de le 29 ao\u00fbt 1754 \u00e0 Louis Dennebecq, menuisier des b\u00e2timents du Roi qui travaillait alors au ch\u00e2teau de Marly et au ch\u00e2teau de Saint-Germain-en-Laye. La maison est ensuite vendue par ses h\u00e9ritiers \u00e0 Jean Joseph Lesbros, ma\u00eetre de pension, en mars 1784. Sa veuve la c\u00e8dera \u00e0 Louis et Olympe Liron d&rsquo;Airolles en septembre 1810. Le 5 avril 1829, la maison est vendue par adjudication par les h\u00e9ritiers Liron d&rsquo;Airolles \u00e0 M. Journet. En 1909, le petit h\u00f4tel de Noailles est vendu \u00e0 M. et Mme Lauth puis apr\u00e8s leur d\u00e9c\u00e8s, \u00e0 M. et Mme Philippe Robert de Chi\u00e8vres en 1966. Il est alors divis\u00e9 pour \u00eatre vendu en appartements.<\/p>\n\n\n\n<p>Cet h\u00f4tel particulier a conserv\u00e9 sa structure d&rsquo;origine ainsi qu&rsquo;un bel escalier de pierre et bois. Il a encore ses magnifiques parquets \u00ab\u00a0Versailles\u00a0\u00bb au premier \u00e9tage. Sa grande cour pav\u00e9e s&rsquo;ouvre \u00e0 l&rsquo;arri\u00e8re sur un joli jardin en coeur d&rsquo;ilot.<\/p>\n\n\n\n<hr class=\"wp-block-separator has-alpha-channel-opacity\"\/>\n\n\n\n<h5 class=\"wp-block-heading\">commentaires :<a href=\"http:\/\/saint-germain.us\/index.php\/page-d-exemple\/\"> ICI<\/a><\/h5>\n\n\n\n<hr class=\"wp-block-separator has-alpha-channel-opacity\"\/>\n","protected":false},"excerpt":{"rendered":"<p>Ancien petit h\u00f4tel de Noailles &amp; ancien h\u00f4tel de Madame de Maintenon La page pr\u00e9sente : Le petit hotel de Noailles, Ancien h\u00f4tel de Madame de Maintenon. Cartes du livre : B &amp; D\u00a0 Adresse :\u00a0 Vous pouvez ajouter des commentaires en bas de page. Sujet Ancien h\u00f4tel de Madame de Maintenon Lien Ici Origine [&hellip;]<\/p>\n","protected":false},"author":1,"featured_media":0,"parent":0,"menu_order":0,"comment_status":"closed","ping_status":"closed","template":"","meta":{"footnotes":""},"class_list":["post-930","page","type-page","status-publish","hentry"],"_links":{"self":[{"href":"https:\/\/saint-germain.us\/index.php\/wp-json\/wp\/v2\/pages\/930","targetHints":{"allow":["GET"]}}],"collection":[{"href":"https:\/\/saint-germain.us\/index.php\/wp-json\/wp\/v2\/pages"}],"about":[{"href":"https:\/\/saint-germain.us\/index.php\/wp-json\/wp\/v2\/types\/page"}],"author":[{"embeddable":true,"href":"https:\/\/saint-germain.us\/index.php\/wp-json\/wp\/v2\/users\/1"}],"replies":[{"embeddable":true,"href":"https:\/\/saint-germain.us\/index.php\/wp-json\/wp\/v2\/comments?post=930"}],"version-history":[{"count":10,"href":"https:\/\/saint-germain.us\/index.php\/wp-json\/wp\/v2\/pages\/930\/revisions"}],"predecessor-version":[{"id":2342,"href":"https:\/\/saint-germain.us\/index.php\/wp-json\/wp\/v2\/pages\/930\/revisions\/2342"}],"wp:attachment":[{"href":"https:\/\/saint-germain.us\/index.php\/wp-json\/wp\/v2\/media?parent=930"}],"curies":[{"name":"wp","href":"https:\/\/api.w.org\/{rel}","templated":true}]}}